000
CXUS54 KMAF 012319
CF66R6
PRELIMINARY LOCAL CLIMATOLOGICAL DATA (WS FORM: F-6)
STATION: TERRELL COUNTY AIRPORT
MONTH: JANUARY
YEAR: 2023
LATITUDE: 30 2 N
LONGITUDE: 102 13 W
TEMPERATURE IN F: :PCPN: SNOW: WIND :SUNSHINE: SKY :PK WND
================================================================================
1 2 3 4 5 6A 6B 7 8 9 10 11 12 13 14 15 16 17 18
12Z AVG MX 2MIN
DY MAX MIN AVG DEP HDD CDD WTR SNW DPTH SPD SPD DIR MIN PSBL S-S WX SPD DR
================================================================================
1 78 46 62 14 3 0 0.00 M M 7.6 14 290 M M 0 16 200
2 80 46 63 15 2 0 0.00 M M 10.6 26 340 M M 0 39 210
3 68 41 55 7 10 0 0.00 M M 7.9 23 250 M M 0 33 250
4 72 40 56 8 9 0 0.00 M M 11.0 22 240 M M 0 29 240
5 70 39 55 7 10 0 0.00 M M 4.9 12 300 M M 0 14 300
6 76 39 58 10 7 0 0.00 M M 5.6 13 140 M M 0 17 150
7 70 54 62 14 3 0 0.00 M M 12.1 21 350 M M 0 28 350
8 69 36 53 5 12 0 0.00 M M 5.3 14 130 M M 0 16 130
9 76 43 60 11 5 0 0.00 M M 6.4 14 200 M M 0 23 200
10 81 42 62 13 3 0 0.00 M M 9.7 24 240 M M 0 32 230
11 84 49 67 18 0 2 0.00 M M 11.0 23 340 M M 0 33 360
12 65 40 53 4 12 0 0.00 M M 9.8 28 340 M M 0 41 340
13 64 34 49 0 16 0 0.00 M M 5.9 10 150 M M 0 16 170
14 66 34 50 1 15 0 0.00 M M 6.7 15 130 M M 0 19 120
15 64 38 51 2 14 0 0.00 M M 5.2 10 150 M M 0 15 120
16 75 43 59 10 6 0 0.00 M M 6.2 16 240 M M 0 21 250
17 77 42 60 11 5 0 0.00 M M 6.2 16 340 M M 0 26 350
18 70 40 55 6 10 0 0.00 M M 11.2 29 260 M M 0 41 260
19 65 34 50 0 15 0 0.00 M M 6.6 12 100 M M 0 17 100
20 70 38 54 4 11 0 0.00 M M 7.9 18 120 M M 0 24 120
21 68 36 52 2 13 0 0.00 M M 8.2 21 290 M M 0 30 290
22 62 26 44 -6 21 0 0.00 M M 6.6 16 320 M M 0 23 320
23 M 33 M M M M 0.00 M M 6.1 36 110 M M 0 49 120
24 56 40 48 -2 17 0 0.07 M M 12.0 28 300 M M 0 41 120
25 57 32 45 -5 20 0 0.00 M M 8.0 17 20 M M 0 24 340
26 53 33 43 -7 22 0 0.00 M M 7.7 15 90 M M 0 21 80
27 60 27 44 -7 21 0 0.00 M M 6.9 17 210 M M 0 24 200
28 62 37 50 -1 15 0 0.00 M M 4.7 12 150 M M 0 15 190
29 77 46 62 11 3 0 0.00 M M 6.6 16 60 M M 0 22 120
30 50 31 41 -10 24 0 0.00 M M 13.3 21 20 M M 0 30 20
31 32 29 31 -20 34 0 0.03 M M 12.4 20 10 M M 0 16 27 360
================================================================================
SM 2017 1188 358 2 0.10 M 250.3 M 0
================================================================================
AV 67.2 38.3 8.1 FASTST M M 0 MAX(MPH)
MISC ----> 36 110 49 120
================================================================================
NOTES:
# LAST OF SEVERAL OCCURRENCES
COLUMN 17 PEAK WIND IN M.P.H.
PRELIMINARY LOCAL CLIMATOLOGICAL DATA (WS FORM: F-6) , PAGE 2
STATION: TERRELL COUNTY AIRPORT
MONTH: JANUARY
YEAR: 2023
LATITUDE: 30 2 N
LONGITUDE: 102 13 W
[TEMPERATURE DATA] [PRECIPITATION DATA] SYMBOLS USED IN COLUMN 16
AVERAGE MONTHLY: 52.8 TOTAL FOR MONTH: 0.10 1 = FOG OR MIST
DPTR FM NORMAL: 3.4 DPTR FM NORMAL: -0.56 2 = FOG REDUCING VISIBILITY
HIGHEST: 84 ON 11 GRTST 24HR 0.08 ON 23-24 TO 1/4 MILE OR LESS
LOWEST: 26 ON 22 3 = THUNDER
SNOW, ICE PELLETS, HAIL 4 = ICE PELLETS
TOTAL MONTH: M 5 = HAIL
GRTST 24HR M ON M 6 = FREEZING RAIN OR DRIZZLE
GRTST DEPTH: M ON M 7 = DUSTSTORM OR SANDSTORM:
VSBY 1/2 MILE OR LESS
8 = SMOKE OR HAZE
[NO. OF DAYS WITH] [WEATHER - DAYS WITH] 9 = BLOWING SNOW
X = TORNADO
MAX 32 OR BELOW: 1 0.01 INCH OR MORE: 2
MAX 90 OR ABOVE: 0 0.10 INCH OR MORE: 0
MIN 32 OR BELOW: 5 0.50 INCH OR MORE: 0
MIN 0 OR BELOW: 0 1.00 INCH OR MORE: 0
[HDD (BASE 65) ]
TOTAL THIS MO. 358 CLEAR (SCALE 0-3) 31
DPTR FM NORMAL -126 PTCLDY (SCALE 4-7) 0
TOTAL FM JUL 1 1194 CLOUDY (SCALE 8-10) 0
DPTR FM NORMAL -38
[CDD (BASE 65) ]
TOTAL THIS MO. 2
DPTR FM NORMAL 1 [PRESSURE DATA]
TOTAL FM JAN 1 2 HIGHEST SLP 30.43 ON 26
DPTR FM NORMAL 1 LOWEST SLP 29.65 ON 17
[REMARKS]
#FINAL-01-23#