000
CXUS54 KFWD 110348
CF6ACT
PRELIMINARY LOCAL CLIMATOLOGICAL DATA (WS FORM: F-6)
STATION: WACO
MONTH: DECEMBER
YEAR: 2022
LATITUDE: 31 37 N
LONGITUDE: 97 13 W
TEMPERATURE IN F: :PCPN: SNOW: WIND :SUNSHINE: SKY :PK WND
================================================================================
1 2 3 4 5 6A 6B 7 8 9 10 11 12 13 14 15 16 17 18
12Z AVG MX 2MIN
DY MAX MIN AVG DEP HDD CDD WTR SNW DPTH SPD SPD DIR MIN PSBL S-S WX SPD DR
================================================================================
1 53 31 42 -10 23 0 T 0.0 0 7.0 17 140 M M 5 22 130
2 69 48 59 7 6 0 0.01 0.0 0 11.3 20 190 M M 9 1 27 190
3 64 51 58 6 7 0 0.00 0.0 0 10.9 23 360 M M 10 31 330
4 56 49 53 1 12 0 T 0.0 0 4.1 10 360 M M 10 1 15 350
5 78 54 66 15 0 1 0.00 0.0 0 11.5 23 190 M M 6 1 34 200
6 77 62 70 19 0 5 0.00 0.0 0 9.5 20 200 M M 4 26 230
7 78 67 73 22 0 8 0.00 0.0 0 10.3 21 170 M M 7 1 26 170
8 79 63 71 20 0 6 0.00 0.0 0 7.8 18 200 M M 8 24 210
9 78 59 69 19 0 4 0.00 0.0 0 5.9 15 190 M M 5 1 22 180
10 76 60 68 18 0 3 0.27 0.0 0 9.1 20 350 M M 10 1 25 10
11 64 54 59 9 6 0 0.06 0.0 0 7.8 21 340 M M 10 13 28 340
12 67 57 62 12 3 0 T 0.0 0 11.7 24 150 M M 10 1 32 140
13 72 52 62 12 3 0 0.05 0.0 0 9.5 26 170 M M 9 3 36 160
14 64 32 48 -1 17 0 0.01 0.0 0 8.6 21 300 M M 4 3 33 290
15 57 29 43 -6 22 0 0.00 0.0 0 4.4 8 350 M M 0 12 20
16 46 32 39 -10 26 0 0.05 0.0 0 6.2 17 10 M M 4 1 22 360
17 55 27 41 -8 24 0 0.00 0.0 0 6.2 15 340 M M 1 18 24 330
18 56 23 40 -8 25 0 0.00 0.0 0 6.5 16 130 M M 3 18 21 120
19 49 42 46 -2 19 0 0.09 0.0 0 6.0 14 130 M M 10 13 18 110
20 54 33 44 -4 21 0 0.01 0.0 0 6.9 16 10 M M 8 1 21 20
21 48 31 40 -8 25 0 0.00 0.0 0 7.5 18 170 M M 2 1 22 170
22 44 12 28 -20 37 0 T T 0 17.9 32 340 M M 7 1 45 330
23 29 11 20 -28 45 0 0.00 0.0 0 13.8 23 340 M M 0 32 340
24 39 17 28 -20 37 0 0.00 0.0 0 3.7 10 360 M M 2 14 360
25 51 16 34 -14 31 0 0.00 0.0 0 6.3 14 200 M M 0 20 220
26 61 21 41 -6 24 0 0.00 0.0 0 7.7 17 360 M M 0 24 350
27 52 20 36 -11 29 0 0.00 0.0 0 8.1 15 170 M M 0 21 190
28 73 38 56 9 9 0 0.00 0.0 0 14.6 26 180 M M 0 36 200
29 77 53 65 18 0 0 0.00 0.0 0 10.7 24 180 M M 5 1 34 180
30 63 40 52 5 13 0 T 0.0 0 4.2 14 190 M M 6 19 190
31 77 40 59 12 6 0 0.00 0.0 0 8.8 25 230 M M 2 37 220
================================================================================
SM 1906 1224 470 27 0.55 T 264.5 M 157
================================================================================
AV 61.5 39.5 8.5 FASTST M M 5 MAX(MPH)
MISC ----> 32 340 45 330
================================================================================
NOTES:
# LAST OF SEVERAL OCCURRENCES
COLUMN 17 PEAK WIND IN M.P.H.
PRELIMINARY LOCAL CLIMATOLOGICAL DATA (WS FORM: F-6) , PAGE 2
STATION: WACO
MONTH: DECEMBER
YEAR: 2022
LATITUDE: 31 37 N
LONGITUDE: 97 13 W
[TEMPERATURE DATA] [PRECIPITATION DATA] SYMBOLS USED IN COLUMN 16
AVERAGE MONTHLY: 50.5 TOTAL FOR MONTH: 0.55 1 = FOG OR MIST
DPTR FM NORMAL: 1.3 DPTR FM NORMAL: -2.32 2 = FOG REDUCING VISIBILITY
HIGHEST: 79 ON 8 GRTST 24HR 0.33 ON 10-11 TO 1/4 MILE OR LESS
LOWEST: 11 ON 23 3 = THUNDER
SNOW, ICE PELLETS, HAIL 4 = ICE PELLETS
TOTAL MONTH: T 5 = HAIL
GRTST 24HR T ON 22-22 6 = FREEZING RAIN OR DRIZZLE
GRTST DEPTH: 0 7 = DUSTSTORM OR SANDSTORM:
VSBY 1/2 MILE OR LESS
8 = SMOKE OR HAZE
[NO. OF DAYS WITH] [WEATHER - DAYS WITH] 9 = BLOWING SNOW
X = TORNADO
MAX 32 OR BELOW: 1 0.01 INCH OR MORE: 8
MAX 90 OR ABOVE: 0 0.10 INCH OR MORE: 1
MIN 32 OR BELOW: 13 0.50 INCH OR MORE: 0
MIN 0 OR BELOW: 0 1.00 INCH OR MORE: 0
[HDD (BASE 65) ]
TOTAL THIS MO. 470 CLEAR (SCALE 0-3) 10
DPTR FM NORMAL -28 PTCLDY (SCALE 4-7) 12
TOTAL FM JUL 1 860 CLOUDY (SCALE 8-10) 9
DPTR FM NORMAL 27
[CDD (BASE 65) ]
TOTAL THIS MO. 27
DPTR FM NORMAL 20 [PRESSURE DATA]
TOTAL FM JAN 1 3629 HIGHEST SLP 30.83 ON 23
DPTR FM NORMAL 760 LOWEST SLP 29.65 ON 13
[REMARKS]
#FINAL-12-22#