000
CXUS54 KFWD 041033
CF6ACT
PRELIMINARY LOCAL CLIMATOLOGICAL DATA (WS FORM: F-6)
STATION: WACO
MONTH: SEPTEMBER
YEAR: 2023
LATITUDE: 31 37 N
LONGITUDE: 97 13 W
TEMPERATURE IN F: :PCPN: SNOW: WIND :SUNSHINE: SKY :PK WND
================================================================================
1 2 3 4 5 6A 6B 7 8 9 10 11 12 13 14 15 16 17 18
12Z AVG MX 2MIN
DY MAX MIN AVG DEP HDD CDD WTR SNW DPTH SPD SPD DIR MIN PSBL S-S WX SPD DR
================================================================================
1 100 72 86 3 0 21 0.00 0.0 0 6.4 13 110 M M 0 17 100
2 102 68 85 3 0 20 0.00 0.0 0 4.8 12 70 M M 0 16 160
3 102 76 89 7 0 24 0.16 0.0 0 10.6 31 160 M M 1 38 43 160
4 100 78 89 7 0 24 0.00 0.0 0 12.5 21 170 M M 0 27 180
5 103 80 92 10 0 27 0.00 0.0 0 13.6 23 170 M M 1 33 170
6 104 77 91 9 0 26 0.00 0.0 0 9.1 22 180 M M 0 29 180
7 106 80 93 12 0 28 0.00 0.0 0 7.4 14 220 M M 0 20 170
8 108 76 92 11 0 27 0.00 0.0 0 9.9 23 130 M M 0 29 150
9 104 80 92 11 0 27 0.00 0.0 0 11.6 20 150 M M 1 27 120
10 97 70 84 4 0 19 0.00 0.0 0 5.4 14 90 M M 0 24 80
11 95 69 82 2 0 17 T 0.0 0 8.5 18 330 M M 0 25 330
12 94 72 83 3 0 18 0.08 0.0 0 8.0 18 350 M M 0 24 360
13 80 70 75 -5 0 10 0.16 0.0 0 4.7 13 340 M M 7 1 15 340
14 81 70 76 -3 0 11 1.27 0.0 0 6.3 14 20 M M 8 13 18 20
15 83 69 76 -3 0 11 0.40 0.0 0 4.4 14 330 M M 5 13 18 330
16 86 69 78 -1 0 13 0.12 0.0 0 4.0 12 350 M M 4 1238 15 360
17 91 67 79 1 0 14 0.00 0.0 0 4.7 14 10 M M 0 1 19 340
18 94 61 78 0 0 13 0.00 0.0 0 4.5 12 150 M M 0 16 150
19 95 73 84 6 0 19 0.00 0.0 0 14.2 22 160 M M 1 28 160
20 97 73 85 7 0 20 0.00 0.0 0 14.9 25 180 M M 0 32 160
21 96 76 86 9 0 21 0.00 0.0 0 10.4 17 170 M M 1 23 170
22 97 76 87 10 0 22 0.00 0.0 0 12.5 20 180 M M 0 25 190
23 99 77 88 11 0 23 0.00 0.0 0 13.8 20 180 M M 0 29 180
24 102 73 88 12 0 23 1.15 0.0 0 12.7 39 180 M M 2 13 59 240
25 90 72 81 5 0 16 0.00 0.0 0 5.1 20 190 M M 4 3 27 210
26 93 71 82 6 0 17 0.00 0.0 0 4.9 13 60 M M 0 20 70
27 95 68 82 7 0 17 0.00 0.0 0 2.9 9 40 M M 1 13 130
28 94 70 82 7 0 17 0.00 0.0 0 5.7 14 150 M M 0 20 170
29 93 70 82 7 0 17 0.00 0.0 0 6.4 15 110 M M 1 20 190
30 94 68 81 7 0 16 0.00 0.0 0 6.6 16 160 M M 0 21 160
================================================================================
SM 2875 2171 0 578 3.34 0.0 246.5 M 37
================================================================================
AV 95.8 72.4 8.2 FASTST M M 1 MAX(MPH)
MISC ----> 39 180 59 240
================================================================================
NOTES:
# LAST OF SEVERAL OCCURRENCES
COLUMN 17 PEAK WIND IN M.P.H.
PRELIMINARY LOCAL CLIMATOLOGICAL DATA (WS FORM: F-6) , PAGE 2
STATION: WACO
MONTH: SEPTEMBER
YEAR: 2023
LATITUDE: 31 37 N
LONGITUDE: 97 13 W
[TEMPERATURE DATA] [PRECIPITATION DATA] SYMBOLS USED IN COLUMN 16
AVERAGE MONTHLY: 84.1 TOTAL FOR MONTH: 3.34 1 = FOG OR MIST
DPTR FM NORMAL: 5.4 DPTR FM NORMAL: 0.47 2 = FOG REDUCING VISIBILITY
HIGHEST: 108 ON 8 GRTST 24HR 1.28 ON 13-14 TO 1/4 MILE OR LESS
LOWEST: 61 ON 18 3 = THUNDER
SNOW, ICE PELLETS, HAIL 4 = ICE PELLETS
TOTAL MONTH: 0.0 INCH 5 = HAIL
GRTST 24HR 0.0 6 = FREEZING RAIN OR DRIZZLE
GRTST DEPTH: 0 7 = DUSTSTORM OR SANDSTORM:
VSBY 1/2 MILE OR LESS
8 = SMOKE OR HAZE
[NO. OF DAYS WITH] [WEATHER - DAYS WITH] 9 = BLOWING SNOW
X = TORNADO
MAX 32 OR BELOW: 0 0.01 INCH OR MORE: 7
MAX 90 OR ABOVE: 26 0.10 INCH OR MORE: 6
MIN 32 OR BELOW: 0 0.50 INCH OR MORE: 2
MIN 0 OR BELOW: 0 1.00 INCH OR MORE: 2
[HDD (BASE 65) ]
TOTAL THIS MO. 0 CLEAR (SCALE 0-3) 25
DPTR FM NORMAL -3 PTCLDY (SCALE 4-7) 5
TOTAL FM JUL 1 0 CLOUDY (SCALE 8-10) 0
DPTR FM NORMAL 0
[CDD (BASE 65) ]
TOTAL THIS MO. 578
DPTR FM NORMAL 162 [PRESSURE DATA]
TOTAL FM JAN 1 3055 HIGHEST SLP 30.13 ON 10
DPTR FM NORMAL 398 LOWEST SLP 29.72 ON 24
[REMARKS]
#FINAL-09-23#