000
CXUS56 KEKA 011230
CF6ACV
PRELIMINARY LOCAL CLIMATOLOGICAL DATA (WS FORM: F-6)
STATION: ARCATA CA
MONTH: OCTOBER
YEAR: 2022
LATITUDE: 40 58 N
LONGITUDE: 124 6 W
TEMPERATURE IN F: :PCPN: SNOW: WIND :SUNSHINE: SKY :PK WND
================================================================================
1 2 3 4 5 6A 6B 7 8 9 10 11 12 13 14 15 16 17 18
12Z AVG MX 2MIN
DY MAX MIN AVG DEP HDD CDD WTR SNW DPTH SPD SPD DIR MIN PSBL S-S WX SPD DR
================================================================================
1 59 46 53 -3 12 0 0.00 M M 3.3 8 220 M M 6 12 12 240
2 61 55 58 2 7 0 0.00 M M 3.0 8 240 M M 10 11 240
3 59 54 57 1 8 0 T M M 3.7 10 310 M M 10 1 13 310
4 63 55 59 3 6 0 0.00 M M 4.4 14 320 M M 8 20 310
5 61 55 58 2 7 0 0.00 M M 2.4 8 320 M M 10 1 11 270
6 57 51 54 -1 11 0 T M M 2.9 9 300 M M 10 12 13 300
7 56 50 53 -2 12 0 0.00 M M 1.9 8 280 M M 10 12 10 290
8 55 47 51 -4 14 0 0.00 M M 2.5 7 290 M M 10 12 10 300
9 56 48 52 -3 13 0 0.00 M M 2.3 8 310 M M 10 12 13 260
10 55 49 52 -3 13 0 0.00 M M 3.4 8 160 M M 10 12 11 280
11 59 47 53 -2 12 0 0.00 M M 2.3 7 160 M M 8 128 11 290
12 57 44 51 -4 14 0 0.00 M M 1.9 7 250 M M 9 12 12 310
13 56 42 49 -6 16 0 0.00 M M 3.3 10 290 M M 9 128 14 310
14 56 41 49 -5 16 0 0.00 M M 2.4 8 300 M M 5 128 10 310
15 57 47 52 -2 13 0 0.00 M M 5.6 16 330 M M 10 12 20 330
16 68 49 59 5 6 0 T M M 3.2 10 270 M M 6 1 14 280
17 66 50 58 4 7 0 0.00 M M 3.3 8 260 M M 1 11 280
18 62 45 54 0 11 0 0.00 M M 2.3 9 300 M M 4 128 13 310
19 58 44 51 -3 14 0 0.00 M M 3.0 9 310 M M 7 128 12 300
20 53 48 51 -3 14 0 0.00 M M 3.1 10 310 M M 10 12 13 290
21 60 48 54 0 11 0 0.14 M M 2.8 9 260 M M 9 128 11 260
22 59 43 51 -3 14 0 T M M 7.4 15 320 M M 5 1 21 340
23 60 38 49 -5 16 0 0.00 M M 6.7 21 330 M M 0 1 30 340
24 60 39 50 -3 15 0 0.01 M M 3.5 12 140 M M 8 128 14 130
25 59 45 52 -1 13 0 0.04 M M 3.0 16 310 M M 7 12 22 320
26 57 41 49 -4 16 0 0.02 M M 4.8 17 310 M M 2 18 24 300
27 57 37 47 -6 18 0 0.00 M M 2.6 8 270 M M 0 8 11 270
28 63 39 51 -2 14 0 0.00 M M 3.1 12 310 M M 0 18 15 300
29 68 43 56 3 9 0 0.00 M M 3.1 8 280 M M 3 18 13 250
30 59 43 51 -2 14 0 0.00 M M 4.3 17 320 M M 4 128 24 310
31 59 42 51 -1 14 0 0.00 M M 2.9 10 300 M M 3 18 15 310
================================================================================
SM 1835 1425 380 0 0.21 M 104.4 M 204
================================================================================
AV 59.2 46.0 3.4 FASTST M M 7 MAX(MPH)
MISC ----> 21 330 30 340
================================================================================
NOTES:
# LAST OF SEVERAL OCCURRENCES
COLUMN 17 PEAK WIND IN M.P.H.
PRELIMINARY LOCAL CLIMATOLOGICAL DATA (WS FORM: F-6) , PAGE 2
STATION: ARCATA CA
MONTH: OCTOBER
YEAR: 2022
LATITUDE: 40 58 N
LONGITUDE: 124 6 W
[TEMPERATURE DATA] [PRECIPITATION DATA] SYMBOLS USED IN COLUMN 16
AVERAGE MONTHLY: 52.6 TOTAL FOR MONTH: 0.21 1 = FOG OR MIST
DPTR FM NORMAL: -1.6 DPTR FM NORMAL: -2.50 2 = FOG REDUCING VISIBILITY
HIGHEST: 68 ON 29,16 GRTST 24HR 0.14 ON 21-21 TO 1/4 MILE OR LESS
LOWEST: 37 ON 27 3 = THUNDER
SNOW, ICE PELLETS, HAIL 4 = ICE PELLETS
TOTAL MONTH: M 5 = HAIL
GRTST 24HR M ON M 6 = FREEZING RAIN OR DRIZZLE
GRTST DEPTH: M ON M 7 = DUSTSTORM OR SANDSTORM:
VSBY 1/2 MILE OR LESS
8 = SMOKE OR HAZE
[NO. OF DAYS WITH] [WEATHER - DAYS WITH] 9 = BLOWING SNOW
X = TORNADO
MAX 32 OR BELOW: 0 0.01 INCH OR MORE: 4
MAX 90 OR ABOVE: 0 0.10 INCH OR MORE: 1
MIN 32 OR BELOW: 0 0.50 INCH OR MORE: 0
MIN 0 OR BELOW: 0 1.00 INCH OR MORE: 0
[HDD (BASE 65) ]
TOTAL THIS MO. 380 CLEAR (SCALE 0-3) 5
DPTR FM NORMAL 46 PTCLDY (SCALE 4-7) 12
TOTAL FM JUL 1 969 CLOUDY (SCALE 8-10) 14
DPTR FM NORMAL -71
[CDD (BASE 65) ]
TOTAL THIS MO. 0
DPTR FM NORMAL -1 [PRESSURE DATA]
TOTAL FM JAN 1 0 HIGHEST SLP 30.31 ON 24
DPTR FM NORMAL -4 LOWEST SLP 29.77 ON 31
[REMARKS]
#FINAL-10-22#