000
CXUS51 KPHI 010915
CF6ACY
PRELIMINARY LOCAL CLIMATOLOGICAL DATA (WS FORM: F-6)
STATION: ATLANTIC CITY NJ
MONTH: JANUARY
YEAR: 2021
LATITUDE: 39 27 N
LONGITUDE: 74 34 W
TEMPERATURE IN F: :PCPN: SNOW: WIND :SUNSHINE: SKY :PK WND
================================================================================
1 2 3 4 5 6A 6B 7 8 9 10 11 12 13 14 15 16 17 18
12Z AVG MX 2MIN
DY MAX MIN AVG DEP HDD CDD WTR SNW DPTH SPD SPD DIR MIN PSBL S-S WX SPD DR
================================================================================
1 48 24 36 2 29 0 0.96 0.0 0 7.0 16 120 M M 5 1 23 120
2 56 37 47 13 18 0 0.01 0.0 0 11.5 32 290 M M 5 1 46 280
3 48 35 42 8 23 0 0.38 0.0 0 8.1 15 360 M M 7 1 22 350
4 42 36 39 6 26 0 0.00 0.0 0 6.3 15 330 M M 10 1 18 340
5 41 37 39 6 26 0 0.00 0.0 0 5.1 10 350 M M 10 13 340
6 45 30 38 5 27 0 0.00 0.0 0 12.2 25 320 M M 2 34 310
7 46 27 37 4 28 0 0.00 0.0 0 9.8 21 350 M M 0 30 340
8 36 23 30 -3 35 0 0.00 0.0 0 4.5 10 350 M M 0 1 13 340
9 41 25 33 0 32 0 0.00 0.0 0 12.0 21 340 M M 3 29 340
10 47 23 35 2 30 0 0.00 0.0 0 6.3 15 320 M M 0 20 320
11 45 18 32 -1 33 0 0.00 0.0 0 3.1 10 230 M M 1 1 18 220
12 47 22 35 2 30 0 0.00 0.0 0 3.8 10 280 M M 0 18 14 290
13 47 22 35 2 30 0 0.00 0.0 0 3.2 14 290 M M 0 18 18 290
14 52 24 38 5 27 0 0.00 0.0 0 0.8 9 140 M M 3 12 11 50
15 54 26 40 7 25 0 0.26 0.0 0 7.5 20 110 M M 5 128 25 120
16 49 37 43 10 22 0 0.32 0.0 0 8.9 16 270 M M 6 1 25 280
17 46 34 40 7 25 0 0.00 0.0 0 10.6 22 260 M M 5 33 250
18 47 33 40 7 25 0 0.00 0.0 0 9.5 22 290 M M 4 29 250
19 46 27 37 4 28 0 0.00 0.0 0 9.5 26 260 M M 1 39 260
20 44 25 35 2 30 0 T T 0 11.7 30 320 M M 4 41 290
21 49 17 33 0 32 0 0.00 0.0 0 5.6 21 200 M M 1 32 220
22 49 32 41 8 24 0 0.00 0.0 0 10.2 26 300 M M 2 44 300
23 35 24 30 -3 35 0 0.00 0.0 0 15.0 32 310 M M 3 49 290
24 36 19 28 -5 37 0 0.00 0.0 0 10.8 22 290 M M 3 30 310
25 38 30 34 1 31 0 0.00 0.0 0 4.0 8 330 M M 10 12 340
26 42 33 38 5 27 0 0.08 0.0 0 7.4 15 90 M M 10 12 22 100
27 42 32 37 4 28 0 0.00 0.0 0 12.0 21 340 M M 9 12 30 330
28 36 23 30 -3 35 0 0.00 0.0 0 18.8 31 340 M M 4 43 330
29 30 20 25 -8 40 0 0.00 0.0 0 20.5 37 310 M M 1 58 310
30 35 11 23 -10 42 0 0.00 0.0 0 6.8 18 310 M M 0 25 320
31 35 20 28 -5 37 0 0.56 1.0 0 7.8 24 70 M M 8 1 33 60
================================================================================
SM 1354 826 917 0 2.57 1.0 270.3 M 122
================================================================================
AV 43.7 26.6 8.7 FASTST M M 4 MAX(MPH)
MISC ----> 37 310 58 310
================================================================================
NOTES:
# LAST OF SEVERAL OCCURRENCES
COLUMN 17 PEAK WIND IN M.P.H.
PRELIMINARY LOCAL CLIMATOLOGICAL DATA (WS FORM: F-6) , PAGE 2
STATION: ATLANTIC CITY NJ
MONTH: JANUARY
YEAR: 2021
LATITUDE: 39 27 N
LONGITUDE: 74 34 W
[TEMPERATURE DATA] [PRECIPITATION DATA] SYMBOLS USED IN COLUMN 16
AVERAGE MONTHLY: 35.2 TOTAL FOR MONTH: 2.57 1 = FOG OR MIST
DPTR FM NORMAL: 2.2 DPTR FM NORMAL: -0.65 2 = FOG REDUCING VISIBILITY
HIGHEST: 56 ON 2 GRTST 24HR 0.96 ON 1- 1 TO 1/4 MILE OR LESS
LOWEST: 11 ON 30 3 = THUNDER
SNOW, ICE PELLETS, HAIL 4 = ICE PELLETS
TOTAL MONTH: 1.0 INCH 5 = HAIL
GRTST 24HR 1.0 ON 31-31 6 = FREEZING RAIN OR DRIZZLE
GRTST DEPTH: 0 7 = DUSTSTORM OR SANDSTORM:
VSBY 1/2 MILE OR LESS
8 = SMOKE OR HAZE
[NO. OF DAYS WITH] [WEATHER - DAYS WITH] 9 = BLOWING SNOW
X = TORNADO
MAX 32 OR BELOW: 1 0.01 INCH OR MORE: 7
MAX 90 OR ABOVE: 0 0.10 INCH OR MORE: 5
MIN 32 OR BELOW: 23 0.50 INCH OR MORE: 2
MIN 0 OR BELOW: 0 1.00 INCH OR MORE: 0
[HDD (BASE 65) ]
TOTAL THIS MO. 917 CLEAR (SCALE 0-3) 13
DPTR FM NORMAL -75 PTCLDY (SCALE 4-7) 12
TOTAL FM JUL 1 2385 CLOUDY (SCALE 8-10) 6
DPTR FM NORMAL -374
[CDD (BASE 65) ]
TOTAL THIS MO. 0
DPTR FM NORMAL 0 [PRESSURE DATA]
TOTAL FM JAN 1 0 HIGHEST SLP 30.51 ON 1
DPTR FM NORMAL 0 LOWEST SLP 29.40 ON 16
[REMARKS]
#FINAL-01-21#