000
CXUS51 KPHI 011401
CLMACY
CLIMATE REPORT
NATIONAL WEATHER SERVICE MOUNT HOLLY NJ
1001 AM EDT SAT APR 01 2023
...................................
...THE ATLANTIC CITY AIRPORT NJ CLIMATE SUMMARY FOR THE MONTH OF MARCH 2023...
CLIMATE NORMAL PERIOD: 1991 TO 2020
CLIMATE RECORD PERIOD: 1943 TO 2023
WEATHER OBSERVED NORMAL DEPART LAST YEAR`S
VALUE DATE(S) VALUE FROM VALUE DATE(S)
NORMAL
................................................................
TEMPERATURE (F)
RECORD
HIGH 87 03/30/1998
03/29/1945
LOW 2 03/03/2014
HIGHEST 67 03/23 73 -6 76 03/07
LOWEST 24 03/20 15 9 17 03/04
AVG. MAXIMUM 54.3 52.6 1.7 56.3
AVG. MINIMUM 33.7 32.6 1.1 35.2
MEAN 44.0 42.6 1.4 45.7
DAYS MAX >= 90 0 0.0 0.0 0
DAYS MAX <= 32 0 0.5 -0.5 0
DAYS MIN <= 32 14 16.6 -2.6 13
DAYS MIN <= 0 0 0.0 0.0 0
PRECIPITATION (INCHES)
RECORD
MAXIMUM 9.25 1994
MINIMUM 0.37 2006
TOTALS 2.34 4.52 -2.18 3.85
DAILY AVG. 0.08 0.15 -0.07 0.12
DAYS >= .01 11 10.9 0.1 10
DAYS >= .10 9 7.3 1.7 5
DAYS >= .50 1 3.3 -2.3 3
DAYS >= 1.00 0 1.2 -1.2 0
GREATEST
24 HR. TOTAL 0.74 03/03 TO 03/04 1.71
SNOWFALL (INCHES)
RECORDS
TOTAL 17.6 1969
24 HR TOTAL MM
TOTALS T 2.2 -2.2 T
SINCE 7/1 0.3 17.1 -16.8 MM
SNOWDEPTH AVG. 0 0
DAYS >= 1.0 0 0.6 -0.6 0
GREATEST
SNOW DEPTH 0 0 MM
24 HR TOTAL T 03/14 TO 03/14 MM
DEGREE DAYS
HEATING TOTAL 643 695 -52 593
SINCE 7/1 3659 4138 -479 MM
COOLING TOTAL 0 1 -1 1
SINCE 1/1 0 1 -1 MM
................................................................
WIND (MPH)
AVERAGE WIND SPEED 10.4
HIGHEST WIND SPEED/DIRECTION 39/280 DATE 03/14
HIGHEST GUST SPEED/DIRECTION 62/290 DATE 03/14
SKY COVER
POSSIBLE SUNSHINE (PERCENT) MM
AVERAGE SKY COVER 0.40
NUMBER OF DAYS FAIR 13
NUMBER OF DAYS PC 12
NUMBER OF DAYS CLOUDY 6
AVERAGE RH (PERCENT) 64
WEATHER CONDITIONS. NUMBER OF DAYS WITH
THUNDERSTORM 3 MIXED PRECIP 0
HEAVY RAIN 4 RAIN 6
LIGHT RAIN 14 FREEZING RAIN 0
LT FREEZING RAIN 0 HEAVY SNOW 0
SNOW 0 LIGHT SNOW 1
SLEET 0 FOG 16
FOG W/VIS <= 1/4 MILE 5 HAZE 0
- INDICATES NEGATIVE NUMBERS.
R INDICATES RECORD WAS SET OR TIED.
MM INDICATES DATA IS MISSING.
T INDICATES TRACE AMOUNT.
$$