000
CXUS51 KPHI 010924
CLMACY
CLIMATE REPORT
NATIONAL WEATHER SERVICE MOUNT HOLLY NJ
524 AM EDT WED NOV 01 2023
...................................
...THE ATLANTIC CITY AIRPORT NJ CLIMATE SUMMARY FOR THE MONTH OF OCTOBER 2023...
CLIMATE NORMAL PERIOD: 1991 TO 2020
CLIMATE RECORD PERIOD: 1943 TO 2023
WEATHER OBSERVED NORMAL DEPART LAST YEAR`S
VALUE DATE(S) VALUE FROM VALUE DATE(S)
NORMAL
................................................................
TEMPERATURE (F)
RECORD
HIGH 96 10/02/2019
LOW 20 10/31/1988
HIGHEST 82 10/28 82 0 78 10/07
LOWEST 37 10/24 29 8 32 10/19
AVG. MAXIMUM 70.1 67.7 2.4 65.6
AVG. MINIMUM 48.5 46.4 2.1 46.2
MEAN 59.3 57.1 2.2 55.9
DAYS MAX >= 90 0 0.1 -0.1 0
DAYS MAX <= 32 0 0.0 0.0 0
DAYS MIN <= 32 0 1.8 -1.8 1
DAYS MIN <= 0 0 0.0 0.0 0
PRECIPITATION (INCHES)
RECORD
MAXIMUM 12.13 1903
MINIMUM 0.05 1924
TOTALS 1.60 4.14 -2.54 7.78
DAILY AVG. 0.05 0.13 -0.08 0.25
DAYS >= .01 6 8.9 -2.9 12
DAYS >= .10 2 6.1 -4.1 8
DAYS >= .50 2 3.0 -1.0 4
DAYS >= 1.00 0 1.4 -1.4 3
GREATEST
24 HR. TOTAL 0.95 10/14 TO 10/15 4.15
SNOWFALL (INCHES)
RECORDS
TOTAL T 2011 (AND 8 OTHER PREVIOUS YEARS)
24 HR TOTAL MM
TOTALS 0.0 0.0 0.0 0.0
SINCE 7/1 0.0 0.0 0.0 MM
SNOWDEPTH AVG. 0 0
DAYS >= 1.0 0 0.0 0.0 0
GREATEST
SNOW DEPTH 0 0 MM
24 HR TOTAL MM MM
DEGREE DAYS
HEATING TOTAL 192 270 -78 275
SINCE 7/1 218 312 -94 MM
COOLING TOTAL 25 23 2 0
SINCE 1/1 1060 1135 -75 MM
................................................................
WIND (MPH)
AVERAGE WIND SPEED 6.2
HIGHEST WIND SPEED/DIRECTION 30/320 DATE 10/07
HIGHEST GUST SPEED/DIRECTION 43/280 DATE 10/21
SKY COVER
POSSIBLE SUNSHINE (PERCENT) MM
AVERAGE SKY COVER 0.27
NUMBER OF DAYS FAIR 21
NUMBER OF DAYS PC 6
NUMBER OF DAYS CLOUDY 4
AVERAGE RH (PERCENT) 73
WEATHER CONDITIONS. NUMBER OF DAYS WITH
THUNDERSTORM 0 MIXED PRECIP 0
HEAVY RAIN 2 RAIN 2
LIGHT RAIN 9 FREEZING RAIN 0
LT FREEZING RAIN 0 HEAVY SNOW 0
SNOW 0 LIGHT SNOW 0
SLEET 0 FOG 15
FOG W/VIS <= 1/4 MILE 3 HAZE 0
- INDICATES NEGATIVE NUMBERS.
R INDICATES RECORD WAS SET OR TIED.
MM INDICATES DATA IS MISSING.
T INDICATES TRACE AMOUNT.
$$