000
CXAK56 PAFC 271309
CF6ADQ
PRELIMINARY LOCAL CLIMATOLOGICAL DATA (WS FORM: F-6)
STATION: KODIAK
MONTH: SEPTEMBER
YEAR: 2020
LATITUDE: 57 45 N
LONGITUDE: 152 31 W
TEMPERATURE IN F: :PCPN: SNOW: WIND :SUNSHINE: SKY :PK WND
================================================================================
1 2 3 4 5 6A 6B 7 8 9 10 11 12 13 14 15 16 17 18
12Z AVG MX 2MIN
DY MAX MIN AVG DEP HDD CDD WTR SNW DPTH SPD SPD DIR MIN PSBL S-S WX SPD DR
================================================================================
1 67 47 57 4 8 0 0.00 M M 6.2 22 280 M M 4 27 280
2 57 47 52 -1 13 0 0.05 M M 4.2 13 130 M M 9 15 130
3 55 40 48 -5 17 0 0.06 M M 4.9 10 270 M M 6 11 280
4 58 37 48 -5 17 0 0.00 M M 6.3 10 280 M M 1 11 270
5 54 36 45 -7 20 0 T M M 11.3 25 80 M M 6 29 80
6 63 52 58 6 7 0 1.55 M M 15.7 28 90 M M 8 12 33 100
7 63 51 57 5 8 0 0.00 M M 9.3 22 180 M M 2 26 170
8 57 45 51 -1 14 0 T M M 3.5 9 190 M M 4 10 180
9 59 41 50 -1 15 0 0.00 M M 7.0 17 300 M M 0 22 320
10 64 36 50 -1 15 0 0.00 M M 8.2 16 280 M M 0 20 290
11 64 38 51 0 14 0 0.00 M M 6.8 13 300 M M 0 17 300
12 64 38 51 0 14 0 0.00 M M 7.1 13 110 M M 0 17 290
13 60 38 49 -1 16 0 0.00 M M 5.7 10 280 M M 0 12 270
14 64 42 53 3 12 0 0.00 M M 6.2 15 170 M M 0 19 190
15 65 53 59 9 6 0 0.01 M M 11.8 20 160 M M 8 23 140
16 55 50 53 4 12 0 0.19 M M 6.7 21 40 M M 9 1 24 30
17 58 44 51 2 14 0 0.03 M M 10.0 24 180 M M 6 32 170
18 60 38 49 0 16 0 0.05 M M 5.8 17 320 M M 4 22 300
19 49 38 44 -4 21 0 0.25 M M 10.0 18 290 M M 10 1 24 300
20 55 37 46 -2 19 0 0.01 M M 9.1 17 120 M M 4 20 100
21 52 49 51 3 14 0 1.16 M M 22.4 32 20 M M 10 1 46 30
22 52 49 51 3 14 0 3.29 M M 18.6 24 350 M M 10 1 49 10
23 56 49 53 6 12 0 0.75 M M 12.6 22 290 M M 10 18 30 290
24 56 49 53 6 12 0 T M M 7.8 14 310 M M 10 22 320
25 52 48 50 3 15 0 T M M 9.2 14 300 M M 10 20 310
26 52 44 48 2 17 0 0.08 M M 8.4 22 40 M M 8 1 27 10
27 50 46 48 2 17 0 1.56 M M 17.0 41 20 M M 10 18 58 30
28 55 40 48 2 17 0 0.03 M M 5.8 17 210 M M 7 22 210
29 51 38 45 0 20 0 1.63 M M 22.7 45 20 M M 9 1 65 40
30 55 51 53 8 12 0 0.56 M M 20.5 32 70 M M 10 18 41 80
================================================================================
SM 1722 1311 428 0 11.26 M 300.7 M 175
================================================================================
AV 57.4 43.7 10.0 FASTST M M 6 MAX(MPH)
MISC ----> 45 20 65 40
================================================================================
NOTES:
# LAST OF SEVERAL OCCURRENCES
COLUMN 17 PEAK WIND IN M.P.H.
PRELIMINARY LOCAL CLIMATOLOGICAL DATA (WS FORM: F-6) , PAGE 2
STATION: KODIAK
MONTH: SEPTEMBER
YEAR: 2020
LATITUDE: 57 45 N
LONGITUDE: 152 31 W
[TEMPERATURE DATA] [PRECIPITATION DATA] SYMBOLS USED IN COLUMN 16
AVERAGE MONTHLY: 50.6 TOTAL FOR MONTH: 11.26 1 = FOG OR MIST
DPTR FM NORMAL: 1.2 DPTR FM NORMAL: 3.91 2 = FOG REDUCING VISIBILITY
HIGHEST: 67 ON 1 GRTST 24HR 3.29 ON 22-22 TO 1/4 MILE OR LESS
LOWEST: 36 ON 10, 5 3 = THUNDER
SNOW, ICE PELLETS, HAIL 4 = ICE PELLETS
TOTAL MONTH: M 5 = HAIL
GRTST 24HR M ON M 6 = FREEZING RAIN OR DRIZZLE
GRTST DEPTH: M ON M 7 = DUSTSTORM OR SANDSTORM:
VSBY 1/2 MILE OR LESS
8 = SMOKE OR HAZE
[NO. OF DAYS WITH] [WEATHER - DAYS WITH] 9 = BLOWING SNOW
X = TORNADO
MAX 32 OR BELOW: 0 0.01 INCH OR MORE: 17
MAX 90 OR ABOVE: 0 0.10 INCH OR MORE: 9
MIN 32 OR BELOW: 0 0.50 INCH OR MORE: 7
MIN 0 OR BELOW: 0 1.00 INCH OR MORE: 5
[HDD (BASE 65) ]
TOTAL THIS MO. 428 CLEAR (SCALE 0-3) 8
DPTR FM NORMAL -40 PTCLDY (SCALE 4-7) 10
TOTAL FM JUL 1 812 CLOUDY (SCALE 8-10) 12
DPTR FM NORMAL -289
[CDD (BASE 65) ]
TOTAL THIS MO. 0
DPTR FM NORMAL 0 [PRESSURE DATA]
TOTAL FM JAN 1 11 HIGHEST SLP 30.40 ON 10
DPTR FM NORMAL 10 LOWEST SLP 28.69 ON 27
[REMARKS]
#FINAL-09-20#