000
CXAK58 PADQ 011345
CLMADQ
CLIMATE REPORT
NATIONAL WEATHER SERVICE ANCHORAGE, AK
445 AM AKST FRI MAR 01 2024
...................................
...THE KODIAK CLIMATE SUMMARY FOR THE MONTH OF FEBRUARY 2024...
CLIMATE NORMAL PERIOD: 1991 TO 2020
CLIMATE RECORD PERIOD: 1913 TO 2024
WEATHER OBSERVED NORMAL DEPART LAST YEAR`S
VALUE DATE(S) VALUE FROM VALUE
NORMAL
..............................................................
TEMPERATURE (F)
RECORD
HIGH 60 02/11/1923
LOW -12 02/02/1971
HIGHEST 45 MM MM 42
LOWEST 8 MM MM 13
AVG. MAXIMUM 37.6 37.5 0.1 37.1
AVG. MINIMUM 26.4 27.2 -0.8 24.4
MEAN 32.0 32.4 -0.4 30.8
DAYS MAX >= 90 0 0.0 0.0 0
DAYS MAX <= 32 4 4.9 -0.9 5
DAYS MIN <= 32 21 19.4 1.6 24
DAYS MIN <= 0 0 0.2 -0.2 0
PRECIPITATION (INCHES)
RECORD
MAXIMUM 8.24 2022
MINIMUM 3.38 2021
TOTALS 9.46 6.31 3.15 3.67
DAILY AVG. 0.33 NAN NAN 0.13
DAYS >= .01 22 17.3 4.7 13
DAYS >= .10 15 11.4 3.6 8
DAYS >= .50 6 4.7 1.3 3
DAYS >= 1.00 3 1.3 1.7 0
GREATEST
24 HR. TOTAL 2.14 02/12 TO 02/13 1.06
STORM TOTAL 2.11 0.95
(MM/DD(HH))
DEGREE DAYS
HEATING TOTAL 948 914 34 954
SINCE 7/1 5810 5609 201 MM
COOLING TOTAL 0 0 0 0
SINCE 1/1 0 0 0 MM
FREEZE DATES
RECORD
EARLIEST MM
LATEST MM
EARLIEST 09/22
LATEST 05/17
..............................................................
WIND (MPH)
AVERAGE WIND SPEED 13.0
RESULTANT WIND SPEED/DIRECTION 1/140
HIGHEST WIND SPEED/DIRECTION 40/280 DATE 02/28
HIGHEST GUST SPEED/DIRECTION 59/300 DATE 02/28
SKY COVER
POSSIBLE SUNSHINE (PERCENT) MM
AVERAGE SKY COVER 0.63
NUMBER OF DAYS FAIR 4
NUMBER OF DAYS PC 14
NUMBER OF DAYS CLOUDY 11
AVERAGE RH (PERCENT) 80
WEATHER CONDITIONS. NUMBER OF DAYS WITH
THUNDERSTORM 0 MIXED PRECIP 0
HEAVY RAIN 0 RAIN 7
LIGHT RAIN 16 FREEZING RAIN 0
LT FREEZING RAIN 0 HAIL 0
HEAVY SNOW 1 SNOW 1
LIGHT SNOW 13 SLEET 0
FOG 21 FOG W/VIS <= 1/4 MILE 1
HAZE 4
- INDICATES NEGATIVE NUMBERS.
R INDICATES RECORD WAS SET OR TIED.
MM INDICATES DATA IS MISSING.
T INDICATES TRACE AMOUNT.
$$