000
CXUS54 KLCH 010930
CF6AEX
PRELIMINARY LOCAL CLIMATOLOGICAL DATA (WS FORM: F-6)
STATION: ALEXANDRIA
MONTH: NOVEMBER
YEAR: 2021
LATITUDE: 31 19 N
LONGITUDE: 92 33 W
TEMPERATURE IN F: :PCPN: SNOW: WIND :SUNSHINE: SKY :PK WND
================================================================================
1 2 3 4 5 6A 6B 7 8 9 10 11 12 13 14 15 16 17 18
12Z AVG MX 2MIN
DY MAX MIN AVG DEP HDD CDD WTR SNW DPTH SPD SPD DIR MIN PSBL S-S WX SPD DR
================================================================================
1 77 47 62 0 3 0 0.00 0.0 M 1.8 10 130 M M 0 15 130
2 75 49 62 0 3 0 0.00 0.0 M 4.4 13 40 M M 0 19 20
3 60 49 55 -6 10 0 0.25 M M 6.5 16 120 M M 7 1 22 120
4 57 41 49 -12 16 0 0.00 0.0 M 6.2 13 20 M M 5 20 360
5 66 36 51 -9 14 0 0.00 0.0 M 5.1 14 360 M M 0 18 360
6 57 39 48 -12 17 0 0.00 0.0 M 2.2 8 30 M M 7 128 11 40
7 69 38 54 -6 11 0 0.00 0.0 M 0.8 7 120 M M 4 12 10 150
8 75 38 57 -3 8 0 0.00 0.0 M 1.6 8 140 M M 2 128 12 130
9 73 42 58 -1 7 0 0.00 0.0 M 2.2 8 160 M M 0 128 10 160
10 78 46 62 3 3 0 M M M 5.0 12 170 M M 3 1 M M
11 70 54 62 4 3 0 0.58 0.0 M 3.5 10 270 M M 4 M M
12 70 52 61 3 4 0 M 0.0 M 3.5 7 270 M M 0 1 M M
13 60 39 50 -8 15 0 0.00 0.0 M 5.8 18 350 M M 0 25 360
14 75 37 56 -2 9 0 0.00 0.0 M 3.8 16 260 M M 0 21 270
15 77 49 63 6 2 0 0.00 0.0 M 5.0 13 200 M M 4 17 210
16 80 55 68 11 0 3 0.00 0.0 M 8.7 17 200 M M 3 12 22 180
17 82 57 70 13 0 5 0.00 0.0 M 9.2 23 180 M M 2 12 36 180
18 68 47 58 2 7 0 T 0.0 M 7.4 21 30 M M 7 12 30 20
19 64 39 52 -4 13 0 0.00 0.0 M 5.0 16 90 M M 0 25 90
20 73 36 55 -1 10 0 0.00 0.0 M 3.8 10 130 M M 0 14 140
21 76 54 65 9 0 0 0.14 0.0 0 6.2 17 280 M M 9 12 21 290
22 68 42 55 0 10 0 0.00 0.0 M 7.8 20 20 M M 2 1 28 10
23 65 37 51 -4 14 0 0.00 0.0 M 3.6 10 150 M M 0 1 16 130
24 75 40 58 3 7 0 0.00 0.0 M 9.4 20 190 M M 1 28 200
25 68 52 60 5 5 0 0.14 0.0 M 8.4 21 320 M M 7 1 29 320
26 56 37 47 -7 18 0 0.00 0.0 M 6.1 13 30 M M 0 21 30
27 55 34 45 -9 20 0 0.05 M M 1.5 9 230 M M 4 12 12 240
28 60 41 51 -3 14 0 0.01 M M 3.4 13 330 M M 8 12 18 320
29 67 36 52 -2 13 0 0.00 0.0 M 1.2 6 140 M M 3 12 8 150
30 72 40 56 2 9 0 0.00 0.0 M 3.7 10 200 M M 0 1 14 200
================================================================================
SM 2068 1303 265 8 1.17 0.0 142.8 M 82
================================================================================
AV 68.9 43.4 4.8 FASTST M M 3 MAX(MPH)
MISC ----> 23 180 36 180
================================================================================
NOTES:
# LAST OF SEVERAL OCCURRENCES
COLUMN 17 PEAK WIND IN M.P.H.
PRELIMINARY LOCAL CLIMATOLOGICAL DATA (WS FORM: F-6) , PAGE 2
STATION: ALEXANDRIA
MONTH: NOVEMBER
YEAR: 2021
LATITUDE: 31 19 N
LONGITUDE: 92 33 W
[TEMPERATURE DATA] [PRECIPITATION DATA] SYMBOLS USED IN COLUMN 16
AVERAGE MONTHLY: 56.2 TOTAL FOR MONTH: 1.17 1 = FOG OR MIST
DPTR FM NORMAL: -1.1 DPTR FM NORMAL: -3.43 2 = FOG REDUCING VISIBILITY
HIGHEST: 82 ON 17 GRTST 24HR 0.58 ON 11-11 TO 1/4 MILE OR LESS
LOWEST: 34 ON 27 3 = THUNDER
SNOW, ICE PELLETS, HAIL 4 = ICE PELLETS
TOTAL MONTH: 0.0 INCH 5 = HAIL
GRTST 24HR 0.0 6 = FREEZING RAIN OR DRIZZLE
GRTST DEPTH: 0 7 = DUSTSTORM OR SANDSTORM:
VSBY 1/2 MILE OR LESS
8 = SMOKE OR HAZE
[NO. OF DAYS WITH] [WEATHER - DAYS WITH] 9 = BLOWING SNOW
X = TORNADO
MAX 32 OR BELOW: 0 0.01 INCH OR MORE: 6
MAX 90 OR ABOVE: 0 0.10 INCH OR MORE: 4
MIN 32 OR BELOW: 0 0.50 INCH OR MORE: 1
MIN 0 OR BELOW: 0 1.00 INCH OR MORE: 0
[HDD (BASE 65) ]
TOTAL THIS MO. 265 CLEAR (SCALE 0-3) 19
DPTR FM NORMAL 8 PTCLDY (SCALE 4-7) 10
TOTAL FM JUL 1 296 CLOUDY (SCALE 8-10) 1
DPTR FM NORMAL -29
[CDD (BASE 65) ]
TOTAL THIS MO. 8
DPTR FM NORMAL -19 [PRESSURE DATA]
TOTAL FM JAN 1 2805 HIGHEST SLP 30.45 ON 19
DPTR FM NORMAL 198 LOWEST SLP 29.87 ON 11
[REMARKS]
#FINAL-11-21#