000
CXUS52 KCAE 011400
CF6AGS
PRELIMINARY LOCAL CLIMATOLOGICAL DATA (WS FORM: F-6)
STATION: AUGUSTA BUSH FIELD GA
MONTH: MARCH
YEAR: 2022
LATITUDE: 33 22 N
LONGITUDE: 81 58 W
TEMPERATURE IN F: :PCPN: SNOW: WIND :SUNSHINE: SKY :PK WND
================================================================================
1 2 3 4 5 6A 6B 7 8 9 10 11 12 13 14 15 16 17 18
12Z AVG MX 2MIN
DY MAX MIN AVG DEP HDD CDD WTR SNW DPTH SPD SPD DIR MIN PSBL S-S WX SPD DR
================================================================================
1 70 31 51 -3 14 0 0.00 0.0 M 1.9 9 310 M M 0 13 340
2 80 32 56 2 9 0 0.00 0.0 M 2.8 15 280 M M 0 12 19 270
3 85 36 61 7 4 0 0.00 0.0 0 4.0 22 250 M M 0 18 32 250
4 72 40 56 1 9 0 0.00 0.0 0 5.3 18 60 M M 0 18 23 60
5 78 47 63 8 2 0 0.00 0.0 0 5.2 15 160 M M 6 18 19 170
6 84 49 67 12 0 2 0.00 0.0 0 6.6 20 220 M M 4 12 28 190
7 85 63 74 18 0 9 0.21 0.0 0 11.5 24 220 M M 5 13 32 210
8 71 54 63 7 2 0 T 0.0 0 4.1 13 350 M M 7 15 330
9 70 57 64 8 1 0 0.03 0.0 0 5.5 16 200 M M 10 13 20 210
10 61 51 56 0 9 0 0.01 0.0 0 5.9 12 30 M M 9 1 14 80
11 58 50 54 -2 11 0 0.19 0.0 0 4.2 10 40 M M 10 1 12 110
12 66 30 48 -9 17 0 0.64 0.0 0 17.5 36 310 M M 5 1 48 320
13 56 19 38 -19 27 0 0.00 0.0 0 2.6 12 200 M M 0 14 190
14 69 27 48 -9 17 0 0.00 0.0 0 2.4 15 180 M M 0 1 18 180
15 73 38 56 -1 9 0 T 0.0 0 4.7 14 130 M M 4 19 120
16 69 54 62 4 3 0 1.89 0.0 0 5.7 24 240 M M 9 13 32 230
17 71 49 60 2 5 0 T 0.0 0 4.6 13 330 M M 6 12 17 330
18 75 43 59 1 6 0 0.27 0.0 0 3.9 24 150 M M 6 1238 34 280
19 78 51 65 7 0 0 0.01 0.0 0 9.0 22 310 M M 5 1 31 220
20 72 41 57 -1 8 0 0.00 0.0 M 8.4 22 330 M M 0 28 340
21 76 34 55 -4 10 0 0.00 0.0 0 3.9 15 70 M M 0 21 70
22 79 42 61 2 4 0 0.00 0.0 0 7.0 18 190 M M 3 26 170
23 79 60 70 11 0 5 0.02 0.0 0 12.4 23 200 M M 6 1 35 210
24 69 55 62 3 3 0 0.01 0.0 0 7.4 16 310 M M 5 19 270
25 72 42 57 -3 8 0 0.00 0.0 0 10.1 28 280 M M 2 35 270
26 68 44 56 -4 9 0 0.00 0.0 0 13.0 28 290 M M 0 38 310
27 71 39 55 -5 10 0 0.00 0.0 0 12.8 26 280 M M 0 35 280
28 75 46 61 1 4 0 0.00 0.0 M 7.9 23 300 M M 1 27 280
29 71 41 56 -4 9 0 0.00 0.0 M 5.7 14 150 M M 2 19 150
30 87 52 70 9 0 5 0.00 0.0 0 9.8 25 200 M M 3 8 35 160
31 78 63 71 10 0 6 0.43 0.0 M 11.5 24 210 M M 5 1 33 220
================================================================================
SM 2268 1380 210 27 3.71 0.0 217.3 M 113
================================================================================
AV 73.2 44.5 7.0 FASTST M M 4 MAX(MPH)
MISC ----> 36 310 48 320
================================================================================
NOTES:
# LAST OF SEVERAL OCCURRENCES
COLUMN 17 PEAK WIND IN M.P.H.
PRELIMINARY LOCAL CLIMATOLOGICAL DATA (WS FORM: F-6) , PAGE 2
STATION: AUGUSTA BUSH FIELD GA
MONTH: MARCH
YEAR: 2022
LATITUDE: 33 22 N
LONGITUDE: 81 58 W
[TEMPERATURE DATA] [PRECIPITATION DATA] SYMBOLS USED IN COLUMN 16
AVERAGE MONTHLY: 58.8 TOTAL FOR MONTH: 3.71 1 = FOG OR MIST
DPTR FM NORMAL: 1.3 DPTR FM NORMAL: -0.37 2 = FOG REDUCING VISIBILITY
HIGHEST: 87 ON 30 GRTST 24HR 1.89 ON 16-16 TO 1/4 MILE OR LESS
LOWEST: 19 ON 13 3 = THUNDER
SNOW, ICE PELLETS, HAIL 4 = ICE PELLETS
TOTAL MONTH: 0.0 INCH 5 = HAIL
GRTST 24HR 0.0 6 = FREEZING RAIN OR DRIZZLE
GRTST DEPTH: 0 7 = DUSTSTORM OR SANDSTORM:
VSBY 1/2 MILE OR LESS
8 = SMOKE OR HAZE
[NO. OF DAYS WITH] [WEATHER - DAYS WITH] 9 = BLOWING SNOW
X = TORNADO
MAX 32 OR BELOW: 0 0.01 INCH OR MORE: 11
MAX 90 OR ABOVE: 0 0.10 INCH OR MORE: 6
MIN 32 OR BELOW: 5 0.50 INCH OR MORE: 2
MIN 0 OR BELOW: 0 1.00 INCH OR MORE: 1
[HDD (BASE 65) ]
TOTAL THIS MO. 210 CLEAR (SCALE 0-3) 14
DPTR FM NORMAL -46 PTCLDY (SCALE 4-7) 13
TOTAL FM JUL 1 1825 CLOUDY (SCALE 8-10) 4
DPTR FM NORMAL -251
[CDD (BASE 65) ]
TOTAL THIS MO. 27
DPTR FM NORMAL 1 [PRESSURE DATA]
TOTAL FM JAN 1 60 HIGHEST SLP 30.49 ON 14
DPTR FM NORMAL 24 LOWEST SLP 29.42 ON 12
[REMARKS]
#FINAL-03-22#