000
CXUS52 KFFC 011010
CF6AHN
PRELIMINARY LOCAL CLIMATOLOGICAL DATA (WS FORM: F-6)
STATION: ATHENS
MONTH: MARCH
YEAR: 2021
LATITUDE: 33 57 N
LONGITUDE: 83 19 W
TEMPERATURE IN F: :PCPN: SNOW: WIND :SUNSHINE: SKY :PK WND
================================================================================
1 2 3 4 5 6A 6B 7 8 9 10 11 12 13 14 15 16 17 18
12Z AVG MX 2MIN
DY MAX MIN AVG DEP HDD CDD WTR SNW DPTH SPD SPD DIR MIN PSBL S-S WX SPD DR
================================================================================
1 68 52 60 9 5 0 0.04 0.0 M 8.1 20 320 M M 8 41 290
2 52 41 47 -4 18 0 0.09 M M 7.1 15 60 M M 5 21 50
3 68 39 54 3 11 0 0.24 M M 3.7 10 360 M M 3 1 15 340
4 75 41 58 7 7 0 0.00 0.0 M 5.6 15 290 M M 0 24 280
5 67 45 56 4 9 0 0.00 0.0 M 4.7 12 40 M M 1 16 50
6 54 34 44 -8 21 0 0.00 0.0 M 6.3 16 80 M M 7 22 70
7 64 30 47 -5 18 0 0.00 0.0 M 3.3 14 340 M M 0 18 21 360
8 71 31 51 -1 14 0 0.00 0.0 M 2.7 9 240 M M 0 14 260
9 74 36 55 2 10 0 0.00 0.0 M 2.3 9 200 M M 0 18 180
10 76 36 56 3 9 0 0.00 0.0 M 3.4 10 250 M M 0 8 17 250
11 77 48 63 10 2 0 0.00 0.0 M 2.6 10 250 M M 0 17 250
12 80 48 64 11 1 0 0.00 0.0 M 3.4 13 290 M M 0 21 290
13 79 53 66 12 0 1 0.00 0.0 M 2.8 15 100 M M 5 19 80
14 82 53 68 14 0 3 0.00 0.0 M 4.7 10 80 M M 3 15 80
15 71 58 65 11 0 0 0.00 0.0 M 10.8 21 90 M M 6 28 90
16 58 45 52 -2 13 0 1.66 M M 8.0 17 50 M M 10 138 25 70
17 59 49 54 -1 11 0 0.31 0.0 M 5.9 14 90 M M 10 123 18 80
18 78 51 65 10 0 0 0.29 0.0 M 9.5 24 290 M M 7 138 39 300
19 65 46 56 1 9 0 0.00 0.0 M 10.2 18 300 M M 6 27 300
20 60 39 50 -5 15 0 0.00 0.0 M 12.0 22 70 M M 1 35 70
21 66 46 56 0 9 0 0.00 0.0 M 11.2 21 60 M M 7 28 70
22 73 51 62 6 3 0 0.00 0.0 M 8.9 18 60 M M 0 25 60
23 74 53 64 8 1 0 0.00 0.0 M 7.8 18 70 M M 1 26 70
24 75 58 67 11 0 2 T 0.0 M 4.8 12 130 M M 7 20 150
25 79 57 68 11 0 3 0.12 0.0 M 5.0 15 170 M M 7 138 30 200
26 79 61 70 13 0 5 0.58 0.0 M 3.4 17 300 M M 6 13 34 300
27 85 61 73 16 0 8 0.15 0.0 M 3.3 12 200 M M 7 138 22 200
28 75 54 65 8 0 0 0.29 0.0 M 6.5 18 290 M M 5 8 32 270
29 70 40 55 -3 10 0 0.00 0.0 M 4.7 8 330 M M 0 M M
30 75 42 59 1 6 0 0.00 0.0 M 5.1 13 110 M M 5 19 110
31 71 50 61 3 4 0 0.59 0.0 M 6.2 16 290 M M 9 18 31 290
================================================================================
SM 2200 1448 206 22 4.36 0.0 184.0 M 126
================================================================================
AV 71.0 46.7 5.9 FASTST M M 4 MAX(MPH)
MISC ----> 24 290 41 290
================================================================================
NOTES:
# LAST OF SEVERAL OCCURRENCES
COLUMN 17 PEAK WIND IN M.P.H.
PRELIMINARY LOCAL CLIMATOLOGICAL DATA (WS FORM: F-6) , PAGE 2
STATION: ATHENS
MONTH: MARCH
YEAR: 2021
LATITUDE: 33 57 N
LONGITUDE: 83 19 W
[TEMPERATURE DATA] [PRECIPITATION DATA] SYMBOLS USED IN COLUMN 16
AVERAGE MONTHLY: 58.8 TOTAL FOR MONTH: 4.36 1 = FOG OR MIST
DPTR FM NORMAL: 4.5 DPTR FM NORMAL: -0.07 2 = FOG REDUCING VISIBILITY
HIGHEST: 85 ON 27 GRTST 24HR 1.84 ON 16-17 TO 1/4 MILE OR LESS
LOWEST: 30 ON 7 3 = THUNDER
SNOW, ICE PELLETS, HAIL 4 = ICE PELLETS
TOTAL MONTH: 0.0 INCH 5 = HAIL
GRTST 24HR 0.0 6 = FREEZING RAIN OR DRIZZLE
GRTST DEPTH: M ON M 7 = DUSTSTORM OR SANDSTORM:
VSBY 1/2 MILE OR LESS
8 = SMOKE OR HAZE
[NO. OF DAYS WITH] [WEATHER - DAYS WITH] 9 = BLOWING SNOW
X = TORNADO
MAX 32 OR BELOW: 0 0.01 INCH OR MORE: 11
MAX 90 OR ABOVE: 0 0.10 INCH OR MORE: 9
MIN 32 OR BELOW: 2 0.50 INCH OR MORE: 3
MIN 0 OR BELOW: 0 1.00 INCH OR MORE: 1
[HDD (BASE 65) ]
TOTAL THIS MO. 206 CLEAR (SCALE 0-3) 13
DPTR FM NORMAL -134 PTCLDY (SCALE 4-7) 15
TOTAL FM JUL 1 2057 CLOUDY (SCALE 8-10) 3
DPTR FM NORMAL -538
[CDD (BASE 65) ]
TOTAL THIS MO. 22
DPTR FM NORMAL 12 [PRESSURE DATA]
TOTAL FM JAN 1 23 HIGHEST SLP 30.58 ON 8
DPTR FM NORMAL 12 LOWEST SLP 29.61 ON 18
[REMARKS]
#FINAL-03-21#