000
CXUS52 KFFC 051812
CLMAHN
CLIMATE REPORT
NATIONAL WEATHER SERVICE PEACHTREE CITY GA
212 PM EDT WED APR 05 2023
...................................
...THE ATHENS CLIMATE SUMMARY FOR THE MONTH OF MARCH 2023...
CLIMATE NORMAL PERIOD: 1991 TO 2020
CLIMATE RECORD PERIOD: 1898 TO 2023
WEATHER OBSERVED NORMAL DEPART LAST YEAR`S
VALUE DATE(S) VALUE FROM VALUE DATE(S)
NORMAL
................................................................
TEMPERATURE (F)
RECORD
HIGH 90 03/17/1945
LOW 9 03/06/1899
HIGHEST 84 03/24 80 4 84 03/30
LOWEST 27 03/15 26 1 23 03/13
03/20
AVG. MAXIMUM 68.3 66.8 1.5 69.2
AVG. MINIMUM 44.7 42.9 1.8 44.9
MEAN 56.5 54.9 1.6 57.0
DAYS MAX >= 90 0 0.0 0.0 0
DAYS MAX <= 32 0 0.0 0.0 0
DAYS MIN <= 32 6 4.5 1.5 3
DAYS MIN <= 0 0 0.0 0.0 0
PRECIPITATION (INCHES)
RECORD
MAXIMUM 14.15 1929
MINIMUM 0.99 1905
TOTALS 4.15 4.37 -0.22 5.60
DAILY AVG. 0.13 0.14 -0.01 0.18
GREATEST
24 HR. TOTAL 1.29 03/26 TO 03/27 1.93 03/08 TO 03/09
SNOWFALL (INCHES)
RECORDS
TOTAL T 2008
24 HR TOTAL T MM
TOTALS 0.0 MM MM 0.0
SINCE 7/1 0.0 MM MM MM
SNOWDEPTH AVG. MM MM
DAYS >= TRACE 0 MM MM 0
DAYS >= 1.0 0 MM MM 0
GREATEST
24 HR TOTAL MM MM
DEGREE DAYS
HEATING TOTAL 277 328 -51 254
SINCE 7/1 2125 2510 -385 MM
COOLING TOTAL 23 13 10 13
SINCE 1/1 43 15 28 MM
................................................................
WIND (MPH)
AVERAGE WIND SPEED 5.1
HIGHEST WIND SPEED/DIRECTION 29/280 DATE 03/03
HIGHEST GUST SPEED/DIRECTION 57/300 DATE 03/03
SKY COVER
POSSIBLE SUNSHINE (PERCENT) MM
AVERAGE SKY COVER 0.30
NUMBER OF DAYS FAIR 20
NUMBER OF DAYS PC 5
NUMBER OF DAYS CLOUDY 6
AVERAGE RH (PERCENT) 60
WEATHER CONDITIONS. NUMBER OF DAYS WITH
THUNDERSTORM 5 MIXED PRECIP 0
HEAVY RAIN 4 RAIN 6
LIGHT RAIN 9 FREEZING RAIN 0
LT FREEZING RAIN 0 HAIL 0
HEAVY SNOW 0 SNOW 0
LIGHT SNOW 0 SLEET 0
FOG 12 FOG W/VIS <= 1/4 MILE 1
HAZE 3
- INDICATES NEGATIVE NUMBERS.
R INDICATES RECORD WAS SET OR TIED.
MM INDICATES DATA IS MISSING.
T INDICATES TRACE AMOUNT.
$$