000
CXUS55 KCYS 011809
CLMAIA
CLIMATE REPORT
NATIONAL WEATHER SERVICE CHEYENNE WY
1209 PM MDT WED NOV 01 2023
...................................
...THE ALLIANCE NEBRASKA AIRPORT CLIMATE SUMMARY FOR THE MONTH OF OCTOBER 2023...
CLIMATE NORMAL PERIOD 1991 TO 2020
CLIMATE RECORD PERIOD 1896 TO 2023
WEATHER OBSERVED NORMAL DEPART LAST YEAR`S
VALUE DATE(S) VALUE FROM VALUE DATE(S)
NORMAL
................................................................
TEMPERATURE (F)
RECORD
HIGH 92 10/02/2005
LOW -14 10/26/2020
HIGHEST 86 10/02 MM MM 82
LOWEST 4 10/30 MM MM 14
AVG. MAXIMUM 62.3 62.0 0.3 65.6
AVG. MINIMUM 30.1 29.0 1.1 29.0
MEAN 46.2 45.5 0.7 47.3
DAYS MAX >= 90 0 0.2 -0.2 0
DAYS MAX <= 32 1 0.9 0.1 0
DAYS MIN <= 32 17 19.0 -2.0 21
DAYS MIN <= 0 0 0.3 -0.3 0
PRECIPITATION (INCHES)
RECORD
MAXIMUM 2.48 1994
TOTALS 1.53 0.91 0.62 1.24
DAYS >= .01 5 6.4 -1.4 8
DAYS >= .10 3 2.0 1.0 4
DAYS >= .50 2 0.4 1.6 0
DAYS >= 1.00 0 0.1 -0.1 0
GREATEST
24 HR. TOTAL 0.74 10/02 TO 10/03 0.53 10/06 TO 10/07
DEGREE DAYS
HEATING TOTAL 584 605 -21 543
SINCE 7/1 711 832 -121 MM
COOLING TOTAL 10 0 10 0
SINCE 1/1 543 561 -18 MM
................................................................
WIND (MPH)
AVERAGE WIND SPEED 9.6
HIGHEST WIND SPEED/DIRECTION 38/340 DATE 10/13
HIGHEST GUST SPEED/DIRECTION 56/340 DATE 10/13
SKY COVER
POSSIBLE SUNSHINE (PERCENT) MM
AVERAGE SKY COVER 0.28
NUMBER OF DAYS FAIR 21
NUMBER OF DAYS PC 5
NUMBER OF DAYS CLOUDY 5
AVERAGE RH (PERCENT) 64
WEATHER CONDITIONS. NUMBER OF DAYS WITH
THUNDERSTORM 2 MIXED PRECIP 0
HEAVY RAIN 2 RAIN 3
LIGHT RAIN 7 FREEZING RAIN 0
LT FREEZING RAIN 1 HAIL 0
HEAVY SNOW 0 SNOW 0
LIGHT SNOW 2 SLEET 0
FOG 11 FOG W/VIS <= 1/4 MILE 3
HAZE 3
- INDICATES NEGATIVE NUMBERS.
R INDICATES RECORD WAS SET OR TIED.
MM INDICATES DATA IS MISSING.
T INDICATES TRACE AMOUNT.
$$