000
CXUS56 KSGX 011045
CF6AJO
PRELIMINARY LOCAL CLIMATOLOGICAL DATA (WS FORM: F-6)
STATION: CORONA AIRPORT CA
MONTH: OCTOBER
YEAR: 2021
LATITUDE: 33 53 N
LONGITUDE: 117-36 E
TEMPERATURE IN F: :PCPN: SNOW: WIND :SUNSHINE: SKY :PK WND
================================================================================
1 2 3 4 5 6A 6B 7 8 9 10 11 12 13 14 15 16 17 18
12Z AVG MX 2MIN
DY MAX MIN AVG DEP HDD CDD WTR SNW DPTH SPD SPD DIR MIN PSBL S-S WX SPD DR
================================================================================
1 94 43 69 M 0 4 0.00 M M 4.0 12 270 M M 0 18 270
2 98 46 72 M 0 7 0.00 M M 2.6 10 260 M M 0 17 260
3 97 47 72 M 0 7 0.00 M M 3.8 13 270 M M 0 21 260
4 93 55 74 M 0 9 T M M 4.1 13 270 M M 1 20 140
5 83 60 72 M 0 7 0.03 M M 5.1 12 270 M M 2 22 260
6 79 54 67 M 0 2 0.00 M M 3.4 12 270 M M 3 1 16 260
7 72 59 66 M 0 1 0.00 M M 3.6 10 270 M M 6 M M
8 73 55 64 M 1 0 0.03 M M 5.7 13 270 M M 5 1 17 270
9 75 51 63 M 2 0 0.00 M M 3.8 14 290 M M 3 20 290
10 85 43 64 M 1 0 0.00 M M 3.3 12 270 M M 0 17 270
11 75 44 60 M 5 0 0.00 M M 5.7 15 220 M M 2 26 240
12 73 43 58 M 7 0 0.00 M M 4.9 10 260 M M 0 21 260
13 77 36 57 M 8 0 0.00 M M 3.2 10 300 M M 0 17 270
14 82 37 60 M 5 0 0.00 M M 2.4 9 270 M M 0 M M
15 89 58 74 M 0 9 0.00 M M 10.3 20 30 M M 0 26 30
16 92 51 72 M 0 7 0.00 M M 5.6 12 250 M M 0 M M
17 81 40 61 M 4 0 0.00 M M 5.0 14 270 M M 0 21 270
18 69 45 57 M 8 0 T M M 4.5 10 240 M M 5 18 270
19 73 38 56 M 9 0 0.00 M M 2.9 9 270 M M 0 M M
20 78 41 60 M 5 0 0.00 M M 3.1 12 280 M M 0 20 270
21 82 40 61 M 4 0 0.00 M M 3.7 15 300 M M 0 16 270
22 73 45 59 M 6 0 0.00 M M 5.0 15 300 M M 1 12 21 280
23 71 53 62 M 3 0 0.00 M M 3.9 14 280 M M 8 18 280
24 75 52 64 M 1 0 0.00 M M 3.6 12 250 M M 4 M M
25 69 50 60 M 5 0 0.09 M M 3.7 18 240 M M 8 1 31 230
26 71 43 57 M 8 0 0.01 M M 1.9 8 270 M M 0 M M
27 90 42 66 M 0 1 0.00 M M 1.7 10 20 M M 0 23 20
28 94 51 73 M 0 8 0.00 M M 5.0 15 70 M M 0 21 70
29 88 47 68 M 0 3 0.00 M M 3.7 14 280 M M 0 M M
30 77 46 62 M 3 0 0.00 M M 5.6 13 290 M M 2 12 M M
31 71 53 62 M 3 0 0.00 M M 3.1 12 290 M M 5 M M
================================================================================
SM 2499 1468 88 65 0.16 M 127.5 M 55
================================================================================
AV 80.6 47.4 4.1 FASTST M M 2 MAX(MPH)
MISC ----> 20 30 31 230
================================================================================
NOTES:
# LAST OF SEVERAL OCCURRENCES
COLUMN 17 PEAK WIND IN M.P.H.
PRELIMINARY LOCAL CLIMATOLOGICAL DATA (WS FORM: F-6) , PAGE 2
STATION: CORONA AIRPORT CA
MONTH: OCTOBER
YEAR: 2021
LATITUDE: 33 53 N
LONGITUDE: 117-36 E
[TEMPERATURE DATA] [PRECIPITATION DATA] SYMBOLS USED IN COLUMN 16
AVERAGE MONTHLY: 64.0 TOTAL FOR MONTH: 0.16 1 = FOG OR MIST
DPTR FM NORMAL: 0.0 DPTR FM NORMAL: M 2 = FOG REDUCING VISIBILITY
HIGHEST: 98 ON 2 GRTST 24HR 0.09 ON 25-25 TO 1/4 MILE OR LESS
LOWEST: 36 ON 13 3 = THUNDER
SNOW, ICE PELLETS, HAIL 4 = ICE PELLETS
TOTAL MONTH: M 5 = HAIL
GRTST 24HR M ON M 6 = FREEZING RAIN OR DRIZZLE
GRTST DEPTH: M ON M 7 = DUSTSTORM OR SANDSTORM:
VSBY 1/2 MILE OR LESS
8 = SMOKE OR HAZE
[NO. OF DAYS WITH] [WEATHER - DAYS WITH] 9 = BLOWING SNOW
X = TORNADO
MAX 32 OR BELOW: 0 0.01 INCH OR MORE: 4
MAX 90 OR ABOVE: 7 0.10 INCH OR MORE: 0
MIN 32 OR BELOW: 0 0.50 INCH OR MORE: 0
MIN 0 OR BELOW: 0 1.00 INCH OR MORE: 0
[HDD (BASE 65) ]
TOTAL THIS MO. 88 CLEAR (SCALE 0-3) 23
DPTR FM NORMAL M PTCLDY (SCALE 4-7) 7
TOTAL FM JUL 1 88 CLOUDY (SCALE 8-10) 1
DPTR FM NORMAL M
[CDD (BASE 65) ]
TOTAL THIS MO. 65
DPTR FM NORMAL M [PRESSURE DATA]
TOTAL FM JAN 1 1354 HIGHEST SLP M ON M
DPTR FM NORMAL M LOWEST SLP M ON M
[REMARKS]
#FINAL-10-21#