000
CXUS54 KCRP 011810
CF6ALI
PRELIMINARY LOCAL CLIMATOLOGICAL DATA (WS FORM: F-6)
STATION: ALICE
MONTH: OCTOBER
YEAR: 2022
LATITUDE: 27 44 N
LONGITUDE: 98 1 W
TEMPERATURE IN F: :PCPN: SNOW: WIND :SUNSHINE: SKY :PK WND
================================================================================
1 2 3 4 5 6A 6B 7 8 9 10 11 12 13 14 15 16 17 18
12Z AVG MX 2MIN
DY MAX MIN AVG DEP HDD CDD WTR SNW DPTH SPD SPD DIR MIN PSBL S-S WX SPD DR
================================================================================
1 88 58 73 -5 0 8 0.00 0.0 0 5.1 16 70 M M 0 24 140
2 86 58 72 -6 0 7 0.00 0.0 0 5.8 15 50 M M 2 21 90
3 84 62 73 -5 0 8 0.00 0.0 0 3.9 9 220 M M 0 13 230
4 85 66 76 -2 0 11 0.00 0.0 0 3.2 10 150 M M 0 14 140
5 90 62 76 -1 0 11 0.00 0.0 0 4.2 15 110 M M 2 22 110
6 89 60 75 -2 0 10 0.00 0.0 0 5.6 15 90 M M 1 1 23 90
7 83 67 75 -2 0 10 T 0.0 0 3.9 12 70 M M 3 17 80
8 91 63 77 0 0 12 0.00 0.0 0 5.1 13 180 M M 1 18 20
9 89 64 77 1 0 12 0.00 0.0 0 7.6 20 110 M M 2 26 90
10 89 62 76 0 0 11 0.00 0.0 0 7.8 18 110 M M 2 29 90
11 91 61 76 0 0 11 0.00 0.0 0 6.0 17 140 M M 2 24 150
12 94 67 81 5 0 16 0.00 0.0 0 4.7 15 150 M M 4 12 21 160
13 99 70 85 10 0 20 0.00 0.0 0 5.4 25 80 M M 2 38 80
14 92 70 81 6 0 16 0.00 0.0 0 7.7 17 130 M M 2 1 28 130
15 93 67 80 5 0 15 0.00 0.0 0 7.5 18 140 M M 2 12 27 120
16 96 65 81 7 0 16 0.00 0.0 0 5.8 18 130 M M 4 12 27 120
17 74 64 69 -5 0 4 0.83 0.0 0 10.9 21 20 M M 6 1 30 20
18 65 51 58 -16 7 0 0.12 0.0 0 8.1 20 10 M M 7 13 29 360
19 76 48 62 -12 3 0 0.00 0.0 0 5.2 12 50 M M 0 14 30
20 83 45 64 -9 1 0 0.00 0.0 0 6.6 14 230 M M 0 19 220
21 86 48 67 -6 0 2 0.00 0.0 0 7.3 20 130 M M 0 1 26 150
22 89 56 73 0 0 8 0.00 0.0 0 11.8 23 130 M M 1 1 30 140
23 89 64 77 5 0 12 0.00 0.0 0 13.9 26 130 M M 2 37 130
24 93 75 84 12 0 19 T 0.0 0 13.2 24 180 M M 1 33 180
25 80 50 65 -7 0 0 T 0.0 0 8.4 24 340 M M 3 33 330
26 82 45 64 -7 1 0 0.00 0.0 0 6.6 15 120 M M 1 22 140
27 80 53 67 -4 0 2 T 0.0 0 7.9 18 130 M M 6 25 140
28 82 57 70 -1 0 5 T 0.0 0 12.2 29 300 M M 5 12 39 290
29 77 48 63 -7 2 0 0.00 0.0 0 7.2 17 300 M M 0 25 300
30 83 46 65 -5 0 0 0.00 0.0 0 3.3 12 140 M M 0 17 140
31 78 52 65 -5 0 0 0.05 0.0 0 7.8 16 100 M M 6 13 22 90
================================================================================
SM 2656 1824 14 246 1.00 0.0 219.7 M 67
================================================================================
AV 85.7 58.8 7.1 FASTST M M 2 MAX(MPH)
MISC ----> 29 300 39 290
================================================================================
NOTES:
# LAST OF SEVERAL OCCURRENCES
COLUMN 17 PEAK WIND IN M.P.H.
PRELIMINARY LOCAL CLIMATOLOGICAL DATA (WS FORM: F-6) , PAGE 2
STATION: ALICE
MONTH: OCTOBER
YEAR: 2022
LATITUDE: 27 44 N
LONGITUDE: 98 1 W
[TEMPERATURE DATA] [PRECIPITATION DATA] SYMBOLS USED IN COLUMN 16
AVERAGE MONTHLY: 72.3 TOTAL FOR MONTH: 1.00 1 = FOG OR MIST
DPTR FM NORMAL: -2.0 DPTR FM NORMAL: -0.72 2 = FOG REDUCING VISIBILITY
HIGHEST: 99 ON 13 GRTST 24HR 0.93 ON 17-18 TO 1/4 MILE OR LESS
LOWEST: 45 ON 26,20 3 = THUNDER
SNOW, ICE PELLETS, HAIL 4 = ICE PELLETS
TOTAL MONTH: 0.0 INCH 5 = HAIL
GRTST 24HR 0.0 6 = FREEZING RAIN OR DRIZZLE
GRTST DEPTH: 0 7 = DUSTSTORM OR SANDSTORM:
VSBY 1/2 MILE OR LESS
8 = SMOKE OR HAZE
[NO. OF DAYS WITH] [WEATHER - DAYS WITH] 9 = BLOWING SNOW
X = TORNADO
MAX 32 OR BELOW: 0 0.01 INCH OR MORE: 3
MAX 90 OR ABOVE: 9 0.10 INCH OR MORE: 2
MIN 32 OR BELOW: 0 0.50 INCH OR MORE: 1
MIN 0 OR BELOW: 0 1.00 INCH OR MORE: 0
[HDD (BASE 65) ]
TOTAL THIS MO. 14 CLEAR (SCALE 0-3) 23
DPTR FM NORMAL 3 PTCLDY (SCALE 4-7) 8
TOTAL FM JUL 1 14 CLOUDY (SCALE 8-10) 0
DPTR FM NORMAL 5
[CDD (BASE 65) ]
TOTAL THIS MO. 246
DPTR FM NORMAL -52 [PRESSURE DATA]
TOTAL FM JAN 1 3843 HIGHEST SLP 30.37 ON 19
DPTR FM NORMAL 237 LOWEST SLP 29.63 ON 24
[REMARKS]
#FINAL-10-22#