000
CXUS54 KCRP 011652
CF6ALI
PRELIMINARY LOCAL CLIMATOLOGICAL DATA (WS FORM: F-6)
STATION: ALICE
MONTH: SEPTEMBER
YEAR: 2021
LATITUDE: 27 44 N
LONGITUDE: 98 1 W
TEMPERATURE IN F: :PCPN: SNOW: WIND :SUNSHINE: SKY :PK WND
================================================================================
1 2 3 4 5 6A 6B 7 8 9 10 11 12 13 14 15 16 17 18
12Z AVG MX 2MIN
DY MAX MIN AVG DEP HDD CDD WTR SNW DPTH SPD SPD DIR MIN PSBL S-S WX SPD DR
================================================================================
1 100 76 88 4 0 23 T 0.0 0 10.6 23 140 M M 1 1 27 140
2 99 74 87 3 0 22 T 0.0 0 8.5 21 110 M M 2 1 26 110
3 98 75 87 3 0 22 0.00 0.0 0 9.1 21 130 M M 1 26 150
4 99 75 87 3 0 22 T 0.0 0 9.8 21 130 M M 1 26 150
5 100 69 85 1 0 20 0.00 0.0 0 6.7 17 150 M M 2 12 22 160
6 100 69 85 2 0 20 0.00 0.0 0 5.8 16 140 M M 1 12 21 150
7 99 72 86 3 0 21 T 0.0 0 5.1 24 160 M M 2 3 30 140
8 98 70 84 1 0 19 0.00 0.0 0 4.0 14 40 M M 2 1 23 20
9 99 68 84 1 0 19 0.00 0.0 0 5.2 16 40 M M 0 19 40
10 98 70 84 1 0 19 T 0.0 0 7.1 18 90 M M 1 24 90
11 95 67 81 -1 0 16 0.00 0.0 0 7.2 16 60 M M 0 23 60
12 90 73 82 0 0 17 T 0.0 0 8.0 29 70 M M 3 1 38 90
13 87 73 80 -2 0 15 1.35 0.0 0 10.1 22 20 M M 7 1 31 40
14 95 69 82 0 0 17 0.00 0.0 0 6.3 15 340 M M 0 19 320
15 91 73 82 0 0 17 0.00 0.0 0 8.1 15 40 M M 4 20 30
16 94 70 82 1 0 17 0.00 0.0 0 5.3 10 140 M M 1 14 140
17 99 70 85 4 0 20 0.00 0.0 0 4.4 17 110 M M 0 22 120
18 98 74 86 5 0 21 0.00 0.0 0 4.8 14 160 M M 2 1 18 140
19 98 70 84 3 0 19 0.00 0.0 0 5.9 18 150 M M 1 1 23 150
20 98 71 85 4 0 20 0.00 0.0 0 9.0 18 140 M M 1 1 24 130
21 99 74 87 7 0 22 0.11 0.0 M 7.6 28 140 M M 2 13 37 130
22 88 61 75 -5 0 10 0.08 0.0 0 8.4 21 30 M M 4 13 30 40
23 89 56 73 -7 0 8 0.00 0.0 0 5.0 14 130 M M 0 17 140
24 88 57 73 -7 0 8 0.00 0.0 0 6.2 18 90 M M 0 23 100
25 90 62 76 -4 0 11 0.00 0.0 0 6.3 16 90 M M 1 22 90
26 92 59 76 -3 0 11 0.00 0.0 0 5.3 16 120 M M 1 21 100
27 96 64 80 1 0 15 0.00 0.0 0 5.7 16 120 M M 2 21 110
28 96 75 86 7 0 21 0.00 0.0 0 9.2 22 130 M M 2 26 140
29 87 68 78 -1 0 13 0.50 0.0 0 8.7 22 60 M M 5 1 28 60
30 95 74 85 7 0 20 0.01 0.0 0 6.6 28 90 M M 5 13 35 90
================================================================================
SM 2855 2078 0 525 2.05 0.0 210.0 M 54
================================================================================
AV 95.2 69.3 7.0 FASTST M M 2 MAX(MPH)
MISC ----> 29 70 38 90
================================================================================
NOTES:
# LAST OF SEVERAL OCCURRENCES
COLUMN 17 PEAK WIND IN M.P.H.
PRELIMINARY LOCAL CLIMATOLOGICAL DATA (WS FORM: F-6) , PAGE 2
STATION: ALICE
MONTH: SEPTEMBER
YEAR: 2021
LATITUDE: 27 44 N
LONGITUDE: 98 1 W
[TEMPERATURE DATA] [PRECIPITATION DATA] SYMBOLS USED IN COLUMN 16
AVERAGE MONTHLY: 82.2 TOTAL FOR MONTH: 2.05 1 = FOG OR MIST
DPTR FM NORMAL: 0.7 DPTR FM NORMAL: -2.46 2 = FOG REDUCING VISIBILITY
HIGHEST: 100 ON 6, 5 GRTST 24HR 1.43 ON 12-13 TO 1/4 MILE OR LESS
LOWEST: 56 ON 23 3 = THUNDER
SNOW, ICE PELLETS, HAIL 4 = ICE PELLETS
TOTAL MONTH: 0.0 INCH 5 = HAIL
GRTST 24HR 0.0 6 = FREEZING RAIN OR DRIZZLE
GRTST DEPTH: 0 7 = DUSTSTORM OR SANDSTORM:
VSBY 1/2 MILE OR LESS
8 = SMOKE OR HAZE
[NO. OF DAYS WITH] [WEATHER - DAYS WITH] 9 = BLOWING SNOW
X = TORNADO
MAX 32 OR BELOW: 0 0.01 INCH OR MORE: 5
MAX 90 OR ABOVE: 25 0.10 INCH OR MORE: 3
MIN 32 OR BELOW: 0 0.50 INCH OR MORE: 2
MIN 0 OR BELOW: 0 1.00 INCH OR MORE: 1
[HDD (BASE 65) ]
TOTAL THIS MO. 0 CLEAR (SCALE 0-3) 25
DPTR FM NORMAL 0 PTCLDY (SCALE 4-7) 5
TOTAL FM JUL 1 0 CLOUDY (SCALE 8-10) 0
DPTR FM NORMAL 0
[CDD (BASE 65) ]
TOTAL THIS MO. 525
DPTR FM NORMAL 30 [PRESSURE DATA]
TOTAL FM JAN 1 3308 HIGHEST SLP 30.25 ON 22
DPTR FM NORMAL 0 LOWEST SLP 29.72 ON 28
[REMARKS]
#FINAL-09-21#