000
CXUS54 KCRP 231210
CF6ALI
PRELIMINARY LOCAL CLIMATOLOGICAL DATA (WS FORM: F-6)
STATION: ALICE
MONTH: APRIL
YEAR: 2024
LATITUDE: 27 44 N
LONGITUDE: 98 1 W
TEMPERATURE IN F: :PCPN: SNOW: WIND :SUNSHINE: SKY :PK WND
================================================================================
1 2 3 4 5 6A 6B 7 8 9 10 11 12 13 14 15 16 17 18
12Z AVG MX 2MIN
DY MAX MIN AVG DEP HDD CDD WTR SNW DPTH SPD SPD DIR MIN PSBL S-S WX SPD DR
================================================================================
1 91 71 81 10 0 16 T 0.0 0 13.2 23 170 M M 4 18 32 180
2 88 65 77 6 0 12 0.00 0.0 0 13.8 25 350 M M 2 8 35 20
3 83 48 66 -5 0 1 0.00 0.0 0 7.4 16 330 M M 0 22 330
4 90 50 70 -1 0 5 0.00 0.0 0 9.8 18 220 M M 0 24 230
5 89 52 71 -1 0 6 0.00 0.0 0 13.7 26 140 M M 0 36 130
6 88 66 77 5 0 12 0.00 0.0 0 12.7 22 130 M M 4 31 110
7 88 70 79 7 0 14 0.00 0.0 0 7.1 17 120 M M 8 18 24 110
8 79 72 76 4 0 11 0.01 0.0 0 9.3 20 150 M M 10 18 27 150
9 94 75 85 13 0 20 T 0.0 0 13.8 36 300 M M 8 18 54 320
10 83 59 71 -1 0 6 0.17 0.0 0 18.9 41 320 M M 1 138 53 350
11 88 54 71 -2 0 6 0.00 0.0 0 8.1 16 330 M M 0 22 350
12 86 47 67 -6 0 2 0.00 0.0 0 9.2 23 130 M M 0 32 120
13 84 60 72 -1 0 7 0.00 0.0 0 12.8 25 130 M M 2 36 120
14 88 67 78 5 0 13 0.00 0.0 0 12.9 24 130 M M 5 34 130
15 88 72 80 7 0 15 0.00 0.0 0 15.2 26 120 M M 7 38 140
16 88 73 81 7 0 16 0.00 0.0 0 10.8 18 160 M M 9 18 26 200
17 89 75 82 8 0 17 0.04 0.0 0 8.9 20 120 M M 9 138 26 110
18 91 73 82 8 0 17 0.00 0.0 0 8.8 15 110 M M 5 18 24 110
19 92 70 81 7 0 16 0.00 0.0 0 9.7 20 100 M M 4 18 26 110
20 89 66 78 4 0 13 T 0.0 0 10.7 25 10 M M 8 18 32 10
21 70 56 63 -11 2 0 0.56 0.0 0 11.1 23 10 M M 9 13 30 30
22 73 60 67 -8 0 2 0.08 0.0 0 6.6 13 100 M M 9 18 50
================================================================================
SM 1899 1401 2 227 0.86 0.0 244.5 M 104
================================================================================
AV 86.3 63.7 11.1 FASTST M M 5 MAX(MPH)
MISC ----> 41 320 54 320
================================================================================
NOTES:
# LAST OF SEVERAL OCCURRENCES
COLUMN 17 PEAK WIND IN M.P.H.
PRELIMINARY LOCAL CLIMATOLOGICAL DATA (WS FORM: F-6) , PAGE 2
STATION: ALICE
MONTH: APRIL
YEAR: 2024
LATITUDE: 27 44 N
LONGITUDE: 98 1 W
[TEMPERATURE DATA] [PRECIPITATION DATA] SYMBOLS USED IN COLUMN 16
AVERAGE MONTHLY: 75.0 TOTAL FOR MONTH: 0.86 1 = FOG OR MIST
DPTR FM NORMAL: 2.3 DPTR FM NORMAL: -0.08 2 = FOG REDUCING VISIBILITY
HIGHEST: 94 ON 9 GRTST 24HR 0.56 ON 21-21 TO 1/4 MILE OR LESS
LOWEST: 47 ON 12 3 = THUNDER
SNOW, ICE PELLETS, HAIL 4 = ICE PELLETS
TOTAL MONTH: 0.0 INCH 5 = HAIL
GRTST 24HR 0.0 6 = FREEZING RAIN OR DRIZZLE
GRTST DEPTH: 0 7 = DUSTSTORM OR SANDSTORM:
VSBY 1/2 MILE OR LESS
8 = SMOKE OR HAZE
[NO. OF DAYS WITH] [WEATHER - DAYS WITH] 9 = BLOWING SNOW
X = TORNADO
MAX 32 OR BELOW: 0 0.01 INCH OR MORE: 5
MAX 90 OR ABOVE: 5 0.10 INCH OR MORE: 2
MIN 32 OR BELOW: 0 0.50 INCH OR MORE: 1
MIN 0 OR BELOW: 0 1.00 INCH OR MORE: 0
[HDD (BASE 65) ]
TOTAL THIS MO. 2 CLEAR (SCALE 0-3) 8
DPTR FM NORMAL -8 PTCLDY (SCALE 4-7) 9
TOTAL FM JUL 1 661 CLOUDY (SCALE 8-10) 5
DPTR FM NORMAL -220
[CDD (BASE 65) ]
TOTAL THIS MO. 227
DPTR FM NORMAL 44 [PRESSURE DATA]
TOTAL FM JAN 1 515 HIGHEST SLP M ON M
DPTR FM NORMAL 86 LOWEST SLP 29.48 ON 9
[REMARKS]