000
CXUS54 KEPZ 221305
CF6ALM
PRELIMINARY LOCAL CLIMATOLOGICAL DATA (WS FORM: F-6)
STATION: ALAMOGORDO
MONTH: DECEMBER
YEAR: 2022
LATITUDE: 32 49 N
LONGITUDE: 106 0 W
TEMPERATURE IN F: :PCPN: SNOW: WIND :SUNSHINE: SKY :PK WND
================================================================================
1 2 3 4 5 6A 6B 7 8 9 10 11 12 13 14 15 16 17 18
12Z AVG MX 2MIN
DY MAX MIN AVG DEP HDD CDD WTR SNW DPTH SPD SPD DIR MIN PSBL S-S WX SPD DR
================================================================================
1 64 32 48 M 17 0 0.00 M M 6.6 10 180 M M 2 14 360
2 72 37 55 M 10 0 0.00 M M 7.4 13 270 M M 1 18 99
3 68 41 55 M 10 0 0.00 M M 4.7 20 190 M M 6 15 120
4 59 41 50 M 15 0 0.01 M M 4.1 13 150 M M 7 1 M M
5 68 50 59 M 6 0 0.00 M M 7.1 12 210 M M 4 21 230
6 68 46 57 M 8 0 0.00 M M 7.4 15 180 M M 4 23 180
7 61 45 53 M 12 0 T M M 6.5 15 140 M M 7 13 190
8 64 37 51 M 14 0 0.00 M M 4.7 9 70 M M 3 16 0
9 59 37 48 M 17 0 0.00 M M 3.2 8 300 M M 3 M M
10 63 30 47 M 18 0 0.00 M M 3.5 10 30 M M 1 M M
11 66 28 47 M 18 0 0.00 M M 6.0 14 170 M M 2 22 200
12 64 36 50 M 15 0 0.00 M M 13.2 25 270 M M 3 8 36 270
13 48 34 41 M 24 0 0.00 M M 7.0 17 250 M M 4 23 260
14 46 25 36 M 29 0 0.00 M M 7.1 13 350 M M 2 18 360
15 48 19 34 M 31 0 0.03 M M 3.6 8 50 M M 2 M M
16 46 23 35 M 30 0 0.00 M M 11.1 17 350 M M 3 25 350
17 48 12 30 M 35 0 0.00 M M 5.0 10 330 M M 2 17 330
18 46 21 34 M 31 0 0.11 M M 2.6 10 160 M M 7 1 14 0
19 52 23 38 M 27 0 0.00 M M 4.5 10 30 M M 5 12 M M
20 54 23 39 M 26 0 0.00 M M 3.5 12 40 M M 2 M M
21 57 23 40 M 25 0 0.00 M M 4.1 9 70 M M 3 M M
22 63 28 46 M 19 0 0.00 M M 4.3 13 360 M M 2 16 360
23 30 16 23 M 42 0 0.00 M M 3.9 9 340 M M 4 13 30
24 48 12 30 M 35 0 0.00 M M 4.0 12 320 M M 2 17 320
25 52 18 35 M 30 0 0.00 M M 4.5 12 350 M M 0 M M
26 57 25 41 M 24 0 0.00 M M 5.5 12 360 M M 1 13 360
27 61 28 45 M 20 0 0.00 M M 7.8 16 150 M M 2 22 160
28 59 46 53 M 12 0 0.00 M M 11.9 27 240 M M 5 36 220
29 57 37 47 M 18 0 0.00 M M 4.7 25 300 M M 3 30 300
30 52 37 45 M 20 0 0.07 M M 3.8 12 280 M M 6 1 29 280
31 59 36 48 M 17 0 0.00 M M 5.4 10 360 M M 1 14 360
================================================================================
SM 1759 946 655 0 0.22 M 178.5 M 99
================================================================================
AV 56.7 30.5 5.8 FASTST M M 3 MAX(MPH)
MISC ----> 27 240 36 220
================================================================================
NOTES:
# LAST OF SEVERAL OCCURRENCES
COLUMN 17 PEAK WIND IN M.P.H.
PRELIMINARY LOCAL CLIMATOLOGICAL DATA (WS FORM: F-6) , PAGE 2
STATION: ALAMOGORDO
MONTH: DECEMBER
YEAR: 2022
LATITUDE: 32 49 N
LONGITUDE: 106 0 W
[TEMPERATURE DATA] [PRECIPITATION DATA] SYMBOLS USED IN COLUMN 16
AVERAGE MONTHLY: 43.6 TOTAL FOR MONTH: 0.22 1 = FOG OR MIST
DPTR FM NORMAL: 0.0 DPTR FM NORMAL: M 2 = FOG REDUCING VISIBILITY
HIGHEST: 72 ON 2 GRTST 24HR 0.11 ON 18-18 TO 1/4 MILE OR LESS
LOWEST: 12 ON 24,17 3 = THUNDER
SNOW, ICE PELLETS, HAIL 4 = ICE PELLETS
TOTAL MONTH: M 5 = HAIL
GRTST 24HR M ON M 6 = FREEZING RAIN OR DRIZZLE
GRTST DEPTH: M ON M 7 = DUSTSTORM OR SANDSTORM:
VSBY 1/2 MILE OR LESS
8 = SMOKE OR HAZE
[NO. OF DAYS WITH] [WEATHER - DAYS WITH] 9 = BLOWING SNOW
X = TORNADO
MAX 32 OR BELOW: 1 0.01 INCH OR MORE: 4
MAX 90 OR ABOVE: 0 0.10 INCH OR MORE: 1
MIN 32 OR BELOW: 17 0.50 INCH OR MORE: 0
MIN 0 OR BELOW: 0 1.00 INCH OR MORE: 0
[HDD (BASE 65) ]
TOTAL THIS MO. 655 CLEAR (SCALE 0-3) 19
DPTR FM NORMAL M PTCLDY (SCALE 4-7) 12
TOTAL FM JUL 1 1397 CLOUDY (SCALE 8-10) 0
DPTR FM NORMAL M
[CDD (BASE 65) ]
TOTAL THIS MO. 0
DPTR FM NORMAL M [PRESSURE DATA]
TOTAL FM JAN 1 1933 HIGHEST SLP M ON M
DPTR FM NORMAL M LOWEST SLP M ON M
[REMARKS]
#FINAL-12-22#