000
CXUS54 KEPZ 011030
CF6ALM
PRELIMINARY LOCAL CLIMATOLOGICAL DATA (WS FORM: F-6)
STATION: ALAMOGORDO
MONTH: MARCH
YEAR: 2022
LATITUDE: 32 49 N
LONGITUDE: 106 0 W
TEMPERATURE IN F: :PCPN: SNOW: WIND :SUNSHINE: SKY :PK WND
================================================================================
1 2 3 4 5 6A 6B 7 8 9 10 11 12 13 14 15 16 17 18
12Z AVG MX 2MIN
DY MAX MIN AVG DEP HDD CDD WTR SNW DPTH SPD SPD DIR MIN PSBL S-S WX SPD DR
================================================================================
1 70 39 55 M 10 0 0.00 M M 4.4 12 320 M M 0 12 99
2 73 37 55 M 10 0 0.00 M M 4.0 9 70 M M 0 13 99
3 73 39 56 M 9 0 0.00 M M 4.8 9 30 M M 2 16 360
4 75 52 64 M 1 0 0.00 M M 13.7 25 200 M M 3 8 39 210
5 66 43 55 M 10 0 0.00 M M 9.9 16 210 M M 1 24 160
6 57 37 47 M 18 0 0.00 M M 15.2 32 250 M M 0 8 40 250
7 57 21 39 M 26 0 0.00 M M 8.5 20 180 M M 0 26 160
8 52 28 40 M 25 0 0.00 M M 10.6 18 340 M M 0 27 340
9 63 19 41 M 24 0 0.00 M M 6.3 15 200 M M 2 8 23 220
10 68 34 51 M 14 0 0.00 M M 9.3 27 250 M M 2 32 250
11 48 30 39 M 26 0 0.12 M M 7.5 15 30 M M 5 128 25 20
12 55 21 38 M 27 0 0.00 M M 2.3 8 50 M M 0 M M
13 66 27 47 M 18 0 0.00 M M 5.6 16 190 M M 0 17 160
14 66 37 52 M 13 0 0.00 M M 9.7 24 340 M M 0 33 340
15 70 32 51 M 14 0 0.00 M M 4.6 9 10 M M 0 14 99
16 79 34 57 M 8 0 0.00 M M 8.2 24 170 M M 0 8 32 170
17 64 43 54 M 11 0 0.00 M M 10.1 20 330 M M 4 31 330
18 61 30 46 M 19 0 0.00 M M 5.5 15 160 M M 3 16 160
19 70 32 51 M 14 0 0.00 M M 4.7 8 130 M M 1 12 230
20 77 41 59 M 6 0 0.00 M M 12.0 23 160 M M 1 33 200
21 55 43 49 M 16 0 0.20 M M 10.5 21 210 M M 7 8 38 M
22 43 32 38 M 27 0 0.43 M M 5.5 12 200 M M 8 18 13 190
23 55 36 46 M 19 0 0.00 M M 8.4 15 330 M M 2 20 340
24 70 36 53 M 12 0 0.00 M M 4.7 9 80 M M 1 15 290
25 77 39 58 M 7 0 0.00 M M 4.2 9 70 M M 0 17 99
26 82 41 62 M 3 0 0.00 M M 4.3 8 30 M M 0 12 190
27 84 41 63 M 2 0 0.00 M M 4.0 8 70 M M 0 M M
28 79 45 62 M 3 0 0.00 M M 9.6 21 200 M M 2 35 200
29 68 45 57 M 8 0 0.00 M M 15.6 33 240 M M 5 8 40 240
30 64 43 54 M 11 0 0.00 M M 5.3 13 250 M M 6 8 24 0
31 68 39 54 M 11 0 0.00 M M 7.0 12 150 M M 0 15 120
================================================================================
SM 2055 1116 422 0 0.75 M 236.0 M 55
================================================================================
AV 66.3 36.0 7.6 FASTST M M 2 MAX(MPH)
MISC ----> 33 240 # 40 250
================================================================================
NOTES:
# LAST OF SEVERAL OCCURRENCES
COLUMN 17 PEAK WIND IN M.P.H.
PRELIMINARY LOCAL CLIMATOLOGICAL DATA (WS FORM: F-6) , PAGE 2
STATION: ALAMOGORDO
MONTH: MARCH
YEAR: 2022
LATITUDE: 32 49 N
LONGITUDE: 106 0 W
[TEMPERATURE DATA] [PRECIPITATION DATA] SYMBOLS USED IN COLUMN 16
AVERAGE MONTHLY: 51.1 TOTAL FOR MONTH: 0.75 1 = FOG OR MIST
DPTR FM NORMAL: 0.0 DPTR FM NORMAL: M 2 = FOG REDUCING VISIBILITY
HIGHEST: 84 ON 27 GRTST 24HR 0.43 ON 22-22 TO 1/4 MILE OR LESS
LOWEST: 19 ON 9 3 = THUNDER
SNOW, ICE PELLETS, HAIL 4 = ICE PELLETS
TOTAL MONTH: M 5 = HAIL
GRTST 24HR M ON M 6 = FREEZING RAIN OR DRIZZLE
GRTST DEPTH: M ON M 7 = DUSTSTORM OR SANDSTORM:
VSBY 1/2 MILE OR LESS
8 = SMOKE OR HAZE
[NO. OF DAYS WITH] [WEATHER - DAYS WITH] 9 = BLOWING SNOW
X = TORNADO
MAX 32 OR BELOW: 0 0.01 INCH OR MORE: 3
MAX 90 OR ABOVE: 0 0.10 INCH OR MORE: 3
MIN 32 OR BELOW: 10 0.50 INCH OR MORE: 0
MIN 0 OR BELOW: 0 1.00 INCH OR MORE: 0
[HDD (BASE 65) ]
TOTAL THIS MO. 422 CLEAR (SCALE 0-3) 23
DPTR FM NORMAL M PTCLDY (SCALE 4-7) 8
TOTAL FM JUL 1 2690 CLOUDY (SCALE 8-10) 0
DPTR FM NORMAL M
[CDD (BASE 65) ]
TOTAL THIS MO. 0
DPTR FM NORMAL M [PRESSURE DATA]
TOTAL FM JAN 1 0 HIGHEST SLP M ON M
DPTR FM NORMAL M LOWEST SLP M ON M
[REMARKS]
#FINAL-03-22#