000
CXUS54 KEPZ 011130
CF6ALM
PRELIMINARY LOCAL CLIMATOLOGICAL DATA (WS FORM: F-6)
STATION: ALAMOGORDO
MONTH: NOVEMBER
YEAR: 2021
LATITUDE: 32 49 N
LONGITUDE: 106 0 W
TEMPERATURE IN F: :PCPN: SNOW: WIND :SUNSHINE: SKY :PK WND
================================================================================
1 2 3 4 5 6A 6B 7 8 9 10 11 12 13 14 15 16 17 18
12Z AVG MX 2MIN
DY MAX MIN AVG DEP HDD CDD WTR SNW DPTH SPD SPD DIR MIN PSBL S-S WX SPD DR
================================================================================
1 75 45 60 M 5 0 0.00 M M 5.6 10 330 M M 0 17 330
2 75 41 58 M 7 0 0.00 M M 3.1 9 190 M M 0 17 190
3 73 41 57 M 8 0 0.00 M M 6.1 13 180 M M 1 21 180
4 66 32 49 M 16 0 0.00 M M 4.4 8 130 M M 0 M M
5 73 37 55 M 10 0 0.00 M M 3.6 8 60 M M 0 16 99
6 77 39 58 M 7 0 0.00 M M 3.8 9 80 M M 0 M M
7 81 41 61 M 4 0 0.00 M M 4.7 9 140 M M 0 13 190
8 75 45 60 M 5 0 0.00 M M 4.6 12 200 M M 0 13 210
9 77 41 59 M 6 0 0.00 M M 4.4 8 150 M M 0 13 99
10 72 45 59 M 6 0 0.00 M M 11.3 21 340 M M 0 31 350
11 70 37 54 M 11 0 0.00 M M 10.3 15 320 M M 0 22 350
12 72 30 51 M 14 0 0.00 M M 5.9 18 360 M M 0 8 23 0
13 72 32 52 M 13 0 0.00 M M 4.1 10 20 M M 0 8 12 350
14 75 34 55 M 10 0 0.00 M M 4.1 10 340 M M 0 16 340
15 77 34 56 M 9 0 0.00 M M 5.1 9 70 M M 0 14 340
16 75 36 56 M 9 0 0.00 M M 4.6 9 190 M M 0 13 99
17 70 41 56 M 9 0 0.00 M M 4.9 12 280 M M 0 M M
18 57 34 46 M 19 0 0.00 M M 4.1 8 10 M M 0 M M
19 64 30 47 M 18 0 0.00 M M 4.7 9 210 M M 1 M M
20 72 30 51 M 14 0 0.00 M M 5.0 12 200 M M 0 14 200
21 63 41 52 M 13 0 0.00 M M 7.1 13 160 M M 2 13 340
22 61 30 46 M 19 0 0.00 M M 3.4 7 10 M M 3 13 300
23 64 32 48 M 17 0 0.00 M M 4.7 12 160 M M 2 M M
24 66 48 57 M 8 0 0.00 M M 6.9 14 150 M M 6 15 320
25 55 36 46 M 19 0 0.08 M M 4.7 9 80 M M 7 18 17 90
26 59 30 45 M 20 0 0.00 M M 3.9 10 220 M M 3 14 99
27 64 36 50 M 15 0 0.00 M M 5.5 15 330 M M 3 20 330
28 63 30 47 M 18 0 0.00 M M 4.3 12 190 M M 0 16 190
29 64 30 47 M 18 0 0.00 M M 3.0 8 70 M M 0 M M
30 70 32 51 M 14 0 0.00 M M 4.1 10 30 M M 0 M M
================================================================================
SM 2077 1090 361 0 0.08 M 152.0 M 28
================================================================================
AV 69.2 36.3 5.1 FASTST M M 1 MAX(MPH)
MISC ----> 21 340 31 350
================================================================================
NOTES:
# LAST OF SEVERAL OCCURRENCES
COLUMN 17 PEAK WIND IN M.P.H.
PRELIMINARY LOCAL CLIMATOLOGICAL DATA (WS FORM: F-6) , PAGE 2
STATION: ALAMOGORDO
MONTH: NOVEMBER
YEAR: 2021
LATITUDE: 32 49 N
LONGITUDE: 106 0 W
[TEMPERATURE DATA] [PRECIPITATION DATA] SYMBOLS USED IN COLUMN 16
AVERAGE MONTHLY: 52.8 TOTAL FOR MONTH: 0.08 1 = FOG OR MIST
DPTR FM NORMAL: 0.0 DPTR FM NORMAL: M 2 = FOG REDUCING VISIBILITY
HIGHEST: 81 ON 7 GRTST 24HR 0.08 ON 25-25 TO 1/4 MILE OR LESS
LOWEST: 30 ON 29,28 3 = THUNDER
SNOW, ICE PELLETS, HAIL 4 = ICE PELLETS
TOTAL MONTH: M 5 = HAIL
GRTST 24HR M ON M 6 = FREEZING RAIN OR DRIZZLE
GRTST DEPTH: M ON M 7 = DUSTSTORM OR SANDSTORM:
VSBY 1/2 MILE OR LESS
8 = SMOKE OR HAZE
[NO. OF DAYS WITH] [WEATHER - DAYS WITH] 9 = BLOWING SNOW
X = TORNADO
MAX 32 OR BELOW: 0 0.01 INCH OR MORE: 1
MAX 90 OR ABOVE: 0 0.10 INCH OR MORE: 0
MIN 32 OR BELOW: 11 0.50 INCH OR MORE: 0
MIN 0 OR BELOW: 0 1.00 INCH OR MORE: 0
[HDD (BASE 65) ]
TOTAL THIS MO. 361 CLEAR (SCALE 0-3) 28
DPTR FM NORMAL M PTCLDY (SCALE 4-7) 2
TOTAL FM JUL 1 458 CLOUDY (SCALE 8-10) 0
DPTR FM NORMAL M
[CDD (BASE 65) ]
TOTAL THIS MO. 0
DPTR FM NORMAL M [PRESSURE DATA]
TOTAL FM JAN 1 1795 HIGHEST SLP M ON M
DPTR FM NORMAL M LOWEST SLP M ON M
[REMARKS]
#FINAL-11-21#