000
CXUS53 KDMX 011414
CLMALO
CLIMATE REPORT
NATIONAL WEATHER SERVICE DES MOINES IA
914 AM CDT SAT JUL 01 2023
...................................
...THE WATERLOO IA CLIMATE SUMMARY FOR THE MONTH OF JUNE 2023...
CLIMATE NORMAL PERIOD 1991 TO 2020
CLIMATE RECORD PERIOD 1895 TO 2023
WEATHER OBSERVED NORMAL DEPART LAST YEAR`S
VALUE DATE(S) VALUE FROM VALUE
NORMAL
..............................................................
TEMPERATURE (F)
RECORD
HIGH 107 06/28/1934
06/27/1934
LOW 33
HIGHEST 93 06/22 93 0
06/23
LOWEST 41 06/12 45 -4
MEAN 72.5 71.5 1.0
DAYS MAX >= 90 10 3.6 6.4
DAYS MAX <= 32 0 0.0 0.0
DAYS MIN <= 32 0 0.0 0.0
DAYS MIN <= 0 0 0.0 0.0
PRECIPITATION (INCHES)
RECORD
MAXIMUM 12.80 2009
MINIMUM 0.61 1927
TOTALS 2.20 5.72 -3.52
DAILY AVG. 0.07 0.19 -0.12
DAYS >= .01 11
DAYS >= .10 6
DAYS >= .50 1
DAYS >= 1.00 1
SNOWFALL (INCHES)
TOTALS 0.0 0.0 0.0
SINCE 7/1 38.5 39.1 -0.6
DEGREE DAYS
HEATING TOTAL 10 18 -8
SINCE 7/1 6525 6712 -187
COOLING TOTAL 243 212 31
SINCE 1/1 335 284 51
..............................................................
WIND (MPH)
HIGHEST GUST SPEED/DIRECTION 52/310 DATE 06/24
WEATHER CONDITIONS. NUMBER OF DAYS WITH
THUNDERSTORM 7 HAIL 0
SLEET 0 FOG 15
FOG W/VIS <= 1/4 MILE 0 HAZE 13
- INDICATES NEGATIVE NUMBERS.
R INDICATES RECORD WAS SET OR TIED.
MM INDICATES DATA IS MISSING.
T INDICATES TRACE AMOUNT.
$$