000
CXUS55 KPUB 041335 RRB
CLSALS
CLIMATE REPORT
NATIONAL WEATHER SERVICE
635 AM MST MON DEC 04 2023
...................................
...THE ALAMOSA CO CLIMATE SUMMARY FOR THE SEASON, FROM
9/1/2023 TO 11/30/2023...
CLIMATE NORMAL PERIOD 1991 TO 2020
CLIMATE RECORD PERIOD 1932 TO 2023
WEATHER OBSERVED NORMAL DEPART LAST YEAR`S
VALUE DATE(S) VALUE FROM VALUE DATE(S)
NORMAL
................................................................
TEMPERATURE (F)
RECORD
HIGH 89 09/05/2020
LOW -30 11/27/1952
HIGHEST 87 09/01 89 09/05
09/07
LOWEST -7 11/27 -4 11/17
AVG. MAXIMUM 65.1 61.9 3.2 62.1
AVG. MINIMUM 24.3 24.8 -0.5 24.7
MEAN 44.7 43.3 1.4 43.4
DAYS MAX >= 90 0 0.0 0.0
DAYS MAX <= 32 0 2.9 -2.9
DAYS MIN <= 32 63 64.0 -1.0
DAYS MIN <= 0 4 3.3 0.7
PRECIPITATION (INCHES)
RECORD
MAXIMUM 5.14 1972
MINIMUM 0.23 1955
TOTALS 1.34 2.00 -0.66 1.29
DAILY AVG. T 0.02 -0.02
DAYS >= .01 10 14.9 -4.9
DAYS >= .10 4 6.2 -2.2
DAYS >= .50 0 0.6 -0.6
DAYS >= 1.00 0 0.1 -0.1
GREATEST
24 HR. TOTAL 0.39 10/02 TO 10/02
SNOWFALL (INCHES)
RECORDS
MAXIMUM 34.1 1972
MINIMUM T 2012
TOTALS 0.1 6.1 -6.0 4.6
SINCE 7/1 0.1 6.1 -6.0 4.6
SNOWDEPTH AVG. T
DAYS >= 1.0 0 1.8 -1.8
GREATEST
SNOW DEPTH 0 2
24 HR TOTAL 0.1 11/19 TO 11/19 2.3
DEGREE DAYS
HEATING TOTAL 1826 1973 -147 1949
SINCE 7/1 1839 2079 -240 2006
COOLING TOTAL 1 1 0 6
SINCE 1/1 161 71 90 134
................................................................
WIND (MPH)
AVERAGE WIND SPEED 5.8
HIGHEST WIND SPEED/DIRECTION 44/230 DATE 10/02
HIGHEST GUST SPEED/DIRECTION 61/230 DATE 10/02
SKY COVER
POSSIBLE SUNSHINE (PERCENT) MM
AVERAGE SKY COVER 0.15
NUMBER OF DAYS FAIR 78
NUMBER OF DAYS PC 12
NUMBER OF DAYS CLOUDY 1
AVERAGE RH (PERCENT) 51
WEATHER CONDITIONS. NUMBER OF DAYS WITH
THUNDERSTORM 9 MIXED PRECIP 0
HEAVY RAIN 4 RAIN 6
LIGHT RAIN 15 FREEZING RAIN 0
LT FREEZING RAIN 0 HAIL 0
HEAVY SNOW 1 SNOW 1
LIGHT SNOW 3 SLEET 0
FOG 14 FOG W/VIS <= 1/4 MILE 8
HAZE 5
- INDICATES NEGATIVE NUMBERS.
R INDICATES RECORD WAS SET OR TIED.
MM INDICATES DATA IS MISSING.
T INDICATES TRACE AMOUNT.
$$