000
CXUS54 KAMA 011553
CF6AMA
PRELIMINARY LOCAL CLIMATOLOGICAL DATA (WS FORM: F-6)
STATION: AMARILLO
MONTH: APRIL
YEAR: 2020
LATITUDE: 35 13 N
LONGITUDE: 101 42 W
TEMPERATURE IN F: :PCPN: SNOW: WIND :SUNSHINE: SKY :PK WND
================================================================================
1 2 3 4 5 6A 6B 7 8 9 10 11 12 13 14 15 16 17 18
12Z AVG MX 2MIN
DY MAX MIN AVG DEP HDD CDD WTR SNW DPTH SPD SPD DIR MIN PSBL S-S WX SPD DR
================================================================================
1 81 47 64 12 1 0 0.00 0.0 0 18.9 31 190 M M 0 40 210
2 82 30 56 4 9 0 0.00 0.0 0 17.8 33 360 M M 1 18 40 10
3 50 25 38 -15 27 0 0.00 0.0 0 17.7 30 360 M M 6 1 38 10
4 60 28 44 -9 21 0 0.00 0.0 0 7.7 20 140 M M 0 22 130
5 70 38 54 1 11 0 0.00 0.0 0 18.1 25 170 M M 4 1 33 170
6 80 53 67 13 0 2 0.00 0.0 0 18.2 26 200 M M 2 1 33 180
7 85 45 65 11 0 0 0.00 0.0 0 12.3 23 240 M M 0 28 260
8 82 51 67 13 0 2 0.00 0.0 0 12.7 23 300 M M 0 28 300
9 63 42 53 -1 12 0 0.00 0.0 0 12.7 20 70 M M 0 24 80
10 66 38 52 -3 13 0 T 0.0 0 14.9 26 180 M M 4 31 180
11 81 50 66 11 0 1 0.00 0.0 0 18.4 29 230 M M 2 1 36 240
12 63 32 48 -7 17 0 0.00 0.0 0 22.2 40 350 M M 3 8 51 360
13 33 25 29 -27 36 0 0.03 0.6 0 11.8 25 20 M M 10 1 30 10
14 41 27 34 -22 31 0 0.09 1.1 1 5.5 13 180 M M 8 1 15 180
15 67 26 47 -9 18 0 0.00 0.0 0 15.0 28 230 M M 0 33 220
16 79 34 57 1 8 0 0.00 0.0 0 21.8 40 10 M M 0 53 10
17 55 28 42 -15 23 0 0.00 0.0 0 13.9 35 360 M M 3 43 360
18 75 37 56 -1 9 0 0.00 0.0 0 15.6 28 200 M M 0 34 190
19 75 42 59 2 6 0 0.00 0.0 0 10.4 20 340 M M 1 25 350
20 74 42 58 0 7 0 T 0.0 0 8.1 26 350 M M 3 123 32 10
21 77 42 60 2 5 0 0.00 0.0 0 12.5 24 120 M M 3 1 34 150
22 71 48 60 2 5 0 T 0.0 0 14.4 29 330 M M 3 38 330
23 80 42 61 2 4 0 0.00 0.0 0 8.4 20 210 M M 0 27 220
24 72 45 59 0 6 0 0.00 0.0 0 16.7 31 350 M M 1 42 360
25 69 37 53 -6 12 0 0.00 0.0 0 7.4 16 90 M M 1 19 100
26 83 45 64 4 1 0 0.00 0.0 0 18.7 32 190 M M 0 39 200
27 86 54 70 10 0 5 0.00 0.0 0 12.6 23 10 M M 0 28 10
28 86 53 70 10 0 5 0.00 0.0 0 16.5 28 30 M M 0 35 30
29 77 47 62 2 3 0 0.00 0.0 0 13.2 28 350 M M 0 33 350
30 90 46 68 7 0 3 0.00 0.0 0 18.1 30 210 M M 0 40 190
================================================================================
SM 2153 1199 285 18 0.12 1.7 432.2 M 55
================================================================================
AV 71.8 40.0 14.4 FASTST M M 2 MAX(MPH)
MISC ----> # 40 350 53 10
================================================================================
NOTES:
# LAST OF SEVERAL OCCURRENCES
COLUMN 17 PEAK WIND IN M.P.H.
PRELIMINARY LOCAL CLIMATOLOGICAL DATA (WS FORM: F-6) , PAGE 2
STATION: AMARILLO
MONTH: APRIL
YEAR: 2020
LATITUDE: 35 13 N
LONGITUDE: 101 42 W
[TEMPERATURE DATA] [PRECIPITATION DATA] SYMBOLS USED IN COLUMN 16
AVERAGE MONTHLY: 55.9 TOTAL FOR MONTH: 0.12 1 = FOG OR MIST
DPTR FM NORMAL: -0.4 DPTR FM NORMAL: -1.28 2 = FOG REDUCING VISIBILITY
HIGHEST: 90 ON 30 GRTST 24HR 0.12 ON 13-14 TO 1/4 MILE OR LESS
LOWEST: 25 ON 13, 3 3 = THUNDER
SNOW, ICE PELLETS, HAIL 4 = ICE PELLETS
TOTAL MONTH: 1.7 INCHES 5 = HAIL
GRTST 24HR 1.1 ON 14-14 6 = FREEZING RAIN OR DRIZZLE
GRTST DEPTH: 1 ON 14 7 = DUSTSTORM OR SANDSTORM:
VSBY 1/2 MILE OR LESS
8 = SMOKE OR HAZE
[NO. OF DAYS WITH] [WEATHER - DAYS WITH] 9 = BLOWING SNOW
X = TORNADO
MAX 32 OR BELOW: 0 0.01 INCH OR MORE: 2
MAX 90 OR ABOVE: 1 0.10 INCH OR MORE: 0
MIN 32 OR BELOW: 8 0.50 INCH OR MORE: 0
MIN 0 OR BELOW: 0 1.00 INCH OR MORE: 0
[HDD (BASE 65) ]
TOTAL THIS MO. 285 CLEAR (SCALE 0-3) 23
DPTR FM NORMAL 6 PTCLDY (SCALE 4-7) 6
TOTAL FM JUL 1 3862 CLOUDY (SCALE 8-10) 1
DPTR FM NORMAL -228
[CDD (BASE 65) ]
TOTAL THIS MO. 18
DPTR FM NORMAL -1 [PRESSURE DATA]
TOTAL FM JAN 1 24 HIGHEST SLP 30.35 ON 14
DPTR FM NORMAL 3 LOWEST SLP 29.35 ON 12
[REMARKS]
#FINAL-04-20#