000
CXUS52 KJAX 072225
CF6AMG
PRELIMINARY LOCAL CLIMATOLOGICAL DATA (WS FORM: F-6)
STATION: ALMA
MONTH: JANUARY
YEAR: 2023
LATITUDE: 31 32 N
LONGITUDE: 82 30 W
TEMPERATURE IN F: :PCPN: SNOW: WIND :SUNSHINE: SKY :PK WND
================================================================================
1 2 3 4 5 6A 6B 7 8 9 10 11 12 13 14 15 16 17 18
12Z AVG MX 2MIN
DY MAX MIN AVG DEP HDD CDD WTR SNW DPTH SPD SPD DIR MIN PSBL S-S WX SPD DR
================================================================================
1 76 51 64 13 1 0 0.00 0.0 0 1.9 10 240 M M 6 12 15 230
2 79 45 62 11 3 0 0.00 0.0 0 1.7 10 150 M M 1 12 12 160
3 81 53 67 16 0 2 0.00 0.0 0 6.7 17 170 M M 7 12 25 160
4 77 65 71 20 0 6 0.90 0.0 0 8.7 23 280 M M 10 13 36 290
5 74 47 61 10 4 0 0.00 0.0 0 4.9 16 300 M M 4 12 27 250
6 63 37 50 -1 15 0 0.00 0.0 0 4.7 15 310 M M 0 21 310
7 69 36 53 2 12 0 0.00 0.0 0 1.4 8 290 M M 0 1 12 290
8 70 38 54 3 11 0 0.00 0.0 0 1.4 10 190 M M 1 1 14 160
9 65 41 53 2 12 0 0.00 0.0 0 5.1 18 300 M M 2 1 23 300
10 66 38 52 1 13 0 0.00 0.0 0 1.9 13 310 M M 0 1 17 300
11 75 37 56 5 9 0 0.00 0.0 0 2.6 12 190 M M 2 1 17 180
12 79 57 68 17 0 3 0.77 0.0 0 10.6 25 280 M M 6 13 46 280
13 59 41 50 -1 15 0 0.01 0.0 0 10.9 23 290 M M 6 1 32 280
14 50 30 40 -11 25 0 0.00 0.0 0 10.5 22 300 M M 2 32 300
15 57 27 42 -9 23 0 0.00 0.0 0 2.1 10 300 M M 0 15 300
16 65 28 47 -4 18 0 0.00 0.0 0 0.7 7 260 M M 0 11 220
17 76 40 58 7 7 0 0.00 0.0 0 6.8 16 200 M M 3 22 200
18 73 61 67 16 0 2 T 0.0 0 2.2 9 220 M M 7 12 14 190
19 76 55 66 15 0 1 0.03 0.0 0 6.0 20 190 M M 3 12 27 180
20 67 43 55 4 10 0 0.00 0.0 0 4.1 12 270 M M 0 18 300
21 64 43 54 3 11 0 T 0.0 0 3.5 12 100 M M 5 18 110
22 69 50 60 9 5 0 1.36 0.0 0 6.4 31 310 M M 10 13 45 300
23 60 39 50 -1 15 0 0.00 0.0 0 7.3 17 310 M M 1 25 290
24 63 31 47 -4 18 0 0.00 0.0 0 3.6 10 130 M M 0 16 150
25 73 50 62 11 3 0 0.68 0.0 0 9.5 20 190 M M 8 1 31 180
26 59 37 48 -3 17 0 0.00 0.0 0 6.8 17 300 M M 1 25 300
27 56 33 45 -6 20 0 0.00 0.0 0 3.1 14 300 M M 0 19 310
28 60 29 45 -7 20 0 0.00 0.0 0 2.1 9 160 M M 0 1 14 130
29 61 38 50 -2 15 0 1.39 0.0 0 1.5 8 350 M M 8 13 11 330
30 78 55 67 15 0 2 0.41 0.0 0 4.6 14 230 M M 9 1 20 240
31 76 63 70 18 0 5 0.01 0.0 0 2.2 10 270 M M 9 12 15 270
================================================================================
SM 2116 1338 302 21 5.56 0.0 145.5 M 111
================================================================================
AV 68.3 43.2 4.7 FASTST M M 4 MAX(MPH)
MISC ----> 31 310 46 280
================================================================================
NOTES:
# LAST OF SEVERAL OCCURRENCES
COLUMN 17 PEAK WIND IN M.P.H.
PRELIMINARY LOCAL CLIMATOLOGICAL DATA (WS FORM: F-6) , PAGE 2
STATION: ALMA
MONTH: JANUARY
YEAR: 2023
LATITUDE: 31 32 N
LONGITUDE: 82 30 W
[TEMPERATURE DATA] [PRECIPITATION DATA] SYMBOLS USED IN COLUMN 16
AVERAGE MONTHLY: 55.7 TOTAL FOR MONTH: 5.56 1 = FOG OR MIST
DPTR FM NORMAL: 4.7 DPTR FM NORMAL: 1.84 2 = FOG REDUCING VISIBILITY
HIGHEST: 81 ON 3 GRTST 24HR 1.80 ON 29-30 TO 1/4 MILE OR LESS
LOWEST: 27 ON 15 3 = THUNDER
SNOW, ICE PELLETS, HAIL 4 = ICE PELLETS
TOTAL MONTH: 0.0 INCH 5 = HAIL
GRTST 24HR 0.0 6 = FREEZING RAIN OR DRIZZLE
GRTST DEPTH: 0 7 = DUSTSTORM OR SANDSTORM:
VSBY 1/2 MILE OR LESS
8 = SMOKE OR HAZE
[NO. OF DAYS WITH] [WEATHER - DAYS WITH] 9 = BLOWING SNOW
X = TORNADO
MAX 32 OR BELOW: 0 0.01 INCH OR MORE: 9
MAX 90 OR ABOVE: 0 0.10 INCH OR MORE: 6
MIN 32 OR BELOW: 5 0.50 INCH OR MORE: 5
MIN 0 OR BELOW: 0 1.00 INCH OR MORE: 2
[HDD (BASE 65) ]
TOTAL THIS MO. 302 CLEAR (SCALE 0-3) 18
DPTR FM NORMAL -140 PTCLDY (SCALE 4-7) 7
TOTAL FM JUL 1 856 CLOUDY (SCALE 8-10) 6
DPTR FM NORMAL -222
[CDD (BASE 65) ]
TOTAL THIS MO. 21
DPTR FM NORMAL 14 [PRESSURE DATA]
TOTAL FM JAN 1 21 HIGHEST SLP 30.49 ON 28
DPTR FM NORMAL 14 LOWEST SLP 29.61 ON 22
[REMARKS]
#FINAL-01-23#