606
CXUS54 KBMX 011110
CF6ANB
PRELIMINARY LOCAL CLIMATOLOGICAL DATA (WS FORM: F-6)
STATION: ANNISTON
MONTH: JANUARY
YEAR: 2021
LATITUDE: 33 35 N
LONGITUDE: 85 51 W
TEMPERATURE IN F: :PCPN: SNOW: WIND :SUNSHINE: SKY :PK WND
================================================================================
1 2 3 4 5 6A 6B 7 8 9 10 11 12 13 14 15 16 17 18
12Z AVG MX 2MIN
DY MAX MIN AVG DEP HDD CDD WTR SNW DPTH SPD SPD DIR MIN PSBL S-S WX SPD DR
================================================================================
1 72 50 61 18 4 0 M 0.0 0 6.3 21 150 M M 5 1 33 140
2 66 40 53 10 12 0 0.00 0.0 0 5.1 18 260 M M 4 12 24 260
3 52 31 42 -1 23 0 0.00 0.0 0 5.6 16 260 M M 5 22 270
4 61 28 45 2 20 0 0.00 0.0 0 2.0 13 240 M M 2 1 15 230
5 55 30 43 0 22 0 0.00 0.0 0 4.7 16 340 M M 2 1 22 330
6 58 26 42 -1 23 0 0.00 0.0 0 2.6 12 70 M M 0 1 15 70
7 48 36 42 -1 23 0 M 0.0 0 7.2 21 70 M M 6 1 30 80
8 42 37 40 -3 25 0 M 0.0 0 5.8 15 300 M M 10 1 20 320
9 37 33 35 -8 30 0 T T 0 6.9 13 350 M M 10 17 350
10 46 29 38 -5 27 0 0.00 0.0 M 2.9 10 20 M M 3 15 20
11 46 38 42 -1 23 0 M 0.0 M 4.2 10 360 M M 10 1 16 360
12 42 27 35 -8 30 0 M 0.0 M 3.8 9 280 M M 9 1 12 10
13 45 27 36 -7 29 0 0.00 0.0 M 5.2 10 230 M M 5 12 14 250
14 59 24 42 -1 23 0 0.00 0.0 M 3.7 16 230 M M 0 1 21 240
15 56 35 46 3 19 0 0.00 0.0 M 8.5 28 250 M M 5 36 250
16 48 29 39 -4 26 0 0.00 0.0 0 6.2 18 250 M M 7 25 260
17 53 30 42 -1 23 0 0.00 0.0 0 5.2 20 240 M M 4 25 250
18 56 24 40 -3 25 0 0.00 0.0 0 5.5 18 250 M M 0 25 250
19 57 29 43 0 22 0 T 0.0 0 4.1 14 240 M M 7 18 16 240
20 54 38 46 3 19 0 T 0.0 M 4.4 12 250 M M 3 1 14 280
21 55 43 49 6 16 0 0.07 0.0 M 5.4 10 250 M M 10 1 13 290
22 58 32 45 2 20 0 0.16 0.0 0 2.7 10 10 M M 6 1 12 360
23 62 32 47 4 18 0 0.00 0.0 0 4.6 12 20 M M 2 14 20
24 67 42 55 11 10 0 0.04 0.0 0 6.3 14 230 M M 5 1 18 140
25 73 55 64 20 1 0 0.03 0.0 0 7.6 23 200 M M 9 1 34 220
26 72 49 61 17 4 0 0.61 0.0 0 4.8 25 230 M M 7 13 38 220
27 62 41 52 8 13 0 M 0.0 M 7.4 18 340 M M 8 1 27 300
28 48 31 40 -4 25 0 0.00 0.0 0 7.1 20 340 M M 4 31 360
29 54 30 42 -2 23 0 0.00 0.0 0 4.4 12 20 M M 0 14 30
30 57 33 45 1 20 0 T 0.0 0 7.8 17 150 M M 5 28 130
31 70 43 57 13 8 0 0.46 0.0 0 7.6 20 310 M M 9 1 28 340
================================================================================
SM 1731 1072 606 0 1.37 T 165.6 M 162
================================================================================
AV 55.8 34.6 5.3 FASTST M M 5 MAX(MPH)
MISC ----> 28 250 38 220
================================================================================
NOTES:
# LAST OF SEVERAL OCCURRENCES
COLUMN 17 PEAK WIND IN M.P.H.
PRELIMINARY LOCAL CLIMATOLOGICAL DATA (WS FORM: F-6) , PAGE 2
STATION: ANNISTON
MONTH: JANUARY
YEAR: 2021
LATITUDE: 33 35 N
LONGITUDE: 85 51 W
[TEMPERATURE DATA] [PRECIPITATION DATA] SYMBOLS USED IN COLUMN 16
AVERAGE MONTHLY: 45.2 TOTAL FOR MONTH: 1.37 1 = FOG OR MIST
DPTR FM NORMAL: 1.8 DPTR FM NORMAL: -3.15 2 = FOG REDUCING VISIBILITY
HIGHEST: 73 ON 25 GRTST 24HR 0.75 ON 21-22 TO 1/4 MILE OR LESS
LOWEST: 24 ON 14,18 3 = THUNDER
SNOW, ICE PELLETS, HAIL 4 = ICE PELLETS
TOTAL MONTH: T 5 = HAIL
GRTST 24HR T ON 9- 9 6 = FREEZING RAIN OR DRIZZLE
GRTST DEPTH: 0 7 = DUSTSTORM OR SANDSTORM:
VSBY 1/2 MILE OR LESS
8 = SMOKE OR HAZE
[NO. OF DAYS WITH] [WEATHER - DAYS WITH] 9 = BLOWING SNOW
X = TORNADO
MAX 32 OR BELOW: 0 0.01 INCH OR MORE: 6
MAX 90 OR ABOVE: 0 0.10 INCH OR MORE: 3
MIN 32 OR BELOW: 16 0.50 INCH OR MORE: 1
MIN 0 OR BELOW: 0 1.00 INCH OR MORE: 0
[HDD (BASE 65) ]
TOTAL THIS MO. 606 CLEAR (SCALE 0-3) 8
DPTR FM NORMAL -65 PTCLDY (SCALE 4-7) 15
TOTAL FM JUL 1 1468 CLOUDY (SCALE 8-10) 8
DPTR FM NORMAL -308
[CDD (BASE 65) ]
TOTAL THIS MO. 0
DPTR FM NORMAL 0 [PRESSURE DATA]
TOTAL FM JAN 1 0 HIGHEST SLP 30.55 ON 28
DPTR FM NORMAL 0 LOWEST SLP 29.69 ON 15
[REMARKS]
#FINAL-01-21#