000
CXAK56 PAFC 011559
CF6ANC
PRELIMINARY LOCAL CLIMATOLOGICAL DATA (WS FORM: F-6)
STATION: ANCHORAGE AK
MONTH: JULY
YEAR: 2022
LATITUDE: 61 10 N
LONGITUDE: 150 2 W
TEMPERATURE IN F: :PCPN: SNOW: WIND :SUNSHINE: SKY :PK WND
================================================================================
1 2 3 4 5 6A 6B 7 8 9 10 11 12 13 14 15 16 17 18
12Z AVG MX 2MIN
DY MAX MIN AVG DEP HDD CDD WTR SNW DPTH SPD SPD DIR MIN PSBL S-S WX SPD DR
================================================================================
1 75 59 67 8 0 2 0.00 0.0 0 9.9 20 150 M M 5 36 160
2 78 54 66 7 0 1 0.00 0.0 0 7.6 21 190 M M 5 32 200
3 73 56 65 6 0 0 0.00 0.0 0 6.2 14 220 M M 7 21 200
4 69 56 63 4 2 0 0.00 0.0 0 4.3 10 240 M M 8 13 250
5 75 54 65 6 0 0 0.00 0.0 0 5.4 13 230 M M 3 17 220
6 69 54 62 3 3 0 0.00 0.0 0 7.5 16 230 M M 6 19 220
7 62 56 59 0 6 0 0.15 0.0 0 4.3 12 240 M M 9 1 20 210
8 68 56 62 3 3 0 T 0.0 0 9.2 21 180 M M 8 35 150
9 69 54 62 3 3 0 0.00 0.0 0 8.4 22 150 M M 8 1 34 150
10 66 54 60 0 5 0 0.00 0.0 0 5.1 13 150 M M 7 26 160
11 72 54 63 3 2 0 0.00 0.0 0 9.5 24 150 M M 8 37 160
12 64 56 60 0 5 0 0.05 0.0 0 7.1 20 150 M M 10 37 170
13 61 57 59 -1 6 0 0.06 0.0 0 8.0 18 160 M M 10 1 28 160
14 65 54 60 0 5 0 0.17 0.0 0 5.0 10 260 M M 9 1 16 260
15 60 50 55 -5 10 0 0.46 0.0 0 10.8 25 170 M M 9 1 38 160
16 59 54 57 -3 8 0 0.71 0.0 0 9.6 23 150 M M 10 1 37 160
17 58 53 56 -4 9 0 0.58 0.0 0 7.3 20 360 M M 9 1 29 170
18 67 53 60 0 5 0 0.19 0.0 0 11.7 23 150 M M 8 1 32 160
19 58 50 54 -6 11 0 1.34 0.0 0 9.6 29 160 M M 10 1 39 170
20 59 50 55 -5 10 0 0.13 0.0 0 8.8 22 150 M M 10 8 33 170
21 58 52 55 -5 10 0 0.01 0.0 0 14.3 23 140 M M 10 18 34 160
22 60 49 55 -5 10 0 0.15 0.0 0 5.6 16 210 M M 9 1 23 160
23 62 48 55 -5 10 0 T 0.0 0 10.5 23 150 M M 9 39 170
24 71 51 61 1 4 0 0.00 0.0 0 8.3 24 140 M M 7 33 150
25 68 55 62 2 3 0 0.09 0.0 0 15.2 30 130 M M 9 45 140
26 62 48 55 -5 10 0 0.00 0.0 0 11.3 26 190 M M 5 38 200
27 68 44 56 -4 9 0 0.00 0.0 0 4.6 13 250 M M 2 15 260
28 72 49 61 1 4 0 0.00 0.0 0 5.3 9 40 M M 4 14 10
29 72 51 62 2 3 0 0.00 0.0 0 5.4 16 170 M M 6 27 190
30 63 55 59 -1 6 0 0.17 0.0 0 7.4 21 160 M M 9 1 29 160
31 67 52 60 0 5 0 T 0.0 0 5.5 9 290 M M 7 16 190
================================================================================
SM 2050 1638 167 3 4.26 0.0 248.7 M 236
================================================================================
AV 66.1 52.8 8.0 FASTST M M 8 MAX(MPH)
MISC ----> 30 130 45 140
================================================================================
NOTES:
# LAST OF SEVERAL OCCURRENCES
COLUMN 17 PEAK WIND IN M.P.H.
PRELIMINARY LOCAL CLIMATOLOGICAL DATA (WS FORM: F-6) , PAGE 2
STATION: ANCHORAGE AK
MONTH: JULY
YEAR: 2022
LATITUDE: 61 10 N
LONGITUDE: 150 2 W
[TEMPERATURE DATA] [PRECIPITATION DATA] SYMBOLS USED IN COLUMN 16
AVERAGE MONTHLY: 59.5 TOTAL FOR MONTH: 4.26 1 = FOG OR MIST
DPTR FM NORMAL: -0.1 DPTR FM NORMAL: 2.44 2 = FOG REDUCING VISIBILITY
HIGHEST: 78 ON 2 GRTST 24HR 1.42 ON 18-19 TO 1/4 MILE OR LESS
LOWEST: 44 ON 27 3 = THUNDER
SNOW, ICE PELLETS, HAIL 4 = ICE PELLETS
TOTAL MONTH: 0.0 INCH 5 = HAIL
GRTST 24HR 0.0 6 = FREEZING RAIN OR DRIZZLE
GRTST DEPTH: 0 7 = DUSTSTORM OR SANDSTORM:
VSBY 1/2 MILE OR LESS
8 = SMOKE OR HAZE
[NO. OF DAYS WITH] [WEATHER - DAYS WITH] 9 = BLOWING SNOW
X = TORNADO
MAX 32 OR BELOW: 0 0.01 INCH OR MORE: 14
MAX 90 OR ABOVE: 0 0.10 INCH OR MORE: 10
MIN 32 OR BELOW: 0 0.50 INCH OR MORE: 3
MIN 0 OR BELOW: 0 1.00 INCH OR MORE: 1
[HDD (BASE 65) ]
TOTAL THIS MO. 167 CLEAR (SCALE 0-3) 2
DPTR FM NORMAL -7 PTCLDY (SCALE 4-7) 15
TOTAL FM JUL 1 167 CLOUDY (SCALE 8-10) 14
DPTR FM NORMAL -2
[CDD (BASE 65) ]
TOTAL THIS MO. 3
DPTR FM NORMAL -2 [PRESSURE DATA]
TOTAL FM JAN 1 9 HIGHEST SLP 30.23 ON 26
DPTR FM NORMAL 2 LOWEST SLP 29.43 ON 17
[REMARKS]
#FINAL-07-22#