000
CXUS52 KGSP 011601
CF6AND
PRELIMINARY LOCAL CLIMATOLOGICAL DATA (WS FORM: F-6)
STATION: ANDERSON SC
MONTH: NOVEMBER
YEAR: 2021
LATITUDE: 34 30 N
LONGITUDE: 82 43 W
TEMPERATURE IN F: :PCPN: SNOW: WIND :SUNSHINE: SKY :PK WND
================================================================================
1 2 3 4 5 6A 6B 7 8 9 10 11 12 13 14 15 16 17 18
12Z AVG MX 2MIN
DY MAX MIN AVG DEP HDD CDD WTR SNW DPTH SPD SPD DIR MIN PSBL S-S WX SPD DR
================================================================================
1 69 42 56 0 9 0 0.00 M M 1.4 8 260 M M 0 13 250
2 70 43 57 1 8 0 0.00 M M 2.6 13 60 M M 0 17 70
3 56 47 52 -4 13 0 0.03 M M 8.5 18 70 M M 8 23 70
4 47 42 45 -10 20 0 0.13 M M 5.9 13 70 M M 10 18 40
5 52 38 45 -10 20 0 0.00 M M 6.0 15 70 M M 0 1 21 70
6 54 43 49 -6 16 0 T M M 7.7 18 40 M M 0 28 50
7 67 40 54 0 11 0 0.00 M M 3.7 13 70 M M 0 17 70
8 73 35 54 0 11 0 0.00 M M 1.3 9 260 M M 0 12 50
9 76 39 58 4 7 0 0.00 M M 2.4 14 240 M M 0 16 240
10 77 43 60 7 5 0 0.00 M M 2.2 9 200 M M 0 1 12 210
11 65 45 55 2 10 0 0.75 M M 3.4 17 280 M M 7 1 23 290
12 67 43 55 2 10 0 0.01 M M 5.3 15 280 M M 2 22 220
13 62 37 50 -2 15 0 0.00 M M 5.4 17 260 M M 0 23 280
14 59 31 45 -7 20 0 0.00 M M 6.2 18 240 M M 0 27 260
15 62 44 53 1 12 0 0.00 M M 9.4 18 240 M M 0 24 230
16 71 37 54 2 11 0 0.00 M M 3.4 17 220 M M 0 1 20 220
17 73 45 59 8 6 0 0.00 M M 4.0 17 220 M M 2 12 22 250
18 75 45 60 9 5 0 0.02 M M 5.9 21 300 M M 4 1 29 300
19 61 31 46 -5 19 0 0.00 M M 4.0 10 80 M M 0 13 100
20 55 35 45 -6 20 0 0.00 M M 6.6 15 60 M M 1 19 70
21 58 40 49 -1 16 0 0.00 M M 1.6 8 50 M M 8 9 40
22 66 43 55 5 10 0 0.29 M M 6.2 18 320 M M 6 1 24 320
23 53 29 41 -9 24 0 0.00 M M 3.3 8 260 M M 0 14 300
24 56 28 42 -8 23 0 0.00 M M 1.8 9 250 M M 0 12 250
25 63 30 47 -2 18 0 T M M 6.8 18 230 M M 1 23 240
26 60 34 47 -2 18 0 0.04 M M 8.9 17 290 M M 2 1 22 300
27 59 28 44 -5 21 0 0.00 M M 3.9 13 220 M M 0 17 210
28 61 37 49 0 16 0 0.00 M M 4.6 12 300 M M 0 14 310
29 53 31 42 -6 23 0 0.00 M M 4.1 14 80 M M 0 18 60
30 65 27 46 -2 19 0 0.00 M M 5.8 17 230 M M 0 22 240
================================================================================
SM 1885 1132 436 0 1.27 M 142.3 M 51
================================================================================
AV 62.8 37.7 4.7 FASTST M M 2 MAX(MPH)
MISC ----> 21 300 29 300
================================================================================
NOTES:
# LAST OF SEVERAL OCCURRENCES
COLUMN 17 PEAK WIND IN M.P.H.
PRELIMINARY LOCAL CLIMATOLOGICAL DATA (WS FORM: F-6) , PAGE 2
STATION: ANDERSON SC
MONTH: NOVEMBER
YEAR: 2021
LATITUDE: 34 30 N
LONGITUDE: 82 43 W
[TEMPERATURE DATA] [PRECIPITATION DATA] SYMBOLS USED IN COLUMN 16
AVERAGE MONTHLY: 50.3 TOTAL FOR MONTH: 1.27 1 = FOG OR MIST
DPTR FM NORMAL: -1.6 DPTR FM NORMAL: -2.33 2 = FOG REDUCING VISIBILITY
HIGHEST: 77 ON 10 GRTST 24HR 0.76 ON 11-12 TO 1/4 MILE OR LESS
LOWEST: 27 ON 30 3 = THUNDER
SNOW, ICE PELLETS, HAIL 4 = ICE PELLETS
TOTAL MONTH: M 5 = HAIL
GRTST 24HR M ON M 6 = FREEZING RAIN OR DRIZZLE
GRTST DEPTH: M ON M 7 = DUSTSTORM OR SANDSTORM:
VSBY 1/2 MILE OR LESS
8 = SMOKE OR HAZE
[NO. OF DAYS WITH] [WEATHER - DAYS WITH] 9 = BLOWING SNOW
X = TORNADO
MAX 32 OR BELOW: 0 0.01 INCH OR MORE: 7
MAX 90 OR ABOVE: 0 0.10 INCH OR MORE: 3
MIN 32 OR BELOW: 8 0.50 INCH OR MORE: 1
MIN 0 OR BELOW: 0 1.00 INCH OR MORE: 0
[HDD (BASE 65) ]
TOTAL THIS MO. 436 CLEAR (SCALE 0-3) 24
DPTR FM NORMAL 39 PTCLDY (SCALE 4-7) 4
TOTAL FM JUL 1 527 CLOUDY (SCALE 8-10) 2
DPTR FM NORMAL -16
[CDD (BASE 65) ]
TOTAL THIS MO. 0
DPTR FM NORMAL -5 [PRESSURE DATA]
TOTAL FM JAN 1 1774 HIGHEST SLP 30.55 ON 20
DPTR FM NORMAL -32 LOWEST SLP 29.86 ON 22
[REMARKS]
#FINAL-11-21#