000
CXUS53 KIWX 010910
CF6AOH
PRELIMINARY LOCAL CLIMATOLOGICAL DATA (WS FORM: F-6)
STATION: LIMA
MONTH: DECEMBER
YEAR: 2023
LATITUDE: 40 42 N
LONGITUDE: 84 1 W
TEMPERATURE IN F: :PCPN: SNOW: WIND :SUNSHINE: SKY :PK WND
================================================================================
1 2 3 4 5 6A 6B 7 8 9 10 11 12 13 14 15 16 17 18
12Z AVG MX 2MIN
DY MAX MIN AVG DEP HDD CDD WTR SNW DPTH SPD SPD DIR MIN PSBL S-S WX SPD DR
================================================================================
1 51 42 47 11 18 0 0.09 M M 7.8 22 190 M M 10 1 32 200
2 50 41 46 10 19 0 0.00 M M 8.6 16 250 M M 10 1 24 230
3 49 38 44 8 21 0 0.02 M M 10.9 29 260 M M 10 12 38 260
4 43 33 38 3 27 0 0.00 M M 7.8 18 260 M M 9 23 260
5 39 36 38 3 27 0 0.09 M M 5.0 14 350 M M 10 1 21 360
6 40 29 35 0 30 0 0.00 M M 9.3 21 260 M M 7 27 250
7 50 34 42 8 23 0 0.00 M M 11.9 22 220 M M 3 27 230
8 56 44 50 16 15 0 0.00 M M 13.1 22 200 M M 5 31 210
9 63 44 54 20 11 0 0.28 M M 14.2 24 250 M M 9 13 39 180
10 44 34 39 5 26 0 0.00 M M 13.9 23 280 M M 10 1 30 280
11 34 28 31 -2 34 0 0.01 M M 9.9 17 260 M M 8 1 22 260
12 48 28 38 5 27 0 0.00 M M 12.3 25 270 M M 0 32 270
13 41 25 33 0 32 0 0.00 M M 5.4 9 220 M M 1 13 280
14 49 23 36 4 29 0 0.00 M M 7.1 13 230 M M 0 17 240
15 56 31 44 12 21 0 0.00 M M 6.9 12 180 M M 0 15 180
16 54 34 44 12 21 0 0.00 M M 10.2 18 140 M M 1 25 130
17 51 41 46 14 19 0 0.14 M M 12.1 18 260 M M 10 1 27 160
18 41 28 35 4 30 0 0.01 M M 19.4 32 310 M M 10 1 49 290
19 34 26 30 -1 35 0 0.00 M M 10.9 24 280 M M 5 32 270
20 45 28 37 6 28 0 0.00 M M 8.4 14 170 M M 3 19 200
21 50 32 41 10 24 0 0.00 M M 4.1 9 150 M M 8 11 190
22 48 35 42 12 23 0 0.08 M M 6.9 15 150 M M 10 1 19 140
23 49 42 46 16 19 0 0.26 M M 7.8 13 200 M M 10 12 19 180
24 54 44 49 19 16 0 0.00 M M 6.3 12 170 M M 9 1 15 160
25 60 43 52 22 13 0 T M M 12.6 24 130 M M 4 1 35 150
26 57 45 51 21 14 0 0.00 M M 9.8 18 150 M M 10 1 28 140
27 50 38 44 15 21 0 0.01 M M 7.8 15 300 M M 7 1 19 310
28 46 37 42 13 23 0 0.08 0.0 0 8.7 18 200 M M 10 1 27 200
29 38 36 37 8 28 0 0.00 M M 9.5 14 250 M M 10 1 18 230
30 40 33 37 8 28 0 0.00 M M 11.9 20 240 M M 9 1 27 240
31 39 32 36 7 29 0 0.06 M M 11.7 23 270 M M 10 1 28 280
================================================================================
SM 1469 1084 731 0 1.13 0.0 302.2 M 218
================================================================================
AV 47.4 35.0 9.7 FASTST M M 7 MAX(MPH)
MISC ----> 32 310 49 290
================================================================================
NOTES:
# LAST OF SEVERAL OCCURRENCES
COLUMN 17 PEAK WIND IN M.P.H.
PRELIMINARY LOCAL CLIMATOLOGICAL DATA (WS FORM: F-6) , PAGE 2
STATION: LIMA
MONTH: DECEMBER
YEAR: 2023
LATITUDE: 40 42 N
LONGITUDE: 84 1 W
[TEMPERATURE DATA] [PRECIPITATION DATA] SYMBOLS USED IN COLUMN 16
AVERAGE MONTHLY: 41.2 TOTAL FOR MONTH: 1.13 1 = FOG OR MIST
DPTR FM NORMAL: 9.1 DPTR FM NORMAL: -1.14 2 = FOG REDUCING VISIBILITY
HIGHEST: 63 ON 9 GRTST 24HR 0.34 ON 22-23 TO 1/4 MILE OR LESS
LOWEST: 23 ON 14 3 = THUNDER
SNOW, ICE PELLETS, HAIL 4 = ICE PELLETS
TOTAL MONTH: 0.0 INCH 5 = HAIL
GRTST 24HR 0.0 6 = FREEZING RAIN OR DRIZZLE
GRTST DEPTH: 0 7 = DUSTSTORM OR SANDSTORM:
VSBY 1/2 MILE OR LESS
8 = SMOKE OR HAZE
[NO. OF DAYS WITH] [WEATHER - DAYS WITH] 9 = BLOWING SNOW
X = TORNADO
MAX 32 OR BELOW: 0 0.01 INCH OR MORE: 12
MAX 90 OR ABOVE: 0 0.10 INCH OR MORE: 3
MIN 32 OR BELOW: 11 0.50 INCH OR MORE: 0
MIN 0 OR BELOW: 0 1.00 INCH OR MORE: 0
[HDD (BASE 65) ]
TOTAL THIS MO. 731 CLEAR (SCALE 0-3) 7
DPTR FM NORMAL -289 PTCLDY (SCALE 4-7) 7
TOTAL FM JUL 1 1767 CLOUDY (SCALE 8-10) 17
DPTR FM NORMAL -410
[CDD (BASE 65) ]
TOTAL THIS MO. 0
DPTR FM NORMAL 0 [PRESSURE DATA]
TOTAL FM JAN 1 803 HIGHEST SLP M ON M
DPTR FM NORMAL -43 LOWEST SLP 29.63 ON 18
[REMARKS]
#FINAL-12-23#