000
CXUS53 KIWX 010810
CF6AOH
PRELIMINARY LOCAL CLIMATOLOGICAL DATA (WS FORM: F-6)
STATION: LIMA
MONTH: JULY
YEAR: 2023
LATITUDE: 40 42 N
LONGITUDE: 84 1 W
TEMPERATURE IN F: :PCPN: SNOW: WIND :SUNSHINE: SKY :PK WND
================================================================================
1 2 3 4 5 6A 6B 7 8 9 10 11 12 13 14 15 16 17 18
12Z AVG MX 2MIN
DY MAX MIN AVG DEP HDD CDD WTR SNW DPTH SPD SPD DIR MIN PSBL S-S WX SPD DR
================================================================================
1 84 71 78 5 0 13 0.61 M M 7.2 20 240 M M 6 138 28 240
2 84 67 76 3 0 11 0.18 M M 9.6 23 180 M M 6 13 33 190
3 83 67 75 2 0 10 0.07 M M 7.0 15 320 M M 5 1 19 310
4 87 67 77 3 0 12 0.00 M M 4.3 13 280 M M 0 18 19 270
5 89 69 79 5 0 14 0.05 M M 5.6 22 250 M M 1 138 30 210
6 85 70 78 4 0 13 0.00 M M 8.4 20 310 M M 3 1 26 300
7 84 65 75 1 0 10 0.00 M M 5.4 12 120 M M 4 8 15 60
8 77 66 72 -2 0 7 0.63 M M 7.5 20 170 M M 7 13 31 160
9 77 62 70 -4 0 5 0.00 M M 6.4 13 340 M M 4 1 17 360
10 83 60 72 -2 0 7 0.00 M M 5.0 15 260 M M 1 1 20 260
11 86 63 75 1 0 10 0.00 M M 9.0 21 230 M M 1 28 250
12 87 69 78 4 0 13 0.00 M M 8.9 17 210 M M 3 3 24 190
13 82 66 74 0 0 9 0.00 M M 7.9 23 220 M M 5 33 250
14 86 61 74 0 0 9 0.00 M M 4.9 15 210 M M 1 1 19 210
15 76 66 71 -3 0 6 0.72 M M 4.1 16 280 M M 6 123 26 270
16 82 65 74 0 0 9 0.00 M M 7.3 16 260 M M 4 128 22 240
17 82 66 74 0 0 9 0.00 M M 9.0 17 250 M M 2 18 24 250
18 80 61 71 -3 0 6 0.00 M M 3.9 8 350 M M 4 128 12 200
19 84 61 73 -1 0 8 0.00 M M 4.5 10 150 M M 1 16 170
20 87 67 77 4 0 12 0.22 M M 9.9 20 240 M M 5 138 28 230
21 78 62 70 -3 0 5 0.00 M M M M M M M 3 M M
22 81 57 69 -4 0 4 0.00 M M M M M M M 1 1 M M
23 81 60 71 -2 0 6 T M M M M M M M 2 3 M M
24 84 62 73 0 0 8 0.00 M M M M M M M 0 13 M M
25 86 69 78 5 0 13 0.00 M M M 0 0 M M 1 128 0 0
26 89 67 78 5 0 13 T M M M M M M M 3 138 M M
27 91 74 83 10 0 18 0.00 M M M M M M M 4 18 M M
28 87 72 80 7 0 15 0.02 M M 7.1 13 200 M M 1 13 17 200
29 82 66 74 1 0 9 0.00 M M 5.2 30 260 M M 3 13 48 260
30 82 62 72 -1 0 7 0.00 M M 5.3 13 310 M M 2 12 19 340
31 79 55 67 -6 0 2 0.00 M M 3.1 12 30 M M 1 15 350
================================================================================
SM 2585 2015 0 293 2.50 M 156.5 M 90
================================================================================
AV 83.4 65.0 6.5 FASTST M M 3 MAX(MPH)
MISC ----> 30 260 48 260
================================================================================
NOTES:
# LAST OF SEVERAL OCCURRENCES
COLUMN 17 PEAK WIND IN M.P.H.
PRELIMINARY LOCAL CLIMATOLOGICAL DATA (WS FORM: F-6) , PAGE 2
STATION: LIMA
MONTH: JULY
YEAR: 2023
LATITUDE: 40 42 N
LONGITUDE: 84 1 W
[TEMPERATURE DATA] [PRECIPITATION DATA] SYMBOLS USED IN COLUMN 16
AVERAGE MONTHLY: 74.2 TOTAL FOR MONTH: 2.50 1 = FOG OR MIST
DPTR FM NORMAL: 0.8 DPTR FM NORMAL: -1.18 2 = FOG REDUCING VISIBILITY
HIGHEST: 91 ON 27 GRTST 24HR 0.74 ON 1- 2 TO 1/4 MILE OR LESS
LOWEST: 55 ON 31 3 = THUNDER
SNOW, ICE PELLETS, HAIL 4 = ICE PELLETS
TOTAL MONTH: M 5 = HAIL
GRTST 24HR M ON M 6 = FREEZING RAIN OR DRIZZLE
GRTST DEPTH: M ON M 7 = DUSTSTORM OR SANDSTORM:
VSBY 1/2 MILE OR LESS
8 = SMOKE OR HAZE
[NO. OF DAYS WITH] [WEATHER - DAYS WITH] 9 = BLOWING SNOW
X = TORNADO
MAX 32 OR BELOW: 0 0.01 INCH OR MORE: 8
MAX 90 OR ABOVE: 1 0.10 INCH OR MORE: 5
MIN 32 OR BELOW: 0 0.50 INCH OR MORE: 3
MIN 0 OR BELOW: 0 1.00 INCH OR MORE: 0
[HDD (BASE 65) ]
TOTAL THIS MO. 0 CLEAR (SCALE 0-3) 17
DPTR FM NORMAL -3 PTCLDY (SCALE 4-7) 14
TOTAL FM JUL 1 0 CLOUDY (SCALE 8-10) 0
DPTR FM NORMAL 0
[CDD (BASE 65) ]
TOTAL THIS MO. 293
DPTR FM NORMAL 30 [PRESSURE DATA]
TOTAL FM JAN 1 482 HIGHEST SLP M ON M
DPTR FM NORMAL -47 LOWEST SLP 29.72 ON 13
[REMARKS]
#FINAL-07-23#