000
CXUS52 KMFL 011030
CF6APF
PRELIMINARY LOCAL CLIMATOLOGICAL DATA (WS FORM: F-6)
STATION: NAPLES
MONTH: MAY
YEAR: 2021
LATITUDE: 26 8 N
LONGITUDE: 81 46 W
TEMPERATURE IN F: :PCPN: SNOW: WIND :SUNSHINE: SKY :PK WND
================================================================================
1 2 3 4 5 6A 6B 7 8 9 10 11 12 13 14 15 16 17 18
12Z AVG MX 2MIN
DY MAX MIN AVG DEP HDD CDD WTR SNW DPTH SPD SPD DIR MIN PSBL S-S WX SPD DR
================================================================================
1 85 68 77 0 0 12 0.00 0.0 0 5.4 14 260 M M 0 17 260
2 89 71 80 3 0 15 0.00 0.0 0 7.6 20 210 M M 1 23 210
3 90 73 82 5 0 17 0.00 0.0 0 9.2 18 200 M M 1 22 150
4 92 75 84 6 0 19 0.00 0.0 0 9.5 20 200 M M 0 24 210
5 90 74 82 4 0 17 0.00 0.0 0 8.9 18 220 M M 2 26 220
6 88 76 82 4 0 17 0.00 0.0 0 7.1 17 240 M M 2 1 22 290
7 87 70 79 1 0 14 0.00 0.0 0 8.7 21 290 M M 2 24 300
8 91 67 79 1 0 14 0.00 0.0 0 8.2 18 100 M M 2 23 100
9 93 71 82 4 0 17 T 0.0 0 9.9 22 210 M M 2 3 26 210
10 90 73 82 4 0 17 0.00 M M 8.4 18 210 M M 1 22 230
11 89 74 82 4 0 17 0.00 M M 5.6 15 230 M M 2 18 250
12 89 75 82 4 0 17 0.00 0.0 M 7.1 15 240 M M 1 20 240
13 92 74 83 5 0 18 0.00 0.0 0 7.3 18 340 M M 1 3 25 340
14 86 69 78 -1 0 13 T M M 9.1 17 300 M M 3 20 50
15 91 70 81 2 0 16 0.00 0.0 0 12.6 21 60 M M 2 27 60
16 91 67 79 0 0 14 0.00 0.0 0 12.0 22 80 M M 1 28 70
17 90 68 79 0 0 14 0.00 0.0 0 10.9 20 80 M M 1 24 70
18 91 70 81 2 0 16 0.00 M M 13.2 23 90 M M 3 30 90
19 92 72 82 3 0 17 0.00 M M 13.8 25 90 M M 2 30 90
20 88 73 81 2 0 16 0.00 M M 15.6 25 80 M M 4 33 80
21 90 71 81 2 0 16 0.00 0.0 0 16.1 26 70 M M 2 35 50
22 90 67 79 -1 0 14 0.00 0.0 0 12.4 23 80 M M 2 8 28 50
23 87 67 77 -3 0 12 0.00 M M 10.3 17 270 M M 2 8 23 90
24 88 65 77 -3 0 12 0.00 M M 7.1 15 270 M M 2 19 240
25 88 68 78 -2 0 13 0.00 0.0 0 7.2 15 220 M M 2 19 230
26 88 68 78 -2 0 13 0.00 M M 7.4 15 230 M M 3 22 80
27 87 71 79 -1 0 14 0.00 M M 5.8 15 250 M M 0 22 250
28 86 70 78 -2 0 13 0.00 0.0 0 6.7 15 230 M M 1 20 250
29 87 72 80 0 0 15 0.00 0.0 0 6.5 15 280 M M 1 26 230
30 88 75 82 2 0 17 0.00 0.0 0 8.4 16 60 M M 1 3 19 80
31 94 70 82 2 0 17 1.01 M M 8.2 28 110 M M 2 123 36 120
================================================================================
SM 2767 2194 0 473 1.01 0.0 286.2 M 51
================================================================================
AV 89.3 70.8 9.2 FASTST M M 2 MAX(MPH)
MISC ----> 28 110 36 120
================================================================================
NOTES:
# LAST OF SEVERAL OCCURRENCES
COLUMN 17 PEAK WIND IN M.P.H.
PRELIMINARY LOCAL CLIMATOLOGICAL DATA (WS FORM: F-6) , PAGE 2
STATION: NAPLES
MONTH: MAY
YEAR: 2021
LATITUDE: 26 8 N
LONGITUDE: 81 46 W
[TEMPERATURE DATA] [PRECIPITATION DATA] SYMBOLS USED IN COLUMN 16
AVERAGE MONTHLY: 80.0 TOTAL FOR MONTH: 1.01 1 = FOG OR MIST
DPTR FM NORMAL: 1.2 DPTR FM NORMAL: -1.75 2 = FOG REDUCING VISIBILITY
HIGHEST: 94 ON 31 GRTST 24HR 1.01 ON 31-31 TO 1/4 MILE OR LESS
LOWEST: 65 ON 24 3 = THUNDER
SNOW, ICE PELLETS, HAIL 4 = ICE PELLETS
TOTAL MONTH: 0.0 INCH 5 = HAIL
GRTST 24HR 0.0 6 = FREEZING RAIN OR DRIZZLE
GRTST DEPTH: 0 7 = DUSTSTORM OR SANDSTORM:
VSBY 1/2 MILE OR LESS
8 = SMOKE OR HAZE
[NO. OF DAYS WITH] [WEATHER - DAYS WITH] 9 = BLOWING SNOW
X = TORNADO
MAX 32 OR BELOW: 0 0.01 INCH OR MORE: 1
MAX 90 OR ABOVE: 15 0.10 INCH OR MORE: 1
MIN 32 OR BELOW: 0 0.50 INCH OR MORE: 1
MIN 0 OR BELOW: 0 1.00 INCH OR MORE: 1
[HDD (BASE 65) ]
TOTAL THIS MO. 0 CLEAR (SCALE 0-3) 29
DPTR FM NORMAL 0 PTCLDY (SCALE 4-7) 2
TOTAL FM JUL 1 174 CLOUDY (SCALE 8-10) 0
DPTR FM NORMAL -48
[CDD (BASE 65) ]
TOTAL THIS MO. 473
DPTR FM NORMAL 44 [PRESSURE DATA]
TOTAL FM JAN 1 1287 HIGHEST SLP 30.22 ON 21
DPTR FM NORMAL 165 LOWEST SLP 29.90 ON 29
[REMARKS]
#FINAL-05-21#