000
CXUS53 KAPX 010730
CF6APX
PRELIMINARY LOCAL CLIMATOLOGICAL DATA (WS FORM: F-6)
STATION: GAYLORD WFO
MONTH: APRIL
YEAR: 2023
LATITUDE: 45 4 N
LONGITUDE: 84 43 W
TEMPERATURE IN F: :PCPN: SNOW: WIND :SUNSHINE: SKY :PK WND
================================================================================
1 2 3 4 5 6A 6B 7 8 9 10 11 12 13 14 15 16 17 18
12Z AVG MX 2MIN
DY MAX MIN AVG DEP HDD CDD WTR SNW DPTH SPD SPD DIR MIN PSBL S-S WX SPD DR
================================================================================
1 34 24 29 -5 36 0 0.53 0.4 10 M M M M M M M M
2 40 17 29 -6 36 0 0.01 T 10 M M M M M M M M
3 50 33 42 7 23 0 0.00 0.0 10 M M M M M M M M
4 38 29 34 -2 31 0 0.02 T 9 M M M M M M M M
5 59 31 45 9 20 0 1.10 0.0 6 M M M M M M 36 M M
6 40 27 34 -3 31 0 0.00 0.0 4 M M M M M M M M
7 39 22 31 -6 34 0 0.00 0.0 2 M M M M M M M M
8 38 25 32 -5 33 0 0.11 1.5 1 M M M M M M M M
9 64 28 46 8 19 0 0.00 0.0 1 M M M M M M M M
10 67 49 58 20 7 0 0.00 0.0 T M M M M M M M M
11 71 49 60 21 5 0 0.00 0.0 T M M M M M M M M
12 81 49 65 26 0 0 0.00 0.0 0 M M M M M M M M
13 85 61 73 33 0 8 0.00 0.0 0 M M M M M M M M
14 84 58 71 31 0 6 0.00 0.0 0 M M M M M M M M
15 83 58 71 31 0 6 0.00 0.0 M M M M M M M M M
16 73 37 55 14 10 0 0.00 0.0 0 M M M M M M M M
17 42 26 34 -7 31 0 0.17 0.3 0 M M M M M M M M
18 32 26 29 -13 36 0 0.04 0.1 T M M M M M M M M
19 43 30 37 -5 28 0 0.10 0.0 0 M M M M M M M M
20 49 34 42 -1 23 0 0.16 0.0 0 M M M M M M M M
21 54 39 47 4 18 0 T 0.0 0 M M M M M M M M
22 45 34 40 -4 25 0 0.11 0.0 0 M M M M M M M M
23 36 31 34 -10 31 0 0.06 0.5 T M M M M M M M M
24 43 30 37 -8 28 0 T T 0 M M M M M M M M
25 44 29 37 -8 28 0 T T 0 M M M M M M M M
26 40 28 34 -12 31 0 T T 0 M M M M M M M M
27 56 30 43 -3 22 0 0.00 0.0 0 M M M M M M M M
28 63 40 52 6 13 0 0.00 0.0 0 M M M M M M M M
29 54 40 47 0 18 0 0.46 0.0 0 M M M M M M M M
30 46 36 41 -6 24 0 0.01 0.0 0 M M M M M M M M
================================================================================
SM 1593 1050 641 20 2.88 2.8 M M M
================================================================================
AV 53.1 35.0 M FASTST M M M MAX(MPH)
MISC ----> M M M M
================================================================================
NOTES:
# LAST OF SEVERAL OCCURRENCES
COLUMN 17 PEAK WIND IN M.P.H.
PRELIMINARY LOCAL CLIMATOLOGICAL DATA (WS FORM: F-6) , PAGE 2
STATION: GAYLORD WFO
MONTH: APRIL
YEAR: 2023
LATITUDE: 45 4 N
LONGITUDE: 84 43 W
[TEMPERATURE DATA] [PRECIPITATION DATA] SYMBOLS USED IN COLUMN 16
AVERAGE MONTHLY: 44.1 TOTAL FOR MONTH: 2.88 1 = FOG OR MIST
DPTR FM NORMAL: 3.3 DPTR FM NORMAL: -0.37 2 = FOG REDUCING VISIBILITY
HIGHEST: 85 ON 13 GRTST 24HR 1.10 ON 5- 5 TO 1/4 MILE OR LESS
LOWEST: 17 ON 2 3 = THUNDER
SNOW, ICE PELLETS, HAIL 4 = ICE PELLETS
TOTAL MONTH: 3.4 INCHES 5 = HAIL
GRTST 24HR 1.5 ON 8- 8 6 = FREEZING RAIN OR DRIZZLE
GRTST DEPTH: 13 ON M 7 = DUSTSTORM OR SANDSTORM:
VSBY 1/2 MILE OR LESS
8 = SMOKE OR HAZE
[NO. OF DAYS WITH] [WEATHER - DAYS WITH] 9 = BLOWING SNOW
X = TORNADO
MAX 32 OR BELOW: 1 0.01 INCH OR MORE: 13
MAX 90 OR ABOVE: 0 0.10 INCH OR MORE: 8
MIN 32 OR BELOW: 16 0.50 INCH OR MORE: 2
MIN 0 OR BELOW: 0 1.00 INCH OR MORE: 1
[HDD (BASE 65) ]
TOTAL THIS MO. 641 CLEAR (SCALE 0-3) 0
DPTR FM NORMAL -86 PTCLDY (SCALE 4-7) 0
TOTAL FM JUL 1 6833 CLOUDY (SCALE 8-10) 30
DPTR FM NORMAL -841
[CDD (BASE 65) ]
TOTAL THIS MO. 20
DPTR FM NORMAL 19 [PRESSURE DATA]
TOTAL FM JAN 1 20 HIGHEST SLP M ON M
DPTR FM NORMAL 18 LOWEST SLP M ON M
[REMARKS]
#FINAL-04-23#