000
CXUS54 KLCH 010930
CF6ARA
PRELIMINARY LOCAL CLIMATOLOGICAL DATA (WS FORM: F-6)
STATION: NEW IBERIA
MONTH: DECEMBER
YEAR: 2021
LATITUDE: 30 1 N
LONGITUDE: 91 53 W
TEMPERATURE IN F: :PCPN: SNOW: WIND :SUNSHINE: SKY :PK WND
================================================================================
1 2 3 4 5 6A 6B 7 8 9 10 11 12 13 14 15 16 17 18
12Z AVG MX 2MIN
DY MAX MIN AVG DEP HDD CDD WTR SNW DPTH SPD SPD DIR MIN PSBL S-S WX SPD DR
================================================================================
1 76 44 60 3 5 0 M 0.0 M 3.3 13 220 M M 1 12 18 250
2 77 49 63 6 2 0 0.00 0.0 M 2.5 10 210 M M 6 12 13 200
3 76 50 63 6 2 0 0.00 0.0 M 2.7 10 220 M M 6 12 16 230
4 82 51 67 10 0 2 0.00 0.0 M 2.3 8 190 M M 7 12 12 190
5 76 53 65 8 0 0 0.00 0.0 M 4.4 12 200 M M 5 12 18 200
6 80 56 68 12 0 3 0.21 0.0 M 9.8 21 360 M M 6 13 29 360
7 56 52 54 -2 11 0 0.01 0.0 M 7.6 16 30 M M 10 1 21 20
8 65 52 59 3 6 0 0.22 0.0 M 6.2 15 30 M M 8 1 20 360
9 80 53 67 11 0 2 0.10 0.0 M 9.5 21 210 M M 9 1 28 200
10 80 72 76 20 0 11 0.00 M M 12.9 25 180 M M 10 1 37 200
11 77 49 63 7 2 0 0.23 M M 12.3 23 360 M M 9 1 32 340
12 64 44 54 -2 11 0 0.00 M M 8.7 18 30 M M 0 23 20
13 72 48 60 5 5 0 0.00 M M 5.1 13 40 M M 7 16 60
14 79 59 69 14 0 4 0.00 M M 6.1 13 130 M M 4 12 17 160
15 81 66 74 19 0 9 0.00 M M 11.1 20 150 M M 4 1 26 140
16 81 64 73 18 0 8 M M M 7.8 16 160 M M 5 1 23 160
17 80 62 71 16 0 6 0.00 M M 5.4 13 140 M M 7 128 17 110
18 79 61 70 15 0 5 1.06 0.0 M 8.3 35 350 M M 9 123 49 340
19 62 45 54 0 11 0 T M M 14.2 22 360 M M 6 1 31 350
20 46 43 45 -9 20 0 0.17 M M 9.6 15 30 M M 8 1 20 20
21 57 38 48 -6 17 0 0.00 M M 6.5 14 20 M M 4 1 20 330
22 67 34 51 -3 14 0 0.00 M M 1.2 8 200 M M 0 12 9 340
23 69 36 53 -1 12 0 0.00 M M 5.2 13 200 M M 1 12 19 190
24 79 51 65 11 0 0 0.00 M M 9.2 24 200 M M 3 1 34 220
25 80 64 72 18 0 7 0.00 M M 9.7 22 210 M M 8 8 29 210
26 80 64 72 18 0 7 0.00 M M 7.9 17 230 M M 8 23 230
27 78 62 70 16 0 5 T M M 6.6 16 200 M M 6 12 23 200
28 79 64 72 19 0 7 0.23 M M 11.3 22 170 M M 10 13 31 180
29 81 70 76 23 0 11 T M M 11.2 22 190 M M 9 1 33 200
30 81 70 76 23 0 11 0.00 M M 5.9 13 200 M M 8 12 17 190
31 82 73 78 25 0 13 0.00 0.0 M 11.8 18 190 M M 9 1 26 190
================================================================================
SM 2302 1699 118 111 2.23 0.0 236.3 M 193
================================================================================
AV 74.3 54.8 7.6 FASTST M M 6 MAX(MPH)
MISC ----> 35 350 49 340
================================================================================
NOTES:
# LAST OF SEVERAL OCCURRENCES
COLUMN 17 PEAK WIND IN M.P.H.
PRELIMINARY LOCAL CLIMATOLOGICAL DATA (WS FORM: F-6) , PAGE 2
STATION: NEW IBERIA
MONTH: DECEMBER
YEAR: 2021
LATITUDE: 30 1 N
LONGITUDE: 91 53 W
[TEMPERATURE DATA] [PRECIPITATION DATA] SYMBOLS USED IN COLUMN 16
AVERAGE MONTHLY: 64.5 TOTAL FOR MONTH: 2.23 1 = FOG OR MIST
DPTR FM NORMAL: 9.5 DPTR FM NORMAL: -2.26 2 = FOG REDUCING VISIBILITY
HIGHEST: 82 ON 31, 4 GRTST 24HR 1.06 ON 18-18 TO 1/4 MILE OR LESS
LOWEST: 34 ON 22 3 = THUNDER
SNOW, ICE PELLETS, HAIL 4 = ICE PELLETS
TOTAL MONTH: 0.0 INCH 5 = HAIL
GRTST 24HR 0.0 6 = FREEZING RAIN OR DRIZZLE
GRTST DEPTH: M ON M 7 = DUSTSTORM OR SANDSTORM:
VSBY 1/2 MILE OR LESS
8 = SMOKE OR HAZE
[NO. OF DAYS WITH] [WEATHER - DAYS WITH] 9 = BLOWING SNOW
X = TORNADO
MAX 32 OR BELOW: 0 0.01 INCH OR MORE: 8
MAX 90 OR ABOVE: 0 0.10 INCH OR MORE: 7
MIN 32 OR BELOW: 0 0.50 INCH OR MORE: 1
MIN 0 OR BELOW: 0 1.00 INCH OR MORE: 1
[HDD (BASE 65) ]
TOTAL THIS MO. 118 CLEAR (SCALE 0-3) 5
DPTR FM NORMAL -218 PTCLDY (SCALE 4-7) 16
TOTAL FM JUL 1 314 CLOUDY (SCALE 8-10) 10
DPTR FM NORMAL -226
[CDD (BASE 65) ]
TOTAL THIS MO. 111
DPTR FM NORMAL 85 [PRESSURE DATA]
TOTAL FM JAN 1 3025 HIGHEST SLP 30.35 ON 14
DPTR FM NORMAL 93 LOWEST SLP 29.75 ON 28
[REMARKS]
#FINAL-12-21#