000
CXUS54 KHGX 012158
CF6ARM
PRELIMINARY LOCAL CLIMATOLOGICAL DATA (WS FORM: F-6)
STATION: Wharton
MONTH: JUNE
YEAR: 2021
LATITUDE: 29 15 N
LONGITUDE: 96 9 W
TEMPERATURE IN F: :PCPN: SNOW: WIND :SUNSHINE: SKY :PK WND
================================================================================
1 2 3 4 5 6A 6B 7 8 9 10 11 12 13 14 15 16 17 18
12Z AVG MX 2MIN
DY MAX MIN AVG DEP HDD CDD WTR SNW DPTH SPD SPD DIR MIN PSBL S-S WX SPD DR
================================================================================
1 83 68 76 M 0 11 0.21 0.0 0 3.2 14 190 M M 4 16 0
2 86 68 77 M 0 12 M 0.0 0 2.4 12 200 M M 2 1 M M
3 84 67 76 M 0 11 1.24 0.0 0 4.7 15 120 M M 6 3 23 360
4 83 69 76 M 0 11 0.88 0.0 0 3.8 8 100 M M 7 22 50
5 72 71 72 M 0 7 M 0.0 0 1.7 4 120 M M 2 1 M M
6 M M M M M M M M 0 M M M M M M M M
7 M M M M M M M M M M M M M M M M M
8 M M M M M M M M M M M M M M M M M
9 89 75 82 M 0 17 0.00 0.0 0 9.4 15 140 M M 4 1 21 150
10 91 73 82 M 0 17 0.00 0.0 0 7.7 16 160 M M 5 1 18 170
11 90 74 82 M 0 17 0.00 0.0 0 8.3 15 180 M M 3 21 180
12 92 73 83 M 0 18 0.00 0.0 0 3.2 9 180 M M 4 1 M M
13 93 74 84 M 0 19 0.00 0.0 0 3.1 6 210 M M 1 M M
14 95 73 84 M 0 19 0.15 0.0 0 3.7 13 30 M M 2 3 22 350
15 91 71 81 M 0 16 M 0.0 0 3.1 6 60 M M 0 8 M M
16 93 76 85 M 0 20 0.00 0.0 0 3.5 7 100 M M 2 M M
17 95 73 84 M 0 19 0.00 0.0 0 4.6 9 90 M M 1 1 M M
18 93 68 81 M 0 16 0.00 0.0 0 2.3 7 30 M M 0 M M
19 94 73 84 M 0 19 M 0.0 0 3.6 13 160 M M 0 8 M M
20 90 73 82 M 0 17 0.00 0.0 0 7.5 17 200 M M 0 23 200
21 92 78 85 M 0 20 T 0.0 0 10.3 18 150 M M 2 1 28 150
22 91 76 84 M 0 19 0.05 0.0 0 4.1 10 20 M M 4 138 17 60
23 95 73 84 M 0 19 0.00 0.0 0 5.4 18 150 M M 3 1 17 170
24 94 76 85 M 0 20 0.00 0.0 0 7.4 17 150 M M 4 1 21 170
25 94 76 85 M 0 20 0.00 0.0 0 8.7 15 170 M M 3 1 23 170
26 93 74 84 M 0 19 0.00 0.0 0 9.2 17 140 M M 3 22 140
27 91 74 83 M 0 18 0.50 0.0 0 4.3 17 190 M M 3 3 18 190
28 80 73 77 M 0 12 0.18 0.0 0 4.2 8 130 M M 4 M M
29 86 73 80 M 0 15 0.36 0.0 0 4.2 8 170 M M 3 18 140
30 89 73 81 M 0 16 0.21 0.0 0 4.0 17 170 M M 4 13 21 170
================================================================================
SM 2419 1965 0 444 3.78 0.0 137.6 M 76
================================================================================
AV 89.6 72.8 5.1 FASTST M M 3 MAX(MPH)
MISC ----> # 18 150 28 150
================================================================================
NOTES:
# LAST OF SEVERAL OCCURRENCES
COLUMN 17 PEAK WIND IN M.P.H.
PRELIMINARY LOCAL CLIMATOLOGICAL DATA (WS FORM: F-6) , PAGE 2
STATION: Wharton
MONTH: JUNE
YEAR: 2021
LATITUDE: 29 15 N
LONGITUDE: 96 9 W
[TEMPERATURE DATA] [PRECIPITATION DATA] SYMBOLS USED IN COLUMN 16
AVERAGE MONTHLY: 81.2 TOTAL FOR MONTH: 3.78 1 = FOG OR MIST
DPTR FM NORMAL: 0.0 DPTR FM NORMAL: M 2 = FOG REDUCING VISIBILITY
HIGHEST: 95 ON 23,17 GRTST 24HR 1.24 ON 3- 3 TO 1/4 MILE OR LESS
LOWEST: 67 ON 3 3 = THUNDER
SNOW, ICE PELLETS, HAIL 4 = ICE PELLETS
TOTAL MONTH: 0.0 INCH 5 = HAIL
GRTST 24HR 0.0 6 = FREEZING RAIN OR DRIZZLE
GRTST DEPTH: 0 7 = DUSTSTORM OR SANDSTORM:
VSBY 1/2 MILE OR LESS
8 = SMOKE OR HAZE
[NO. OF DAYS WITH] [WEATHER - DAYS WITH] 9 = BLOWING SNOW
X = TORNADO
MAX 32 OR BELOW: 0 0.01 INCH OR MORE: 9
MAX 90 OR ABOVE: 18 0.10 INCH OR MORE: 8
MIN 32 OR BELOW: 0 0.50 INCH OR MORE: 3
MIN 0 OR BELOW: 0 1.00 INCH OR MORE: 1
[HDD (BASE 65) ]
TOTAL THIS MO. 0 CLEAR (SCALE 0-3) 14
DPTR FM NORMAL M PTCLDY (SCALE 4-7) 13
TOTAL FM JUL 1 1311 CLOUDY (SCALE 8-10) 3
DPTR FM NORMAL M
[CDD (BASE 65) ]
TOTAL THIS MO. 444
DPTR FM NORMAL M [PRESSURE DATA]
TOTAL FM JAN 1 1033 HIGHEST SLP M ON M
DPTR FM NORMAL M LOWEST SLP M ON M
[REMARKS]
#FINAL-06-21#