000
CXUS51 KBUF 010805
CF6ART
PRELIMINARY LOCAL CLIMATOLOGICAL DATA (WS FORM: F-6)
STATION: WATERTOWN NY
MONTH: MAY
YEAR: 2021
LATITUDE: 43 59 N
LONGITUDE: 76 2 W
TEMPERATURE IN F: :PCPN: SNOW: WIND :SUNSHINE: SKY :PK WND
================================================================================
1 2 3 4 5 6A 6B 7 8 9 10 11 12 13 14 15 16 17 18
12Z AVG MX 2MIN
DY MAX MIN AVG DEP HDD CDD WTR SNW DPTH SPD SPD DIR MIN PSBL S-S WX SPD DR
================================================================================
1 48 32 40 -10 25 0 0.04 M M 7.7 18 270 M M 6 27 230
2 54 38 46 -4 19 0 0.02 M M 6.1 15 270 M M 5 21 230
3 62 48 55 4 10 0 0.02 M M 10.4 23 50 M M 10 1 29 50
4 61 46 54 3 11 0 0.05 M M 3.9 12 220 M M 10 18 15 220
5 54 43 49 -2 16 0 0.07 M M 7.5 13 230 M M 10 1 17 220
6 54 33 44 -8 21 0 0.00 M M 7.2 20 260 M M 2 24 270
7 55 34 45 -7 20 0 0.16 M M 3.5 14 260 M M 8 1 16 260
8 50 38 44 -8 21 0 0.35 M M 5.6 14 260 M M 9 1 17 260
9 56 37 47 -6 18 0 0.01 M M 5.1 14 260 M M 4 1 17 270
10 55 44 50 -3 15 0 T M M 8.3 17 230 M M 7 24 220
11 50 41 46 -8 19 0 0.07 M M 13.7 25 230 M M 6 8 36 230
12 59 41 50 -4 15 0 0.00 M M 7.5 18 230 M M 3 27 220
13 62 33 48 -6 17 0 0.00 M M 6.1 16 260 M M 0 21 260
14 65 44 55 1 10 0 0.00 M M 7.8 17 270 M M 0 24 230
15 70 45 58 3 7 0 0.00 M M 6.8 16 270 M M 0 19 220
16 73 39 56 1 9 0 0.00 M M 4.9 14 260 M M 0 16 270
17 73 38 56 1 9 0 0.00 M M 5.3 16 270 M M 0 19 270
18 74 44 59 3 6 0 0.00 M M 6.3 13 270 M M 1 20 230
19 79 47 63 7 2 0 0.00 M M 3.6 13 230 M M 0 16 230
20 84 54 69 13 0 4 0.00 M M 3.8 14 260 M M 0 16 280
21 82 58 70 13 0 5 0.00 M M 4.9 16 260 M M 1 20 260
22 79 63 71 14 0 6 0.00 M M 8.3 17 260 M M 4 24 230
23 70 44 57 0 8 0 0.00 M M 9.9 22 20 M M 5 1 30 30
24 70 38 54 -4 11 0 0.00 M M 3.2 13 270 M M 0 18 15 280
25 85 56 71 13 0 6 0.00 M M 9.9 18 220 M M 3 27 190
26 82 59 71 13 0 6 T M M 12.1 25 230 M M 5 36 220
27 64 46 55 -3 10 0 0.00 M M 9.3 17 20 M M 4 23 30
28 46 42 44 -15 21 0 0.04 M M 9.8 17 50 M M 7 23 60
29 67 39 53 -6 12 0 0.00 M M 9.1 22 40 M M 0 28 60
30 67 34 51 -8 14 0 0.00 M M 4.6 16 60 M M 4 20 50
31 67 40 54 -6 11 0 0.00 M M 5.0 15 260 M M 2 20 270
================================================================================
SM 2017 1338 357 27 0.83 M 217.2 M 116
================================================================================
AV 65.1 43.2 7.0 FASTST M M 4 MAX(MPH)
MISC ----> # 25 230 # 36 230
================================================================================
NOTES:
# LAST OF SEVERAL OCCURRENCES
COLUMN 17 PEAK WIND IN M.P.H.
PRELIMINARY LOCAL CLIMATOLOGICAL DATA (WS FORM: F-6) , PAGE 2
STATION: WATERTOWN NY
MONTH: MAY
YEAR: 2021
LATITUDE: 43 59 N
LONGITUDE: 76 2 W
[TEMPERATURE DATA] [PRECIPITATION DATA] SYMBOLS USED IN COLUMN 16
AVERAGE MONTHLY: 54.1 TOTAL FOR MONTH: 0.83 1 = FOG OR MIST
DPTR FM NORMAL: -0.9 DPTR FM NORMAL: -2.14 2 = FOG REDUCING VISIBILITY
HIGHEST: 85 ON 25 GRTST 24HR 0.50 ON 7- 8 TO 1/4 MILE OR LESS
LOWEST: 32 ON 1 3 = THUNDER
SNOW, ICE PELLETS, HAIL 4 = ICE PELLETS
TOTAL MONTH: M 5 = HAIL
GRTST 24HR M ON M 6 = FREEZING RAIN OR DRIZZLE
GRTST DEPTH: M ON M 7 = DUSTSTORM OR SANDSTORM:
VSBY 1/2 MILE OR LESS
8 = SMOKE OR HAZE
[NO. OF DAYS WITH] [WEATHER - DAYS WITH] 9 = BLOWING SNOW
X = TORNADO
MAX 32 OR BELOW: 0 0.01 INCH OR MORE: 10
MAX 90 OR ABOVE: 0 0.10 INCH OR MORE: 2
MIN 32 OR BELOW: 1 0.50 INCH OR MORE: 0
MIN 0 OR BELOW: 0 1.00 INCH OR MORE: 0
[HDD (BASE 65) ]
TOTAL THIS MO. 357 CLEAR (SCALE 0-3) 14
DPTR FM NORMAL 31 PTCLDY (SCALE 4-7) 12
TOTAL FM JUL 1 6828 CLOUDY (SCALE 8-10) 5
DPTR FM NORMAL -595
[CDD (BASE 65) ]
TOTAL THIS MO. 27
DPTR FM NORMAL 13 [PRESSURE DATA]
TOTAL FM JAN 1 27 HIGHEST SLP 30.41 ON 21
DPTR FM NORMAL 12 LOWEST SLP 29.59 ON 2
[REMARKS]
#FINAL-05-21#