000
CXUS53 KARX 011809
CF6ARX
PRELIMINARY LOCAL CLIMATOLOGICAL DATA (WS FORM: F-6)
STATION: La Crosse Weather Office WI
MONTH: MARCH
YEAR: 2020
LATITUDE: 43 49 N
LONGITUDE: 91 12 W
TEMPERATURE IN F: :PCPN: SNOW: WIND :SUNSHINE: SKY :PK WND
================================================================================
1 2 3 4 5 6A 6B 7 8 9 10 11 12 13 14 15 16 17 18
12Z AVG MX 2MIN
DY MAX MIN AVG DEP HDD CDD WTR SNW DPTH SPD SPD DIR MIN PSBL S-S WX SPD DR
================================================================================
1 49 32 41 15 24 0 0.00 0.0 3 M M M M M M 32 M
2 38 25 32 6 33 0 0.00 0.0 2 M M M M M M 32 M
3 40 25 33 7 32 0 0.01 0.3 2 M M M M M M 15 M
4 41 25 33 6 32 0 0.00 0.0 2 M M M M M M 22 M
5 41 29 35 8 30 0 T 0.1 1 M M M M M M 38 M
6 40 19 30 2 35 0 0.00 0.0 T M M M M M M 38 320
7 51 29 40 12 25 0 0.00 0.0 T M M M M M M 31 200
8 61 43 52 24 13 0 0.00 0.0 T M M M M M M 31 240
9 54 29 42 13 23 0 0.06 0.0 0 M M M M M M 12 34 250
10 45 24 35 6 30 0 0.21 0.1 0 M M M M M M 16 120
11 44 32 38 8 27 0 0.05 0.0 0 M M M M M M 18 M
12 45 31 38 8 27 0 0.60 0.0 0 M M M M M M 32 M
13 40 26 33 2 32 0 0.00 0.0 0 M M M M M M 35 M
14 34 24 29 -2 36 0 0.00 0.0 0 M M M M M M 12 M
15 39 20 30 -2 35 0 0.00 0.0 0 M M M M M M 14 M
16 36 27 32 0 33 0 T T 0 M M M M M M 29 M
17 44 25 35 3 30 0 T 0.0 0 M M M M M M 33 M
18 39 32 36 3 29 0 0.10 0.1 T M M M M M M 124 19 M
19 38 33 36 3 29 0 0.91 T 0 M M M M M M 12 23 M
20 33 22 28 -6 37 0 0.14 1.4 1 M M M M M M 27 330
21 36 15 26 -8 39 0 T T T M M M M M M 16 140
22 39 26 33 -2 32 0 0.02 0.4 T M M M M M M 25 M
23 40 29 35 0 30 0 T T 0 M M M M M M 15 M
24 49 36 43 7 22 0 0.01 0.0 0 M M M M M M 16 M
25 44 38 41 5 24 0 0.27 0.0 0 M M M M M M 21 M
26 44 35 40 3 25 0 0.00 0.0 0 M M M M M M 14 M
27 57 33 45 8 20 0 0.16 0.0 0 M M M M M M 1 20 70
28 48 39 44 6 21 0 0.20 0.0 0 M M M M M M 13 31 M
29 47 36 42 4 23 0 0.30 0.0 0 M M M M M M 31 170
30 56 34 45 6 20 0 0.00 0.0 0 M M M M M M 21 M
31 45 30 38 -1 27 0 0.00 0.0 0 M M M M M M 16 M
================================================================================
SM 1357 903 875 0 3.04 2.4 M M M
================================================================================
AV 43.8 29.1 M FASTST M M 6 MAX(MPH)
MISC ----> M M 38 M
================================================================================
NOTES:
# LAST OF SEVERAL OCCURRENCES
COLUMN 17 PEAK WIND IN M.P.H.
PRELIMINARY LOCAL CLIMATOLOGICAL DATA (WS FORM: F-6) , PAGE 2
STATION: La Crosse Weather Office WI
MONTH: MARCH
YEAR: 2020
LATITUDE: 43 49 N
LONGITUDE: 91 12 W
[TEMPERATURE DATA] [PRECIPITATION DATA] SYMBOLS USED IN COLUMN 16
AVERAGE MONTHLY: 36.5 TOTAL FOR MONTH: 3.04 1 = FOG OR MIST
DPTR FM NORMAL: 4.3 DPTR FM NORMAL: 1.19 2 = FOG REDUCING VISIBILITY
HIGHEST: 61 ON 8 GRTST 24HR 0.91 ON 19-19 TO 1/4 MILE OR LESS
LOWEST: 15 ON 21 3 = THUNDER
SNOW, ICE PELLETS, HAIL 4 = ICE PELLETS
TOTAL MONTH: 2.4 INCHES 5 = HAIL
GRTST 24HR 1.4 ON 20-20 6 = FREEZING RAIN OR DRIZZLE
GRTST DEPTH: 3 ON 1 7 = DUSTSTORM OR SANDSTORM:
VSBY 1/2 MILE OR LESS
8 = SMOKE OR HAZE
[NO. OF DAYS WITH] [WEATHER - DAYS WITH] 9 = BLOWING SNOW
X = TORNADO
MAX 32 OR BELOW: 0 0.01 INCH OR MORE: 14
MAX 90 OR ABOVE: 0 0.10 INCH OR MORE: 9
MIN 32 OR BELOW: 22 0.50 INCH OR MORE: 2
MIN 0 OR BELOW: 0 1.00 INCH OR MORE: 0
[HDD (BASE 65) ]
TOTAL THIS MO. 875 CLEAR (SCALE 0-3) 0
DPTR FM NORMAL -143 PTCLDY (SCALE 4-7) 0
TOTAL FM JUL 1 6570 CLOUDY (SCALE 8-10) 0
DPTR FM NORMAL -260
[CDD (BASE 65) ]
TOTAL THIS MO. 0
DPTR FM NORMAL 0 [PRESSURE DATA]
TOTAL FM JAN 1 0 HIGHEST SLP M ON M
DPTR FM NORMAL 0 LOWEST SLP M ON M
[REMARKS]
#FINAL-03-20#