000
CXUS56 KPQR 011200
CF6AST
PRELIMINARY LOCAL CLIMATOLOGICAL DATA (WS FORM: F-6)
STATION: ASTORIA OR
MONTH: APRIL
YEAR: 2020
LATITUDE: 46 9 N
LONGITUDE: 123 53 W
TEMPERATURE IN F: :PCPN: SNOW: WIND :SUNSHINE: SKY :PK WND
================================================================================
1 2 3 4 5 6A 6B 7 8 9 10 11 12 13 14 15 16 17 18
12Z AVG MX 2MIN
DY MAX MIN AVG DEP HDD CDD WTR SNW DPTH SPD SPD DIR MIN PSBL S-S WX SPD DR
================================================================================
1 50 38 44 -4 21 0 0.29 M M 7.3 17 320 M M 6 1 22 320
2 49 38 44 -4 21 0 0.01 M M 6.0 16 250 M M 8 20 250
3 49 33 41 -7 24 0 T M M 5.4 15 250 M M 8 19 270
4 51 31 41 -7 24 0 0.03 M M 4.4 17 310 M M 8 21 320
5 59 41 50 2 15 0 T M M 8.5 18 320 M M 6 23 320
6 57 34 46 -2 19 0 0.00 M M 5.3 18 310 M M 1 22 310
7 54 37 46 -2 19 0 0.00 M M 7.3 18 320 M M 5 22 310
8 63 32 48 0 17 0 0.00 M M 6.9 21 320 M M 0 1 26 320
9 60 34 47 -1 18 0 0.00 M M 10.5 24 310 M M 0 28 310
10 52 44 48 0 17 0 T M M 7.7 13 260 M M 10 1 17 320
11 54 38 46 -2 19 0 0.00 M M 5.7 12 290 M M 6 16 290
12 62 33 48 0 17 0 0.00 M M 5.5 16 300 M M 1 128 21 300
13 63 30 47 -1 18 0 0.00 M M 5.6 22 300 M M 0 26 300
14 56 37 47 -1 18 0 0.01 M M 6.8 14 280 M M 9 18 18 240
15 59 42 51 3 14 0 0.07 M M 5.3 13 280 M M 6 1 16 260
16 70 39 55 6 10 0 0.00 M M 6.8 20 320 M M 2 12 27 320
17 67 37 52 3 13 0 0.00 M M 6.6 17 300 M M 1 22 320
18 53 46 50 1 15 0 0.10 M M 8.1 17 210 M M 9 1 26 230
19 55 41 48 -1 17 0 0.00 M M 4.3 12 270 M M 7 15 230
20 58 37 48 -1 17 0 0.00 M M 6.5 14 280 M M 5 1 17 300
21 56 45 51 2 14 0 0.04 M M 7.3 18 230 M M 7 1 25 220
22 54 46 50 1 15 0 0.34 M M 7.3 23 200 M M 10 1 35 200
23 56 47 52 3 13 0 0.08 M M 7.3 14 250 M M 9 1 18 220
24 56 48 52 2 13 0 0.15 M M 4.8 16 200 M M 9 1 23 210
25 58 46 52 2 13 0 0.57 M M 8.1 24 200 M M 9 12 34 210
26 59 41 50 0 15 0 0.08 M M 8.1 23 190 M M 4 1 34 170
27 58 48 53 3 12 0 0.15 M M 10.3 23 190 M M 6 1 35 180
28 59 42 51 1 14 0 0.00 M M 4.4 17 250 M M 5 12 21 250
29 61 50 56 6 9 0 0.04 M M 8.3 23 220 M M 7 18 35 190
30 57 41 49 -1 16 0 0.01 M M 8.8 21 240 M M 5 1 27 240
================================================================================
SM 1715 1196 487 0 1.97 M 205.2 M 169
================================================================================
AV 57.2 39.9 6.8 FASTST M M 6 MAX(MPH)
MISC ----> # 24 310 # 35 200
================================================================================
NOTES:
# LAST OF SEVERAL OCCURRENCES
COLUMN 17 PEAK WIND IN M.P.H.
PRELIMINARY LOCAL CLIMATOLOGICAL DATA (WS FORM: F-6) , PAGE 2
STATION: ASTORIA OR
MONTH: APRIL
YEAR: 2020
LATITUDE: 46 9 N
LONGITUDE: 123 53 W
[TEMPERATURE DATA] [PRECIPITATION DATA] SYMBOLS USED IN COLUMN 16
AVERAGE MONTHLY: 48.5 TOTAL FOR MONTH: 1.97 1 = FOG OR MIST
DPTR FM NORMAL: -0.2 DPTR FM NORMAL: -3.23 2 = FOG REDUCING VISIBILITY
HIGHEST: 70 ON 16 GRTST 24HR 0.57 ON 25-25 TO 1/4 MILE OR LESS
LOWEST: 30 ON 13 3 = THUNDER
SNOW, ICE PELLETS, HAIL 4 = ICE PELLETS
TOTAL MONTH: M 5 = HAIL
GRTST 24HR M ON M 6 = FREEZING RAIN OR DRIZZLE
GRTST DEPTH: M ON M 7 = DUSTSTORM OR SANDSTORM:
VSBY 1/2 MILE OR LESS
8 = SMOKE OR HAZE
[NO. OF DAYS WITH] [WEATHER - DAYS WITH] 9 = BLOWING SNOW
X = TORNADO
MAX 32 OR BELOW: 0 0.01 INCH OR MORE: 15
MAX 90 OR ABOVE: 0 0.10 INCH OR MORE: 6
MIN 32 OR BELOW: 3 0.50 INCH OR MORE: 1
MIN 0 OR BELOW: 0 1.00 INCH OR MORE: 0
[HDD (BASE 65) ]
TOTAL THIS MO. 487 CLEAR (SCALE 0-3) 7
DPTR FM NORMAL -2 PTCLDY (SCALE 4-7) 15
TOTAL FM JUL 1 4367 CLOUDY (SCALE 8-10) 8
DPTR FM NORMAL -42
[CDD (BASE 65) ]
TOTAL THIS MO. 0
DPTR FM NORMAL 0 [PRESSURE DATA]
TOTAL FM JAN 1 0 HIGHEST SLP 30.43 ON 13
DPTR FM NORMAL 0 LOWEST SLP 29.55 ON 5
[REMARKS]
#FINAL-04-20#