000
CXUS56 KPQR 011611
CF6AST
PRELIMINARY LOCAL CLIMATOLOGICAL DATA (WS FORM: F-6)
STATION: ASTORIA OR
MONTH: DECEMBER
YEAR: 2023
LATITUDE: 46 9 N
LONGITUDE: 123 53 W
TEMPERATURE IN F: :PCPN: SNOW: WIND :SUNSHINE: SKY :PK WND
================================================================================
1 2 3 4 5 6A 6B 7 8 9 10 11 12 13 14 15 16 17 18
12Z AVG MX 2MIN
DY MAX MIN AVG DEP HDD CDD WTR SNW DPTH SPD SPD DIR MIN PSBL S-S WX SPD DR
================================================================================
1 53 42 48 4 17 0 0.65 M M 12.8 29 270 M M 10 18 42 180
2 53 45 49 5 16 0 0.52 M M 10.6 35 190 M M 8 138 51 300
3 56 44 50 6 15 0 1.30 M M 7.5 21 250 M M 6 18 30 220
4 60 47 54 10 11 0 1.26 M M 13.1 29 190 M M 10 1 43 170
5 60 50 55 11 10 0 2.52 M M 4.2 16 230 M M 10 1 22 220
6 52 48 50 6 15 0 0.25 M M 4.2 16 220 M M 10 1 22 230
7 52 43 48 4 17 0 0.48 M M 10.5 23 210 M M 8 1 32 220
8 49 38 44 1 21 0 0.07 M M 4.1 15 270 M M 4 1 20 260
9 54 40 47 4 18 0 1.87 M M 12.2 28 200 M M 8 1 39 190
10 56 46 51 8 14 0 0.46 M M 7.0 31 190 M M 10 1 39 210
11 51 41 46 3 19 0 0.00 M M 2.8 10 90 M M 8 12 12 90
12 55 36 46 3 19 0 0.00 M M 8.3 20 120 M M 0 1 27 120
13 56 45 51 8 14 0 T M M 7.8 18 120 M M 3 26 120
14 51 45 48 5 17 0 0.31 M M 5.6 13 40 M M 10 1 15 40
15 56 35 46 3 19 0 0.00 M M 5.5 14 60 M M 1 21 360
16 52 34 43 0 22 0 0.00 M M 3.1 8 90 M M 0 10 90
17 54 38 46 3 19 0 0.00 M M 5.6 16 70 M M 1 17 70
18 50 44 47 4 18 0 0.17 M M 5.5 13 70 M M 9 1 15 70
19 57 40 49 6 16 0 0.19 M M 6.8 20 200 M M 9 128 27 200
20 48 39 44 1 21 0 0.00 M M 2.7 10 10 M M 10 12 11 360
21 47 42 45 2 20 0 0.00 M M 3.7 9 350 M M 10 12 10 160
22 51 35 43 0 22 0 0.59 M M 6.3 24 300 M M 6 1 32 310
23 46 32 39 -4 26 0 T M M 3.7 10 90 M M 3 12 14 120
24 47 37 42 -1 23 0 0.09 M M 8.7 18 110 M M 6 1 24 120
25 56 45 51 8 14 0 0.98 M M 11.3 31 200 M M 10 1 45 200
26 53 41 47 4 18 0 0.01 M M 7.4 23 130 M M 7 18 30 130
27 54 48 51 8 14 0 0.51 M M 12.7 22 130 M M 8 13 31 120
28 56 50 53 10 12 0 0.09 M M 5.5 16 190 M M 9 1 25 190
29 58 51 55 12 10 0 0.08 M M 7.4 23 150 M M 9 1 30 130
30 54 41 48 5 17 0 0.40 M M 4.2 16 170 M M 8 18 20 180
31 49 33 41 -2 24 0 0.00 M M 2.6 7 60 M M 6 12 9 80
================================================================================
SM 1646 1295 538 0 12.80 M 213.4 M 217
================================================================================
AV 53.1 41.8 6.9 FASTST M M 7 MAX(MPH)
MISC ----> 35 190 51 300
================================================================================
NOTES:
# LAST OF SEVERAL OCCURRENCES
COLUMN 17 PEAK WIND IN M.P.H.
PRELIMINARY LOCAL CLIMATOLOGICAL DATA (WS FORM: F-6) , PAGE 2
STATION: ASTORIA OR
MONTH: DECEMBER
YEAR: 2023
LATITUDE: 46 9 N
LONGITUDE: 123 53 W
[TEMPERATURE DATA] [PRECIPITATION DATA] SYMBOLS USED IN COLUMN 16
AVERAGE MONTHLY: 47.4 TOTAL FOR MONTH: 12.80 1 = FOG OR MIST
DPTR FM NORMAL: 4.2 DPTR FM NORMAL: 2.12 2 = FOG REDUCING VISIBILITY
HIGHEST: 60 ON 5, 4 GRTST 24HR 3.02 ON 4- 5 TO 1/4 MILE OR LESS
LOWEST: 32 ON 23 3 = THUNDER
SNOW, ICE PELLETS, HAIL 4 = ICE PELLETS
TOTAL MONTH: M 5 = HAIL
GRTST 24HR M ON M 6 = FREEZING RAIN OR DRIZZLE
GRTST DEPTH: M ON M 7 = DUSTSTORM OR SANDSTORM:
VSBY 1/2 MILE OR LESS
8 = SMOKE OR HAZE
[NO. OF DAYS WITH] [WEATHER - DAYS WITH] 9 = BLOWING SNOW
X = TORNADO
MAX 32 OR BELOW: 0 0.01 INCH OR MORE: 21
MAX 90 OR ABOVE: 0 0.10 INCH OR MORE: 16
MIN 32 OR BELOW: 1 0.50 INCH OR MORE: 9
MIN 0 OR BELOW: 0 1.00 INCH OR MORE: 4
[HDD (BASE 65) ]
TOTAL THIS MO. 538 CLEAR (SCALE 0-3) 5
DPTR FM NORMAL -139 PTCLDY (SCALE 4-7) 9
TOTAL FM JUL 1 1633 CLOUDY (SCALE 8-10) 17
DPTR FM NORMAL -411
[CDD (BASE 65) ]
TOTAL THIS MO. 0
DPTR FM NORMAL 0 [PRESSURE DATA]
TOTAL FM JAN 1 70 HIGHEST SLP 30.41 ON 8
DPTR FM NORMAL 48 LOWEST SLP 29.38 ON 19
[REMARKS]
#FINAL-12-23#