000
CXUS53 KGRB 171613
CF6ATW
PRELIMINARY LOCAL CLIMATOLOGICAL DATA (WS FORM: F-6)
STATION: APPLETON WI
MONTH: DECEMBER
YEAR: 2021
LATITUDE: 44 16 N
LONGITUDE: 88 31 W
TEMPERATURE IN F: :PCPN: SNOW: WIND :SUNSHINE: SKY :PK WND
================================================================================
1 2 3 4 5 6A 6B 7 8 9 10 11 12 13 14 15 16 17 18
12Z AVG MX 2MIN
DY MAX MIN AVG DEP HDD CDD WTR SNW DPTH SPD SPD DIR MIN PSBL S-S WX SPD DR
================================================================================
1 45 28 37 10 28 0 M M M 9.7 17 230 M M 8 22 230
2 46 32 39 12 26 0 M M M 11.7 17 310 M M 5 29 280
3 36 32 34 8 31 0 0.01 M M 3.7 9 250 M M 10 1 M M
4 36 27 32 6 33 0 M M M 11.3 16 270 M M 6 21 280
5 32 27 30 4 35 0 M M M 8.9 18 120 M M 10 1 25 120
6 32 1 17 -8 48 0 M M M 19.6 31 290 M M 7 43 290
7 18 0 9 -16 56 0 M M M 6.0 10 270 M M 7 M M
8 21 10 16 -8 49 0 M M M 3.7 9 350 M M 7 M M
9 36 21 29 5 36 0 M M M 9.4 18 140 M M 8 25 140
10 34 30 32 8 33 0 0.02 M M 10.0 23 60 M M 10 30 60
11 34 23 29 6 36 0 0.12 M M 16.4 23 310 M M 6 3 33 310
12 39 25 32 9 33 0 M M M 12.9 17 230 M M 3 25 230
13 43 28 36 14 29 0 M M M 8.7 14 210 M M 2 M M
14 41 32 37 15 28 0 M M M 10.2 16 90 M M 6 25 80
15 106 37 72 50 0 7 M M M 9.7 24 170 M M 10 123 38 170
16 61 21 41 19 24 0 M M M 26.3 38 210 M M 8 49 210
17 21 16 19 -2 46 0 M M M 9.2 17 260 M M 5 25 260
18 28 21 25 4 40 0 M M M 9.0 12 350 M M 10 8 M M
19 30 16 23 2 42 0 M M M 9.9 18 190 M M 7 26 190
20 37 19 28 8 37 0 M M M 11.5 14 270 M M 4 20 240
21 28 16 22 2 43 0 M M M 10.3 22 290 M M 7 32 290
22 19 9 14 -6 51 0 M M M 8.1 20 300 M M 7 26 300
23 36 19 28 8 37 0 M M M 6.0 9 160 M M 7 6 M M
24 43 23 33 13 32 0 M M M 5.7 13 150 M M 7 12 17 330
25 37 28 33 14 32 0 M M M 7.4 14 320 M M 5 20 320
26 32 19 26 7 39 0 0.02 M M 8.8 14 80 M M 6 23 80
27 36 19 28 9 37 0 0.08 M M 12.1 23 250 M M 8 1 31 250
28 30 16 23 4 42 0 M M M 8.2 15 270 M M 7 18 240
29 30 10 20 1 45 0 M M M 9.7 20 280 M M 8 24 280
30 30 10 20 2 45 0 M M M 3.0 9 220 M M 10 1 M M
31 28 27 28 10 37 0 M M M 7.3 15 350 M M 10 1 M M
================================================================================
SM 1125 642 1130 7 0.25 M 304.6 M 221
================================================================================
AV 36.3 20.7 9.8 FASTST M M 7 MAX(MPH)
MISC ----> 38 210 49 210
================================================================================
NOTES:
# LAST OF SEVERAL OCCURRENCES
COLUMN 17 PEAK WIND IN M.P.H.
PRELIMINARY LOCAL CLIMATOLOGICAL DATA (WS FORM: F-6) , PAGE 2
STATION: APPLETON WI
MONTH: DECEMBER
YEAR: 2021
LATITUDE: 44 16 N
LONGITUDE: 88 31 W
[TEMPERATURE DATA] [PRECIPITATION DATA] SYMBOLS USED IN COLUMN 16
AVERAGE MONTHLY: 28.5 TOTAL FOR MONTH: 0.25 1 = FOG OR MIST
DPTR FM NORMAL: 6.5 DPTR FM NORMAL: -1.31 2 = FOG REDUCING VISIBILITY
HIGHEST: 106 ON 15 GRTST 24HR 0.12 ON 11-11 TO 1/4 MILE OR LESS
LOWEST: 0 ON 7 3 = THUNDER
SNOW, ICE PELLETS, HAIL 4 = ICE PELLETS
TOTAL MONTH: M 5 = HAIL
GRTST 24HR M ON M 6 = FREEZING RAIN OR DRIZZLE
GRTST DEPTH: M ON M 7 = DUSTSTORM OR SANDSTORM:
VSBY 1/2 MILE OR LESS
8 = SMOKE OR HAZE
[NO. OF DAYS WITH] [WEATHER - DAYS WITH] 9 = BLOWING SNOW
X = TORNADO
MAX 32 OR BELOW: 14 0.01 INCH OR MORE: 5
MAX 90 OR ABOVE: 1 0.10 INCH OR MORE: 1
MIN 32 OR BELOW: 30 0.50 INCH OR MORE: 0
MIN 0 OR BELOW: 1 1.00 INCH OR MORE: 0
[HDD (BASE 65) ]
TOTAL THIS MO. 1130 CLEAR (SCALE 0-3) 2
DPTR FM NORMAL -203 PTCLDY (SCALE 4-7) 21
TOTAL FM JUL 1 2455 CLOUDY (SCALE 8-10) 8
DPTR FM NORMAL -496
[CDD (BASE 65) ]
TOTAL THIS MO. 7
DPTR FM NORMAL 7 [PRESSURE DATA]
TOTAL FM JAN 1 581 HIGHEST SLP M ON M
DPTR FM NORMAL -34 LOWEST SLP M ON M
[REMARKS]
#FINAL-12-21#