000
CXUS53 KGRB 300801
CF6ATW
PRELIMINARY LOCAL CLIMATOLOGICAL DATA (WS FORM: F-6)
STATION: APPLETON WI
MONTH: APRIL
YEAR: 2021
LATITUDE: 44 16 N
LONGITUDE: 88 31 W
TEMPERATURE IN F: :PCPN: SNOW: WIND :SUNSHINE: SKY :PK WND
================================================================================
1 2 3 4 5 6A 6B 7 8 9 10 11 12 13 14 15 16 17 18
12Z AVG MX 2MIN
DY MAX MIN AVG DEP HDD CDD WTR SNW DPTH SPD SPD DIR MIN PSBL S-S WX SPD DR
================================================================================
1 37 19 28 -11 37 0 0.00 0.0 0 7.8 14 360 M M 1 23 10
2 48 23 36 -3 29 0 M M M 10.8 20 200 M M 3 29 190
3 68 36 52 12 13 0 M M M 8.4 15 180 M M 0 20 180
4 72 39 56 16 9 0 M M M 10.3 20 150 M M 3 26 150
5 77 45 61 21 4 0 M M M 9.7 17 190 M M 3 3 25 190
6 79 54 67 26 0 2 M M M 9.8 17 210 M M 6 22 210
7 79 48 64 22 1 0 0.53 M M 7.4 15 140 M M 7 21 140
8 61 50 56 14 9 0 0.01 M M 8.0 15 130 M M 9 1 23 130
9 55 46 51 9 14 0 M M M 9.4 14 150 M M 9 1 22 180
10 54 48 51 8 14 0 0.07 M M 10.4 22 30 M M 10 1 31 30
11 55 46 51 8 14 0 0.08 M M 9.4 23 30 M M 10 30 30
12 59 45 52 8 13 0 0.05 M M 10.9 22 250 M M 9 1 30 250
13 43 36 40 -4 25 0 M M M 11.4 20 250 M M 10 26 270
14 43 32 38 -7 27 0 M M M 10.3 14 270 M M 9 21 270
15 50 36 43 -2 22 0 M M M 10.7 17 350 M M 8 23 340
16 55 32 44 -2 21 0 M M M 6.6 12 120 M M 3 22 30
17 57 32 45 -1 20 0 M M M 5.5 12 310 M M 4 M M
18 61 39 50 3 15 0 M M M 6.8 12 210 M M 8 M M
19 46 32 39 -8 26 0 0.01 M M 14.9 21 290 M M 9 29 290
20 41 25 33 -15 32 0 M M M 6.1 14 340 M M 7 M M
21 41 28 35 -13 30 0 M M M 7.1 12 250 M M 8 M M
22 59 25 42 -6 23 0 M M M 7.9 14 260 M M 2 16 230
23 57 37 47 -2 18 0 M M M 10.1 15 240 M M 7 24 210
24 57 39 48 -1 17 0 M M M 8.8 14 340 M M 9 23 340
25 48 28 38 -12 27 0 M M M 9.2 17 120 M M 4 23 120
26 52 36 44 -6 21 0 0.01 M M 13.3 22 100 M M 10 28 110
27 59 39 49 -2 16 0 M M M 12.3 20 30 M M 8 23 70
28 59 37 48 -3 17 0 0.26 M M 8.4 13 360 M M 9 1 22 360
29 64 41 53 2 12 0 M M M 8.7 24 330 M M 6 1 32 330
================================================================================
SM 1636 1073 526 2 1.02 0.0 270.3 M 191
================================================================================
AV 56.4 37.0 9.3 FASTST M M 7 MAX(MPH)
MISC ----> 24 330 32 330
================================================================================
NOTES:
# LAST OF SEVERAL OCCURRENCES
COLUMN 17 PEAK WIND IN M.P.H.
PRELIMINARY LOCAL CLIMATOLOGICAL DATA (WS FORM: F-6) , PAGE 2
STATION: APPLETON WI
MONTH: APRIL
YEAR: 2021
LATITUDE: 44 16 N
LONGITUDE: 88 31 W
[TEMPERATURE DATA] [PRECIPITATION DATA] SYMBOLS USED IN COLUMN 16
AVERAGE MONTHLY: 46.7 TOTAL FOR MONTH: 1.02 1 = FOG OR MIST
DPTR FM NORMAL: 1.5 DPTR FM NORMAL: -1.82 2 = FOG REDUCING VISIBILITY
HIGHEST: 79 ON 7, 6 GRTST 24HR 0.53 ON 7- 7 TO 1/4 MILE OR LESS
LOWEST: 19 ON 1 3 = THUNDER
SNOW, ICE PELLETS, HAIL 4 = ICE PELLETS
TOTAL MONTH: 0.0 INCH 5 = HAIL
GRTST 24HR 0.0 6 = FREEZING RAIN OR DRIZZLE
GRTST DEPTH: 0 7 = DUSTSTORM OR SANDSTORM:
VSBY 1/2 MILE OR LESS
8 = SMOKE OR HAZE
[NO. OF DAYS WITH] [WEATHER - DAYS WITH] 9 = BLOWING SNOW
X = TORNADO
MAX 32 OR BELOW: 0 0.01 INCH OR MORE: 8
MAX 90 OR ABOVE: 0 0.10 INCH OR MORE: 2
MIN 32 OR BELOW: 10 0.50 INCH OR MORE: 1
MIN 0 OR BELOW: 0 1.00 INCH OR MORE: 0
[HDD (BASE 65) ]
TOTAL THIS MO. 526 CLEAR (SCALE 0-3) 6
DPTR FM NORMAL -51 PTCLDY (SCALE 4-7) 12
TOTAL FM JUL 1 6388 CLOUDY (SCALE 8-10) 11
DPTR FM NORMAL -895
[CDD (BASE 65) ]
TOTAL THIS MO. 2
DPTR FM NORMAL 2 [PRESSURE DATA]
TOTAL FM JAN 1 2 HIGHEST SLP M ON M
DPTR FM NORMAL 2 LOWEST SLP M ON M
[REMARKS]