000
CXUS55 KABR 011100
CF6ATY
PRELIMINARY LOCAL CLIMATOLOGICAL DATA (WS FORM: F-6)
STATION: WATERTOWN SD
MONTH: JULY
YEAR: 2021
LATITUDE: 44 55 N
LONGITUDE: 97 9 W
TEMPERATURE IN F: :PCPN: SNOW: WIND :SUNSHINE: SKY :PK WND
================================================================================
1 2 3 4 5 6A 6B 7 8 9 10 11 12 13 14 15 16 17 18
12Z AVG MX 2MIN
DY MAX MIN AVG DEP HDD CDD WTR SNW DPTH SPD SPD DIR MIN PSBL S-S WX SPD DR
================================================================================
1 89 55 72 2 0 7 0.00 0.0 0 3.4 12 160 M M 2 18 200
2 90 62 76 6 0 11 0.00 0.0 0 4.8 13 150 M M 2 21 140
3 91 63 77 7 0 12 0.00 0.0 0 13.4 25 210 M M 0 35 200
4 95 68 82 12 0 17 0.00 0.0 0 11.3 20 260 M M 0 27 260
5 94 59 77 7 0 12 0.00 0.0 0 4.9 18 330 M M 0 23 340
6 76 61 69 -2 0 4 1.54 0.0 0 10.3 26 230 M M 9 13 34 220
7 73 55 64 -7 1 0 0.00 0.0 0 6.3 13 30 M M 8 18 17 30
8 72 57 65 -6 0 0 0.08 0.0 0 7.4 16 150 M M 8 1 24 140
9 76 62 69 -2 0 4 0.09 0.0 0 8.3 22 40 M M 9 18 32 40
10 76 61 69 -2 0 4 0.31 0.0 0 8.1 15 50 M M 8 13 23 50
11 82 54 68 -3 0 3 0.00 0.0 0 4.1 10 50 M M 2 12 14 30
12 82 58 70 -1 0 5 0.00 0.0 0 7.7 22 160 M M 0 18 28 170
13 85 61 73 2 0 8 0.00 0.0 0 5.6 14 50 M M 2 1 20 40
14 78 58 68 -3 0 3 0.08 0.0 0 4.5 13 30 M M 5 1 17 50
15 81 53 67 -4 0 2 0.00 0.0 0 4.4 13 170 M M 2 128 19 150
16 80 59 70 -1 0 5 0.00 0.0 0 9.2 17 170 M M 0 18 24 170
17 83 62 73 2 0 8 0.00 0.0 0 7.3 16 150 M M 1 23 150
18 83 63 73 2 0 8 0.00 0.0 0 7.8 14 160 M M 1 1 20 170
19 86 61 74 3 0 9 0.00 0.0 0 5.5 14 70 M M 1 18 18 70
20 85 61 73 2 0 8 0.00 0.0 0 5.4 13 200 M M 0 1 17 200
21 85 64 75 4 0 10 T 0.0 0 11.5 23 170 M M 0 1 30 170
22 89 69 79 8 0 14 T 0.0 0 12.1 18 200 M M 1 26 190
23 90 70 80 9 0 15 T 0.0 M 9.4 26 200 M M 1 1 36 200
24 89 63 76 5 0 11 0.16 0.0 0 7.2 29 340 M M 1 1 41 330
25 89 57 73 2 0 8 0.01 0.0 0 6.9 17 170 M M 1 3 22 170
26 88 67 78 7 0 13 0.15 0.0 0 11.5 24 190 M M 2 13 34 200
27 92 70 81 10 0 16 0.00 0.0 0 6.2 13 150 M M 0 1 20 170
28 98 71 85 14 0 20 0.00 0.0 0 12.2 24 360 M M 0 32 360
29 79 60 70 -1 0 5 0.00 0.0 0 9.5 20 10 M M 7 8 24 20
30 71 61 66 -5 0 1 0.26 0.0 0 4.1 16 210 M M 6 18 21 220
31 84 55 70 -1 0 5 0.00 0.0 0 9.8 22 360 M M 3 128 30 10
================================================================================
SM 2611 1900 1 248 2.68 0.0 240.1 M 82
================================================================================
AV 84.2 61.3 7.7 FASTST M M 3 MAX(MPH)
MISC ----> 29 340 41 330
================================================================================
NOTES:
# LAST OF SEVERAL OCCURRENCES
COLUMN 17 PEAK WIND IN M.P.H.
PRELIMINARY LOCAL CLIMATOLOGICAL DATA (WS FORM: F-6) , PAGE 2
STATION: WATERTOWN SD
MONTH: JULY
YEAR: 2021
LATITUDE: 44 55 N
LONGITUDE: 97 9 W
[TEMPERATURE DATA] [PRECIPITATION DATA] SYMBOLS USED IN COLUMN 16
AVERAGE MONTHLY: 72.8 TOTAL FOR MONTH: 2.68 1 = FOG OR MIST
DPTR FM NORMAL: 1.8 DPTR FM NORMAL: -0.37 2 = FOG REDUCING VISIBILITY
HIGHEST: 98 ON 28 GRTST 24HR 1.54 ON 6- 6 TO 1/4 MILE OR LESS
LOWEST: 53 ON 15 3 = THUNDER
SNOW, ICE PELLETS, HAIL 4 = ICE PELLETS
TOTAL MONTH: 0.0 INCH 5 = HAIL
GRTST 24HR 0.0 6 = FREEZING RAIN OR DRIZZLE
GRTST DEPTH: 0 7 = DUSTSTORM OR SANDSTORM:
VSBY 1/2 MILE OR LESS
8 = SMOKE OR HAZE
[NO. OF DAYS WITH] [WEATHER - DAYS WITH] 9 = BLOWING SNOW
X = TORNADO
MAX 32 OR BELOW: 0 0.01 INCH OR MORE: 9
MAX 90 OR ABOVE: 7 0.10 INCH OR MORE: 5
MIN 32 OR BELOW: 0 0.50 INCH OR MORE: 1
MIN 0 OR BELOW: 0 1.00 INCH OR MORE: 1
[HDD (BASE 65) ]
TOTAL THIS MO. 1 CLEAR (SCALE 0-3) 23
DPTR FM NORMAL -15 PTCLDY (SCALE 4-7) 6
TOTAL FM JUL 1 1 CLOUDY (SCALE 8-10) 2
DPTR FM NORMAL -6
[CDD (BASE 65) ]
TOTAL THIS MO. 248
DPTR FM NORMAL 46 [PRESSURE DATA]
TOTAL FM JAN 1 511 HIGHEST SLP 30.22 ON 30
DPTR FM NORMAL 184 LOWEST SLP 29.74 ON 4
[REMARKS]
#FINAL-07-21#