506
CXUS51 KGYX 012108
CF6AUG
PRELIMINARY LOCAL CLIMATOLOGICAL DATA (WS FORM: F-6)
STATION: AUGUSTA
MONTH: APRIL
YEAR: 2020
LATITUDE: 44 18 N
LONGITUDE: 69 48 W
TEMPERATURE IN F: :PCPN: SNOW: WIND :SUNSHINE: SKY :PK WND
================================================================================
1 2 3 4 5 6A 6B 7 8 9 10 11 12 13 14 15 16 17 18
12Z AVG MX 2MIN
DY MAX MIN AVG DEP HDD CDD WTR SNW DPTH SPD SPD DIR MIN PSBL S-S WX SPD DR
================================================================================
1 43 30 37 -1 28 0 T M M 10.9 21 30 M M 9 26 40
2 44 36 40 2 25 0 1.00 M M 18.9 25 20 M M 9 1 36 30
3 47 38 43 4 22 0 0.16 M M 19.8 29 30 M M 10 1 41 30
4 54 36 45 6 20 0 T 0.0 M 8.7 18 10 M M 6 24 30
5 53 37 45 6 20 0 0.00 0.0 M 4.1 15 150 M M 10 29 210
6 56 38 47 7 18 0 0.00 0.0 M 10.2 23 290 M M 0 32 280
7 57 33 45 5 20 0 0.00 0.0 M 6.5 20 310 M M 1 27 330
8 54 28 41 0 24 0 0.00 0.0 M 6.2 15 330 M M 1 20 310
9 43 32 38 -3 27 0 1.15 M M 10.7 23 320 M M 10 12 31 330
10 38 32 35 -7 30 0 0.12 M M 10.4 25 340 M M 9 128 35 350
11 41 33 37 -5 28 0 0.00 0.0 M 11.7 21 300 M M 6 32 280
12 52 27 40 -2 25 0 0.00 0.0 M 6.8 15 250 M M 2 22 170
13 56 42 49 6 16 0 1.78 0.0 M 13.0 28 180 M M 10 12 47 180
14 56 41 49 6 16 0 0.00 0.0 M 8.3 20 320 M M 1 32 300
15 49 33 41 -3 24 0 0.00 0.0 M 5.5 16 320 M M 7 25 300
16 46 31 39 -5 26 0 0.00 0.0 M 7.7 18 290 M M 4 27 290
17 46 29 38 -7 27 0 0.00 0.0 M 8.6 18 270 M M 5 27 280
18 46 32 39 -6 26 0 0.00 0.0 M 5.6 14 50 M M 8 18 40
19 56 29 43 -2 22 0 0.00 0.0 M 7.0 17 150 M M 2 26 140
20 49 35 42 -4 23 0 0.00 0.0 M 8.5 25 330 M M 2 36 290
21 50 28 39 -7 26 0 0.40 0.0 M 10.0 28 160 M M 5 1 38 150
22 37 31 34 -13 31 0 0.00 0.0 M 14.4 25 270 M M 5 39 250
23 50 29 40 -7 25 0 0.00 0.0 M 9.0 20 280 M M 0 29 260
24 56 28 42 -5 23 0 0.00 0.0 M 4.3 13 50 M M 0 16 340
25 63 39 51 3 14 0 0.00 0.0 M 5.5 13 240 M M 2 19 200
26 58 34 46 -2 19 0 0.11 M M 6.4 21 30 M M 4 1 29 20
27 42 36 39 -10 26 0 0.60 M M 17.1 30 30 M M 10 1 42 10
28 55 34 45 -4 20 0 T M M 9.7 24 40 M M 9 18 29 10
29 62 39 51 2 14 0 0.00 0.0 M 6.8 16 160 M M 2 22 160
30 50 39 45 -5 20 0 T 0.0 M 8.6 18 160 M M 10 25 160
================================================================================
SM 1509 1009 685 0 5.32 0.0 280.9 M 159
================================================================================
AV 50.3 33.6 9.4 FASTST M M 5 MAX(MPH)
MISC ----> # 30 30 # 47 180
================================================================================
NOTES:
# LAST OF SEVERAL OCCURRENCES
COLUMN 17 PEAK WIND IN M.P.H.
PRELIMINARY LOCAL CLIMATOLOGICAL DATA (WS FORM: F-6) , PAGE 2
STATION: AUGUSTA
MONTH: APRIL
YEAR: 2020
LATITUDE: 44 18 N
LONGITUDE: 69 48 W
[TEMPERATURE DATA] [PRECIPITATION DATA] SYMBOLS USED IN COLUMN 16
AVERAGE MONTHLY: 42.0 TOTAL FOR MONTH: 5.32 1 = FOG OR MIST
DPTR FM NORMAL: -1.9 DPTR FM NORMAL: 1.53 2 = FOG REDUCING VISIBILITY
HIGHEST: 63 ON 25 GRTST 24HR 1.78 ON 13-13 TO 1/4 MILE OR LESS
LOWEST: 27 ON 12 3 = THUNDER
SNOW, ICE PELLETS, HAIL 4 = ICE PELLETS
TOTAL MONTH: 0.0 INCH 5 = HAIL
GRTST 24HR 0.0 6 = FREEZING RAIN OR DRIZZLE
GRTST DEPTH: M ON M 7 = DUSTSTORM OR SANDSTORM:
VSBY 1/2 MILE OR LESS
8 = SMOKE OR HAZE
[NO. OF DAYS WITH] [WEATHER - DAYS WITH] 9 = BLOWING SNOW
X = TORNADO
MAX 32 OR BELOW: 0 0.01 INCH OR MORE: 8
MAX 90 OR ABOVE: 0 0.10 INCH OR MORE: 8
MIN 32 OR BELOW: 13 0.50 INCH OR MORE: 4
MIN 0 OR BELOW: 0 1.00 INCH OR MORE: 3
[HDD (BASE 65) ]
TOTAL THIS MO. 685 CLEAR (SCALE 0-3) 11
DPTR FM NORMAL 50 PTCLDY (SCALE 4-7) 8
TOTAL FM JUL 1 6665 CLOUDY (SCALE 8-10) 11
DPTR FM NORMAL -339
[CDD (BASE 65) ]
TOTAL THIS MO. 0
DPTR FM NORMAL 0 [PRESSURE DATA]
TOTAL FM JAN 1 0 HIGHEST SLP M ON M
DPTR FM NORMAL 0 LOWEST SLP 28.95 ON 10
[REMARKS]
#FINAL-04-20#