000
CXUS53 KARX 020845
CF6AUM
PRELIMINARY LOCAL CLIMATOLOGICAL DATA (WS FORM: F-6)
STATION: AUSTIN MUNI MN
MONTH: MAY
YEAR: 2022
LATITUDE: 43 40 N
LONGITUDE: 92 56 W
TEMPERATURE IN F: :PCPN: SNOW: WIND :SUNSHINE: SKY :PK WND
================================================================================
1 2 3 4 5 6A 6B 7 8 9 10 11 12 13 14 15 16 17 18
12Z AVG MX 2MIN
DY MAX MIN AVG DEP HDD CDD WTR SNW DPTH SPD SPD DIR MIN PSBL S-S WX SPD DR
================================================================================
1 48 41 45 M 20 0 0.05 0.0 0 14.4 20 290 M M 10 1 28 270
2 46 39 43 M 22 0 0.00 0.0 0 7.5 15 300 M M 9 18 300
3 57 39 48 M 17 0 0.12 0.0 0 5.1 16 40 M M 7 21 40
4 61 36 49 M 16 0 0.00 0.0 0 2.8 8 100 M M 1 M M
5 59 43 51 M 14 0 T 0.0 0 4.7 10 50 M M 5 M M
6 66 45 56 M 9 0 0.00 0.0 0 5.2 13 90 M M 0 20 80
7 72 45 59 M 6 0 0.00 0.0 0 9.1 17 140 M M 0 22 140
8 61 50 56 M 9 0 0.09 0.0 0 14.5 27 160 M M 7 38 160
9 88 55 72 M 0 7 0.08 0.0 0 17.0 25 180 M M 5 3 36 180
10 75 57 66 M 0 1 0.00 0.0 0 7.2 12 50 M M 4 M M
11 91 64 78 M 0 13 0.00 0.0 0 9.3 18 130 M M 2 3 25 130
12 93 66 80 M 0 15 0.00 0.0 0 11.4 20 180 M M 0 30 160
13 75 55 65 M 0 0 0.00 0.0 0 7.2 14 210 M M 1 22 250
14 82 52 67 M 0 2 0.00 0.0 0 8.1 18 310 M M 0 25 240
15 73 48 61 M 4 0 0.00 0.0 0 5.9 15 320 M M 1 27 300
16 73 54 64 M 1 0 0.00 0.0 0 10.8 22 310 M M 0 33 290
17 57 52 55 M 10 0 0.21 0.0 0 3.9 13 120 M M 7 1 M M
18 73 52 63 M 2 0 0.00 0.0 0 5.3 9 300 M M 5 17 270
19 86 50 68 M 0 3 0.22 0.0 0 8.7 27 210 M M 3 3 37 210
20 72 48 60 M 5 0 0.18 0.0 0 10.9 21 310 M M 6 37 220
21 57 45 51 M 14 0 0.00 0.0 0 9.4 15 300 M M 8 24 300
22 57 43 50 M 15 0 0.00 0.0 0 7.3 16 270 M M 7 23 280
23 61 34 48 M 17 0 0.00 0.0 0 3.9 12 90 M M 0 M M
24 64 48 56 M 9 0 0.19 0.0 0 10.0 17 100 M M 3 22 130
25 54 48 51 M 14 0 0.84 0.0 0 10.8 16 60 M M 10 27 70
26 54 46 50 M 15 0 0.07 0.0 0 7.5 13 330 M M 10 1 21 330
27 73 45 59 M 6 0 0.00 0.0 0 4.0 8 320 M M 0 M M
28 82 59 71 M 0 6 0.00 0.0 0 13.8 25 190 M M 1 38 190
29 82 64 73 M 0 8 T 0.0 0 12.4 23 180 M M 2 3 35 190
30 90 64 77 M 0 12 0.07 0.0 0 16.5 29 190 M M 2 3 43 200
31 75 55 65 M 0 0 0.00 0.0 0 14.1 22 240 M M 1 33 240
================================================================================
SM 2157 1542 225 67 2.12 0.0 278.7 M 117
================================================================================
AV 69.6 49.7 9.0 FASTST M M 4 MAX(MPH)
MISC ----> 29 190 43 200
================================================================================
NOTES:
# LAST OF SEVERAL OCCURRENCES
COLUMN 17 PEAK WIND IN M.P.H.
PRELIMINARY LOCAL CLIMATOLOGICAL DATA (WS FORM: F-6) , PAGE 2
STATION: AUSTIN MUNI MN
MONTH: MAY
YEAR: 2022
LATITUDE: 43 40 N
LONGITUDE: 92 56 W
[TEMPERATURE DATA] [PRECIPITATION DATA] SYMBOLS USED IN COLUMN 16
AVERAGE MONTHLY: 59.7 TOTAL FOR MONTH: 2.12 1 = FOG OR MIST
DPTR FM NORMAL: 0.0 DPTR FM NORMAL: M 2 = FOG REDUCING VISIBILITY
HIGHEST: 93 ON 12 GRTST 24HR 0.84 ON 25-25 TO 1/4 MILE OR LESS
LOWEST: 34 ON 23 3 = THUNDER
SNOW, ICE PELLETS, HAIL 4 = ICE PELLETS
TOTAL MONTH: 0.0 INCH 5 = HAIL
GRTST 24HR 0.0 6 = FREEZING RAIN OR DRIZZLE
GRTST DEPTH: 0 7 = DUSTSTORM OR SANDSTORM:
VSBY 1/2 MILE OR LESS
8 = SMOKE OR HAZE
[NO. OF DAYS WITH] [WEATHER - DAYS WITH] 9 = BLOWING SNOW
X = TORNADO
MAX 32 OR BELOW: 0 0.01 INCH OR MORE: 11
MAX 90 OR ABOVE: 3 0.10 INCH OR MORE: 6
MIN 32 OR BELOW: 0 0.50 INCH OR MORE: 1
MIN 0 OR BELOW: 0 1.00 INCH OR MORE: 0
[HDD (BASE 65) ]
TOTAL THIS MO. 225 CLEAR (SCALE 0-3) 15
DPTR FM NORMAL M PTCLDY (SCALE 4-7) 12
TOTAL FM JUL 1 7380 CLOUDY (SCALE 8-10) 4
DPTR FM NORMAL M
[CDD (BASE 65) ]
TOTAL THIS MO. 67
DPTR FM NORMAL M [PRESSURE DATA]
TOTAL FM JAN 1 67 HIGHEST SLP M ON M
DPTR FM NORMAL M LOWEST SLP M ON M
[REMARKS]
#FINAL-05-22#