000
CXUS54 KEWX 011840
CLMAUS
CLIMATE REPORT
NATIONAL WEATHER SERVICE AUSTIN/SAN ANTONIO
116 PM CDT SAT APR 01 2023
...................................
...THE AUSTIN BERGSTROM CLIMATE SUMMARY FOR THE MONTH OF MARCH 2023...
CLIMATE NORMAL PERIOD: 1991 TO 2020
CLIMATE RECORD PERIOD: 1943 TO 2023
WEATHER OBSERVED NORMAL DEPART LAST YEAR`S
VALUE DATE(S) VALUE FROM VALUE DATE(S)
NORMAL
................................................................
TEMPERATURE (F)
HIGHEST 88 03/11 88 03/26
LOWEST 34 03/20 19 03/13
AVG. MAXIMUM 75.0 73.1 1.9 74.6
AVG. MINIMUM 51.9 49.0 2.9 41.9
MEAN 63.5 61.0 2.5 58.3
DAYS MAX >= 90 0 0
DAYS MAX <= 32 0 0
DAYS MIN <= 32 0 5
DAYS MIN <= 0 0 0
PRECIPITATION (INCHES)
TOTALS 1.90 2.90 -1.00 2.21
DAILY AVG. 0.06 0.09 -0.03 0.07
DAYS >= .01 7 5
DAYS >= .10 3 3
DAYS >= .50 2 2
DAYS >= 1.00 0 1
GREATEST
24 HR. TOTAL 0.90 03/16 TO 03/17
SNOWFALL (INCHES)
TOTALS T 0.0 0.0 0.0
SINCE 7/1 T 0.2 -0.2 MM
DEGREE DAYS
HEATING TOTAL 120 184 -64 244
SINCE 7/1 1539 1662 -123 MM
COOLING TOTAL 78 61 17 42
SINCE 1/1 116 89 27 MM
................................................................
WIND (MPH)
AVERAGE WIND SPEED 9.6
HIGHEST WIND SPEED/DIRECTION 35/360 DATE 03/17
HIGHEST GUST SPEED/DIRECTION 58/290 DATE 03/02
SKY COVER
POSSIBLE SUNSHINE (PERCENT) MM
AVERAGE SKY COVER 0.68
NUMBER OF DAYS FAIR 3
NUMBER OF DAYS PC 12
NUMBER OF DAYS CLOUDY 16
AVERAGE RH (PERCENT) 71
WEATHER CONDITIONS. NUMBER OF DAYS WITH
THUNDERSTORM 2 MIXED PRECIP 0
HEAVY RAIN 2 RAIN 4
LIGHT RAIN 11 FREEZING RAIN 0
LT FREEZING RAIN 0 HAIL 1
HEAVY SNOW 0 SNOW 0
LIGHT SNOW 0 SLEET 0
FOG 14 FOG W/VIS <= 1/4 MILE 1
HAZE 2
- INDICATES NEGATIVE NUMBERS.
R INDICATES RECORD WAS SET OR TIED.
MM INDICATES DATA IS MISSING.
T INDICATES TRACE AMOUNT.
&&
MONTHLY CLIMATE SUMMARY:
MARCH 2023 WAS TIED FOR THE 24TH WARMEST AND TIED FOR THE 32ND DRIEST
MARCH ON RECORD.
SEA LEVEL PRESSURE DATA:
HIGHEST SLP 30.58 ON THE 19TH
LOWEST SLP 29.27 ON THE 2ND
PRELIMINARY LOCAL CLIMATOLOGICAL DATA (WS FORM: F-6)
STATION: AUSTIN BERGSTROM
MONTH: MARCH
YEAR: 2023
LATITUDE: 30 13 N
LONGITUDE: 97 40 W
TEMPERATURE IN F: :PCPN: SNOW: WIND :SUNSHINE: SKY :PK WND
================================================================================
1 2 3 4 5 6A 6B 7 8 9 10 11 12 13 14 15 16 17 18
12Z AVG MX 2MIN
DY MAX MIN AVG DEP HDD CDD WTR SNW DPTH SPD SPD DIR MIN PSBL S-S WX SPD DR
================================================================================
1 84 69 77 20 0 12 0.00 0.0 0 6.7 16 180 M M 9 18 23 220
2 81 56 69 11 0 4 0.68 0.0 0 13.1 30 310 M M 9 13 58 290
3 73 46 60 2 5 0 0.00 0.0 0 9.5 25 280 M M 1 1 42 280
4 78 37 58 0 7 0 0.00 0.0 0 6.5 16 180 M M 0 23 180
5 78 46 62 4 3 0 0.00 0.0 0 7.0 16 190 M M 5 12 24 170
6 81 57 69 11 0 4 T 0.0 0 5.7 16 190 M M 6 1 21 170
7 80 62 71 12 0 6 0.00 0.0 0 6.1 14 140 M M 8 18 19 150
8 80 62 71 12 0 6 0.00 0.0 0 6.9 16 20 M M 8 1 22 40
9 84 59 72 13 0 7 0.00 0.0 0 8.2 18 20 M M 8 26 170
10 73 56 65 5 0 0 0.00 0.0 0 8.0 18 10 M M 6 25 20
11 88 54 71 11 0 6 T 0.0 0 12.1 24 190 M M 5 1 34 180
12 74 58 66 6 0 1 0.00 0.0 0 12.7 23 30 M M 4 32 10
13 68 50 59 -1 6 0 0.00 0.0 0 12.8 22 30 M M 6 30 50
14 67 45 56 -5 9 0 0.00 0.0 0 8.1 15 70 M M 6 25 90
15 74 40 57 -4 8 0 0.00 0.0 0 10.0 22 160 M M 7 32 150
16 81 52 67 6 0 2 0.88 T 0 14.1 32 10 M M 9 135 40 10
17 57 41 49 -12 16 0 0.02 0.0 0 17.2 35 360 M M 9 45 340
18 53 45 49 -13 16 0 T 0.0 0 7.0 21 340 M M 10 30 350
19 59 36 48 -14 17 0 0.00 0.0 0 4.0 10 190 M M 5 17 320
20 56 34 45 -17 20 0 0.01 0.0 0 9.5 18 150 M M 9 1 27 150
21 69 52 61 -1 4 0 0.21 0.0 0 9.2 20 170 M M 10 1 30 180
22 78 68 73 10 0 8 0.00 0.0 0 13.8 22 190 M M 10 1 30 180
23 81 69 75 12 0 10 0.00 0.0 0 15.5 26 170 M M 9 38 170
24 86 50 68 5 0 3 0.09 0.0 0 7.0 23 180 M M 5 1 33 170
25 81 45 63 0 2 0 0.00 0.0 0 5.6 17 330 M M 1 23 320
26 80 45 63 -1 2 0 T 0.0 0 3.8 12 140 M M 5 18 150
27 77 53 65 1 0 0 0.00 0.0 0 10.7 20 30 M M 8 24 40
28 70 56 63 -1 2 0 0.01 0.0 0 17.2 33 20 M M 8 45 360
29 72 52 62 -2 3 0 0.00 0.0 0 8.0 15 140 M M 9 20 20
30 76 60 68 4 0 3 T 0.0 0 11.4 23 150 M M 10 1 35 150
31 86 55 71 6 0 6 T 0.0 0 11.7 28 200 M M 7 39 210
================================================================================
SM 2325 1610 120 78 1.90 T 299.1 M 212
================================================================================
AV 75.0 51.9 9.6 FASTST M M 7 MAX(MPH)
MISC ----> 35 360 58 290
================================================================================
NOTES:
# LAST OF SEVERAL OCCURRENCES
COLUMN 17 PEAK WIND IN M.P.H.
SYMBOLS USED IN COLUMN 16
1 = FOG OR MIST
2 = FOG REDUCING VISIBILITY TO 1/4 MILE OR LESS
3 = THUNDER
4 = ICE PELLETS
5 = HAIL
6 = FREEZING RAIN OR DRIZZLE
7 = DUSTSTORM OR SANDSTORM: VSBY 1/2 MILE OR LESS
8 = SMOKE OR HAZE
9 = BLOWING SNOW
X = TORNADO
$$