000
CXUS53 KGRB 061912
CF6AUW
PRELIMINARY LOCAL CLIMATOLOGICAL DATA (WS FORM: F-6)
STATION: WAUSAU WI
MONTH: OCTOBER
YEAR: 2022
LATITUDE: 44 55 N
LONGITUDE: 89 37 W
TEMPERATURE IN F: :PCPN: SNOW: WIND :SUNSHINE: SKY :PK WND
================================================================================
1 2 3 4 5 6A 6B 7 8 9 10 11 12 13 14 15 16 17 18
12Z AVG MX 2MIN
DY MAX MIN AVG DEP HDD CDD WTR SNW DPTH SPD SPD DIR MIN PSBL S-S WX SPD DR
================================================================================
1 72 40 56 3 9 0 0.00 0.0 0 3.0 10 60 M M 1 15 60
2 66 50 58 6 7 0 0.00 0.0 0 5.8 12 70 M M 4 16 90
3 68 45 57 5 8 0 0.00 0.0 0 3.2 9 160 M M 1 13 160
4 73 51 62 10 3 0 T 0.0 0 3.1 10 160 M M 1 14 170
5 73 45 59 8 6 0 0.00 0.0 0 5.4 14 220 M M 2 21 240
6 60 39 50 -1 15 0 0.09 0.0 0 9.2 21 330 M M 5 1 35 310
7 49 34 42 -8 23 0 0.00 0.0 0 7.3 16 280 M M 5 21 270
8 59 32 46 -4 19 0 0.00 0.0 0 9.1 24 260 M M 1 35 260
9 65 33 49 0 16 0 0.00 0.0 0 3.0 8 340 M M 0 11 250
10 64 38 51 2 14 0 0.00 0.0 0 5.2 14 140 M M 1 19 150
11 76 40 58 10 7 0 0.00 0.0 0 11.8 25 160 M M 4 1 36 170
12 65 43 54 6 11 0 0.34 0.0 0 12.0 37 260 M M M 3 28 260
13 44 35 40 -8 25 0 0.02 0.0 0 10.1 18 280 M M 8 1 27 290
14 38 34 36 -11 29 0 0.13 T 0 6.7 12 190 M M 10 1 18 200
15 50 33 42 -5 23 0 0.02 0.0 0 9.3 33 270 M M M 23 250
16 46 35 41 -5 24 0 T 0.0 0 13.3 33 290 M M M 23 300
17 38 32 35 -11 30 0 T T 0 17.1 25 310 M M 9 38 310
18 45 31 38 -8 27 0 0.00 0.0 0 14.8 28 320 M M 4 40 330
19 45 27 36 -9 29 0 0.00 0.0 0 9.6 18 280 M M 3 26 290
20 55 34 45 0 20 0 0.00 0.0 0 4.7 9 260 M M 4 16 260
21 68 32 50 6 15 0 0.00 0.0 0 5.5 17 270 M M 0 22 260
22 74 37 56 12 9 0 0.00 0.0 0 2.7 9 100 M M 0 18 13 90
23 74 52 63 20 2 0 0.01 0.0 0 11.4 23 130 M M 1 1 35 140
24 69 52 61 18 4 0 0.48 0.0 0 12.8 22 150 M M 8 1 29 160
25 52 40 46 4 19 0 0.04 0.0 0 9.9 17 280 M M 6 1 23 260
26 48 30 39 -3 26 0 0.00 0.0 0 7.9 17 320 M M 4 26 340
27 56 27 42 0 23 0 0.00 0.0 0 5.3 13 160 M M 2 17 160
28 59 41 50 9 15 0 0.00 0.0 0 5.1 12 160 M M M 17 200
29 63 32 48 7 17 0 0.00 0.0 0 3.9 13 170 M M M 18 180
30 60 32 46 6 19 0 0.00 0.0 0 4.6 16 160 M M M 8 150
31 66 39 53 13 12 0 0.00 0.0 0 M 6 290 M M 1 18 M M
================================================================================
SM 1840 1165 506 0 1.13 T 232.8 M 85
================================================================================
AV 59.4 37.6 7.8 FASTST M M 3 MAX(MPH)
MISC ----> 37 260 40 330
================================================================================
NOTES:
# LAST OF SEVERAL OCCURRENCES
COLUMN 17 PEAK WIND IN M.P.H.
PRELIMINARY LOCAL CLIMATOLOGICAL DATA (WS FORM: F-6) , PAGE 2
STATION: WAUSAU WI
MONTH: OCTOBER
YEAR: 2022
LATITUDE: 44 55 N
LONGITUDE: 89 37 W
[TEMPERATURE DATA] [PRECIPITATION DATA] SYMBOLS USED IN COLUMN 16
AVERAGE MONTHLY: 48.5 TOTAL FOR MONTH: 1.13 1 = FOG OR MIST
DPTR FM NORMAL: 2.2 DPTR FM NORMAL: -1.94 2 = FOG REDUCING VISIBILITY
HIGHEST: 76 ON 11 GRTST 24HR 0.52 ON 24-25 TO 1/4 MILE OR LESS
LOWEST: 27 ON 27,19 3 = THUNDER
SNOW, ICE PELLETS, HAIL 4 = ICE PELLETS
TOTAL MONTH: T 5 = HAIL
GRTST 24HR T ON 14-14 6 = FREEZING RAIN OR DRIZZLE
GRTST DEPTH: 0 7 = DUSTSTORM OR SANDSTORM:
VSBY 1/2 MILE OR LESS
8 = SMOKE OR HAZE
[NO. OF DAYS WITH] [WEATHER - DAYS WITH] 9 = BLOWING SNOW
X = TORNADO
MAX 32 OR BELOW: 0 0.01 INCH OR MORE: 8
MAX 90 OR ABOVE: 0 0.10 INCH OR MORE: 3
MIN 32 OR BELOW: 9 0.50 INCH OR MORE: 0
MIN 0 OR BELOW: 0 1.00 INCH OR MORE: 0
[HDD (BASE 65) ]
TOTAL THIS MO. 506 CLEAR (SCALE 0-3) 13
DPTR FM NORMAL -74 PTCLDY (SCALE 4-7) 8
TOTAL FM JUL 1 665 CLOUDY (SCALE 8-10) 10
DPTR FM NORMAL -184
[CDD (BASE 65) ]
TOTAL THIS MO. 0
DPTR FM NORMAL -2 [PRESSURE DATA]
TOTAL FM JAN 1 665 HIGHEST SLP 30.51 ON 7
DPTR FM NORMAL 243 LOWEST SLP 29.46 ON 12
[REMARKS]
#FINAL-10-22#