000
CXUS53 KGRB 151613
CF6AUW
PRELIMINARY LOCAL CLIMATOLOGICAL DATA (WS FORM: F-6)
STATION: WAUSAU WI
MONTH: JANUARY
YEAR: 2022
LATITUDE: 44 55 N
LONGITUDE: 89 37 W
TEMPERATURE IN F: :PCPN: SNOW: WIND :SUNSHINE: SKY :PK WND
================================================================================
1 2 3 4 5 6A 6B 7 8 9 10 11 12 13 14 15 16 17 18
12Z AVG MX 2MIN
DY MAX MIN AVG DEP HDD CDD WTR SNW DPTH SPD SPD DIR MIN PSBL S-S WX SPD DR
================================================================================
1 15 5 10 -6 55 0 0.00 0.0 6 7.6 15 330 M M 2 23 340
2 13 -3 5 -11 60 0 0.00 0.0 6 4.9 12 260 M M 2 14 270
3 18 -4 7 -9 58 0 0.00 0.0 6 4.7 12 220 M M 0 16 210
4 28 5 17 1 48 0 0.06 1.3 7 6.5 13 90 M M 2 8 17 90
5 26 13 20 4 45 0 0.29 3.9 9 8.7 17 330 M M 10 18 28 330
6 15 8 12 -4 53 0 0.07 1.3 9 9.9 15 290 M M 10 8 20 280
7 16 -1 8 -7 57 0 0.00 0.0 9 6.9 16 280 M M 4 21 290
8 24 12 18 3 47 0 T T 9 12.0 20 150 M M 10 18 28 130
9 25 -5 10 -5 55 0 T 0.1 9 14.9 28 260 M M 3 18 37 270
10 4 -13 -4 -19 69 0 0.00 0.0 9 8.5 20 280 M M 0 27 290
11 29 -7 11 -4 54 0 0.00 0.0 9 8.4 24 250 M M 2 36 240
12 32 24 28 13 37 0 0.00 0.0 8 3.6 16 260 M M 8 8 23 260
13 35 16 26 11 39 0 0.01 0.1 8 6.1 16 20 M M 10 8 24 20
14 16 8 12 -2 53 0 0.00 0.0 8 10.0 17 60 M M 8 23 60
15 19 0 10 -4 55 0 0.00 0.0 8 2.7 10 30 M M 0 15 40
16 20 4 12 -2 53 0 0.07 0.8 9 5.9 13 160 M M 9 18 18 170
17 28 20 24 10 41 0 0.00 0.0 9 8.3 16 270 M M 9 24 330
18 37 27 32 18 33 0 T T 9 10.5 32 270 M M 9 8 44 280
19 29 1 15 1 50 0 0.00 0.0 9 15.0 32 260 M M 6 89 44 290
20 8 -9 0 -14 65 0 0.00 0.0 9 5.4 12 290 M M 0 15 290
21 15 -19 -2 -16 67 0 0.03 0.5 9 9.0 22 170 M M 1 8 31 170
22 21 8 15 1 50 0 0.08 1.6 11 13.1 28 270 M M 8 8 37 280
23 8 -5 2 -12 63 0 0.02 0.7 11 5.8 13 260 M M 3 15 260
24 17 -3 7 -7 58 0 0.05 1.6 11 7.2 17 310 M M 7 8 24 300
25 2 -13 -5 -19 70 0 0.00 0.0 11 7.5 15 250 M M 0 8 19 270
26 12 -22 -5 -19 70 0 0.00 0.0 11 8.0 22 170 M M 1 8 31 190
27 27 1 14 0 51 0 T 0.2 11 8.0 20 320 M M 7 29 310
28 13 -12 1 -13 64 0 0.00 0.0 11 5.0 16 270 M M 4 20 280
29 23 9 16 2 49 0 0.00 0.0 11 5.0 13 130 M M 8 16 140
30 27 9 18 3 47 0 T T 11 3.6 12 340 M M 8 8 17 340
31 30 2 16 1 49 0 0.00 0.0 11 9.8 21 130 M M 3 8 27 130
================================================================================
SM 632 56 1665 0 0.68 12.1 242.5 M 154
================================================================================
AV 20.4 1.8 7.8 FASTST M M 5 MAX(MPH)
MISC ----> # 32 260 # 44 290
================================================================================
NOTES:
# LAST OF SEVERAL OCCURRENCES
COLUMN 17 PEAK WIND IN M.P.H.
PRELIMINARY LOCAL CLIMATOLOGICAL DATA (WS FORM: F-6) , PAGE 2
STATION: WAUSAU WI
MONTH: JANUARY
YEAR: 2022
LATITUDE: 44 55 N
LONGITUDE: 89 37 W
[TEMPERATURE DATA] [PRECIPITATION DATA] SYMBOLS USED IN COLUMN 16
AVERAGE MONTHLY: 11.1 TOTAL FOR MONTH: 0.68 1 = FOG OR MIST
DPTR FM NORMAL: -3.7 DPTR FM NORMAL: -0.52 2 = FOG REDUCING VISIBILITY
HIGHEST: 37 ON 18 GRTST 24HR 0.29 ON 5- 5 TO 1/4 MILE OR LESS
LOWEST: -22 ON 26 3 = THUNDER
SNOW, ICE PELLETS, HAIL 4 = ICE PELLETS
TOTAL MONTH: 12.1 INCHES 5 = HAIL
GRTST 24HR 3.9 ON 5- 5 6 = FREEZING RAIN OR DRIZZLE
GRTST DEPTH: 11 ON 29,27 7 = DUSTSTORM OR SANDSTORM:
VSBY 1/2 MILE OR LESS
8 = SMOKE OR HAZE
[NO. OF DAYS WITH] [WEATHER - DAYS WITH] 9 = BLOWING SNOW
X = TORNADO
MAX 32 OR BELOW: 29 0.01 INCH OR MORE: 9
MAX 90 OR ABOVE: 0 0.10 INCH OR MORE: 1
MIN 32 OR BELOW: 31 0.50 INCH OR MORE: 0
MIN 0 OR BELOW: 14 1.00 INCH OR MORE: 0
[HDD (BASE 65) ]
TOTAL THIS MO. 1665 CLEAR (SCALE 0-3) 12
DPTR FM NORMAL 107 PTCLDY (SCALE 4-7) 11
TOTAL FM JUL 1 4163 CLOUDY (SCALE 8-10) 8
DPTR FM NORMAL -585
[CDD (BASE 65) ]
TOTAL THIS MO. 0
DPTR FM NORMAL 0 [PRESSURE DATA]
TOTAL FM JAN 1 0 HIGHEST SLP 30.69 ON 20
DPTR FM NORMAL 0 LOWEST SLP 29.38 ON 5
[REMARKS]
#FINAL-01-22#