000
CXUS53 KGRB 020656
CLSAUW
CLIMATE REPORT
NATIONAL WEATHER SERVICE GREEN BAY
156 AM CDT WED JUN 02 2021
...................................
...THE WAUSAU WI CLIMATE SUMMARY FOR THE SEASON, FROM
3/1/2021 TO 5/31/2021...
CLIMATE NORMAL PERIOD: 1991 TO 2020
CLIMATE RECORD PERIOD: 1896 TO 2021
WEATHER OBSERVED NORMAL DEPART LAST YEAR`S
VALUE DATE(S) VALUE FROM VALUE DATE(S)
NORMAL
................................................................
TEMPERATURE (F)
RECORD
HIGH 104 05/31/1934
LOW -33 03/01/1962
HIGHEST 85 05/01 84 1 83 05/25
LOWEST 10 03/02 -2 12 12 03/21
AVG. MAXIMUM 58.3 53.4 4.9 51.6
AVG. MINIMUM 37.1 32.5 4.6 33.7
MEAN 47.7 43.0 4.7 42.7
DAYS MAX >= 90 0 0.2 -0.2 0
DAYS MAX <= 32 1 8.2 -7.2 4
DAYS MIN <= 32 39 42.8 -3.8 50
DAYS MIN <= 0 0 2.0 -2.0 0
PRECIPITATION (INCHES)
RECORD
MAXIMUM 17.21 1942
MINIMUM 2.60 1931
TOTALS 7.98 8.74 -0.76 8.92
DAILY AVG. 0.09 0.10 -0.01 0.10
DAYS >= .01 36 34.8 1.2 29
DAYS >= .10 20 20.1 -0.1 20
DAYS >= .50 6 5.8 0.2 7
DAYS >= 1.00 0 1.3 -1.3 0
SNOWFALL (INCHES)
RECORDS
TOTAL 46.7 2018
24 HR TOTAL MM
TOTALS 2.7 15.0 -12.3 7.7
SINCE 7/1 33.0 64.3 -31.3 70.7
DAYS >= TRACE 9 10.1 -1.1 16
DAYS >= 1.0 0 4.8 -4.8 3
GREATEST
SNOW DEPTH 8 03/01 15 03/01
03/02
24 HR TOTAL MM
DEGREE DAYS
HEATING TOTAL 1617 2046 -429 2058
SINCE 7/1 7635 8102 -467 8051
COOLING TOTAL 43 22 21 27
SINCE 1/1 43 22 21 27
FREEZE DATES
RECORD
EARLIEST 08/30/1915
LATEST 06/12/1903
EARLIEST 10/04
LATEST 05/13
................................................................
WIND (MPH)
AVERAGE WIND SPEED 7.9
RESULTANT WIND SPEED/DIRECTION 1/220
HIGHEST WIND SPEED/DIRECTION 38/220 DATE 05/25
HIGHEST GUST SPEED/DIRECTION 55/230 DATE 05/25
SKY COVER
POSSIBLE SUNSHINE (PERCENT) MM
AVERAGE SKY COVER 0.47
NUMBER OF DAYS FAIR 37
NUMBER OF DAYS PC 32
NUMBER OF DAYS CLOUDY 23
AVERAGE RH (PERCENT) 59
WEATHER CONDITIONS. NUMBER OF DAYS WITH
THUNDERSTORM 7 MIXED PRECIP 0
HEAVY RAIN 7 RAIN 18
LIGHT RAIN 40 FREEZING RAIN 0
LT FREEZING RAIN 0 HAIL 0
HEAVY SNOW 0 SNOW 0
LIGHT SNOW 11 SLEET 0
FOG 26 FOG W/VIS <= 1/4 MILE 0
HAZE 25
- INDICATES NEGATIVE NUMBERS.
R INDICATES RECORD WAS SET OR TIED.
MM INDICATES DATA IS MISSING.
T INDICATES TRACE AMOUNT.
$$