000
CXUS53 KGRR 010910
CF6AZO
PRELIMINARY LOCAL CLIMATOLOGICAL DATA (WS FORM: F-6)
STATION: KALAMAZOO
MONTH: MARCH
YEAR: 2024
LATITUDE: 42 13 N
LONGITUDE: 85 33 W
TEMPERATURE IN F: :PCPN: SNOW: WIND :SUNSHINE: SKY :PK WND
================================================================================
1 2 3 4 5 6A 6B 7 8 9 10 11 12 13 14 15 16 17 18
12Z AVG MX 2MIN
DY MAX MIN AVG DEP HDD CDD WTR SNW DPTH SPD SPD DIR MIN PSBL S-S WX SPD DR
================================================================================
1 50 30 40 9 25 0 0.00 0.0 0 7.8 16 190 M M 3 21 180
2 56 38 47 15 18 0 0.00 0.0 0 6.7 14 190 M M 5 8 19 190
3 68 43 56 24 9 0 0.00 0.0 0 9.8 22 180 M M 2 18 31 190
4 72 52 62 30 3 0 0.00 0.0 0 10.0 23 180 M M 3 31 170
5 64 45 55 23 10 0 0.51 0.0 0 7.0 15 340 M M 8 13 21 180
6 51 37 44 11 21 0 0.06 0.0 0 8.6 17 50 M M 8 1 26 30
7 49 34 42 9 23 0 0.00 0.0 0 5.0 12 120 M M 6 17 110
8 54 40 47 13 18 0 0.67 0.0 0 6.3 10 180 M M 9 1 19 190
9 55 33 44 10 21 0 0.08 T 0 13.0 22 300 M M 10 1 31 300
10 39 29 34 0 31 0 T 0.6 1 14.2 26 320 M M 7 1 36 310
11 62 27 45 10 20 0 0.00 0.0 0 11.7 24 210 M M 0 34 210
12 71 43 57 22 8 0 0.00 0.0 0 11.5 24 220 M M 0 37 220
13 73 46 60 25 5 0 0.00 0.0 0 3.2 9 200 M M 2 14 210
14 64 45 55 19 10 0 0.64 0.0 0 9.2 18 350 M M 10 13 26 10
15 57 29 43 7 22 0 0.00 0.0 0 8.8 18 330 M M 3 25 300
16 60 31 46 10 19 0 T 0.0 0 14.0 28 280 M M 5 38 280
17 41 29 35 -2 30 0 T T 0 10.3 24 310 M M 8 8 32 320
18 38 25 32 -5 33 0 0.04 0.6 T 11.2 22 320 M M 10 18 31 340
19 49 29 39 1 26 0 0.00 0.0 0 13.3 30 270 M M 5 43 240
20 39 22 31 -7 34 0 T T 0 13.5 28 340 M M 7 37 320
21 39 18 29 -9 36 0 0.00 0.0 0 2.1 10 210 M M 2 17 220
22 38 28 33 -6 32 0 0.16 2.7 T 6.3 13 130 M M 10 18 20 90
23 39 25 32 -7 33 0 0.00 0.0 1 7.3 18 330 M M 5 18 23 330
24 44 23 34 -6 31 0 0.00 0.0 0 8.0 17 110 M M 4 29 110
25 69 36 53 13 12 0 0.00 0.0 0 10.5 17 140 M M 1 32 130
26 63 39 51 11 14 0 0.51 0.0 0 15.5 31 230 M M 10 18 46 210
27 41 31 36 -5 29 0 T T 0 12.0 22 260 M M 7 31 220
28 49 28 39 -2 26 0 0.00 0.0 0 9.1 22 250 M M 2 31 240
29 58 24 41 -1 24 0 0.00 0.0 0 3.0 12 300 M M 0 18 16 300
30 56 40 48 6 17 0 0.37 0.0 0 6.4 18 300 M M 9 18 24 310
31 53 40 47 5 18 0 0.06 0.0 0 4.8 10 60 M M 9 12 16 50
================================================================================
SM 1661 1039 658 0 3.10 3.9 280.1 M 170
================================================================================
AV 53.6 33.5 9.0 FASTST M M 5 MAX(MPH)
MISC ----> 31 230 46 210
================================================================================
NOTES:
# LAST OF SEVERAL OCCURRENCES
COLUMN 17 PEAK WIND IN M.P.H.
PRELIMINARY LOCAL CLIMATOLOGICAL DATA (WS FORM: F-6) , PAGE 2
STATION: KALAMAZOO
MONTH: MARCH
YEAR: 2024
LATITUDE: 42 13 N
LONGITUDE: 85 33 W
[TEMPERATURE DATA] [PRECIPITATION DATA] SYMBOLS USED IN COLUMN 16
AVERAGE MONTHLY: 43.5 TOTAL FOR MONTH: 3.10 1 = FOG OR MIST
DPTR FM NORMAL: 6.9 DPTR FM NORMAL: 1.09 2 = FOG REDUCING VISIBILITY
HIGHEST: 73 ON 13 GRTST 24HR 0.74 ON 8- 9 TO 1/4 MILE OR LESS
LOWEST: 18 ON 21 3 = THUNDER
SNOW, ICE PELLETS, HAIL 4 = ICE PELLETS
TOTAL MONTH: 3.9 INCHES 5 = HAIL
GRTST 24HR 2.7 ON 22-22 6 = FREEZING RAIN OR DRIZZLE
GRTST DEPTH: 1 ON 23,10 7 = DUSTSTORM OR SANDSTORM:
VSBY 1/2 MILE OR LESS
8 = SMOKE OR HAZE
[NO. OF DAYS WITH] [WEATHER - DAYS WITH] 9 = BLOWING SNOW
X = TORNADO
MAX 32 OR BELOW: 0 0.01 INCH OR MORE: 10
MAX 90 OR ABOVE: 0 0.10 INCH OR MORE: 6
MIN 32 OR BELOW: 16 0.50 INCH OR MORE: 4
MIN 0 OR BELOW: 0 1.00 INCH OR MORE: 0
[HDD (BASE 65) ]
TOTAL THIS MO. 658 CLEAR (SCALE 0-3) 9
DPTR FM NORMAL -224 PTCLDY (SCALE 4-7) 13
TOTAL FM JUL 1 4452 CLOUDY (SCALE 8-10) 9
DPTR FM NORMAL -1121
[CDD (BASE 65) ]
TOTAL THIS MO. 0
DPTR FM NORMAL -1 [PRESSURE DATA]
TOTAL FM JAN 1 0 HIGHEST SLP 30.37 ON 21
DPTR FM NORMAL -1 LOWEST SLP 29.46 ON 26
[REMARKS]
#FINAL-03-24#