000
CXUS53 KGRR 011017
CF6AZO
PRELIMINARY LOCAL CLIMATOLOGICAL DATA (WS FORM: F-6)
STATION: KALAMAZOO
MONTH: APRIL
YEAR: 2020
LATITUDE: 42 13 N
LONGITUDE: 85 33 W
TEMPERATURE IN F: :PCPN: SNOW: WIND :SUNSHINE: SKY :PK WND
================================================================================
1 2 3 4 5 6A 6B 7 8 9 10 11 12 13 14 15 16 17 18
12Z AVG MX 2MIN
DY MAX MIN AVG DEP HDD CDD WTR SNW DPTH SPD SPD DIR MIN PSBL S-S WX SPD DR
================================================================================
1 47 39 43 0 22 0 T M M 5.2 13 350 M M 10 15 350
2 61 30 46 2 19 0 0.00 M M 4.8 14 300 M M 1 12 19 270
3 66 33 50 6 15 0 0.00 M M 2.2 7 130 M M 2 12 80
4 54 40 47 3 18 0 0.04 M M 7.5 15 320 M M 10 1 19 310
5 58 37 48 3 17 0 0.00 M M 6.1 13 360 M M 4 19 340
6 63 32 48 3 17 0 0.00 M M 5.6 16 180 M M 4 20 180
7 76 49 63 17 2 0 0.30 M M 8.0 24 290 M M 7 13 33 300
8 71 48 60 14 5 0 0.08 M M 8.9 29 340 M M 6 18 38 340
9 48 34 41 -5 24 0 0.01 M M 16.1 30 320 M M 5 41 310
10 42 31 37 -10 28 0 T M M 11.8 26 340 M M 7 36 350
11 60 31 46 -1 19 0 0.02 M M 8.5 24 230 M M 5 32 220
12 65 47 56 8 9 0 0.06 M M 7.5 22 220 M M 10 1 30 210
13 54 30 42 -6 23 0 0.03 M M 14.9 32 300 M M 8 1 46 290
14 40 28 34 -14 31 0 T M M 10.8 25 270 M M 4 8 34 280
15 37 24 31 -18 34 0 0.05 M M 7.3 21 300 M M 7 18 27 330
16 42 22 32 -17 33 0 T M M 8.6 21 260 M M 4 8 33 270
17 38 31 35 -15 30 0 0.20 M M 5.4 12 200 M M 9 18 15 200
18 56 28 42 -8 23 0 0.00 M M 12.0 25 240 M M 1 18 36 240
19 59 37 48 -2 17 0 0.00 M M 12.5 28 330 M M 2 34 320
20 60 32 46 -5 19 0 0.16 M M 12.4 39 310 M M 1 13 51 300
21 43 28 36 -15 29 0 T M M 16.2 30 310 M M 5 43 310
22 46 25 36 -16 29 0 0.13 M M 5.8 13 100 M M 9 1 20 140
23 53 37 45 -7 20 0 0.01 M M 5.5 9 110 M M 8 18 14 100
24 54 41 48 -4 17 0 0.01 M M 3.7 9 350 M M 9 18 15 340
25 49 43 46 -6 19 0 0.63 M M 6.7 14 20 M M 9 1 22 30
26 64 41 53 0 12 0 T M M 9.8 23 10 M M 2 33 30
27 63 32 48 -5 17 0 0.17 M M 6.1 20 250 M M 3 1 28 250
28 70 45 58 4 7 0 0.54 M M 6.0 13 180 M M 6 128 22 130
29 62 43 53 -1 12 0 0.27 M M 10.4 25 190 M M 10 18 37 180
30 54 42 48 -6 17 0 0.08 M M 9.2 25 350 M M 10 18 35 360
================================================================================
SM 1655 1060 584 0 2.79 M 255.5 M 178
================================================================================
AV 55.2 35.3 8.5 FASTST M M 6 MAX(MPH)
MISC ----> # 39 310 # 51 300
================================================================================
NOTES:
# LAST OF SEVERAL OCCURRENCES
COLUMN 17 PEAK WIND IN M.P.H.
PRELIMINARY LOCAL CLIMATOLOGICAL DATA (WS FORM: F-6) , PAGE 2
STATION: KALAMAZOO
MONTH: APRIL
YEAR: 2020
LATITUDE: 42 13 N
LONGITUDE: 85 33 W
[TEMPERATURE DATA] [PRECIPITATION DATA] SYMBOLS USED IN COLUMN 16
AVERAGE MONTHLY: 45.3 TOTAL FOR MONTH: 2.79 1 = FOG OR MIST
DPTR FM NORMAL: -3.7 DPTR FM NORMAL: -0.29 2 = FOG REDUCING VISIBILITY
HIGHEST: 76 ON 7 GRTST 24HR 0.63 ON 25-25 TO 1/4 MILE OR LESS
LOWEST: 22 ON 16 3 = THUNDER
SNOW, ICE PELLETS, HAIL 4 = ICE PELLETS
TOTAL MONTH: M 5 = HAIL
GRTST 24HR M ON M 6 = FREEZING RAIN OR DRIZZLE
GRTST DEPTH: M ON M 7 = DUSTSTORM OR SANDSTORM:
VSBY 1/2 MILE OR LESS
8 = SMOKE OR HAZE
[NO. OF DAYS WITH] [WEATHER - DAYS WITH] 9 = BLOWING SNOW
X = TORNADO
MAX 32 OR BELOW: 0 0.01 INCH OR MORE: 18
MAX 90 OR ABOVE: 0 0.10 INCH OR MORE: 8
MIN 32 OR BELOW: 14 0.50 INCH OR MORE: 2
MIN 0 OR BELOW: 0 1.00 INCH OR MORE: 0
[HDD (BASE 65) ]
TOTAL THIS MO. 584 CLEAR (SCALE 0-3) 6
DPTR FM NORMAL 98 PTCLDY (SCALE 4-7) 15
TOTAL FM JUL 1 5705 CLOUDY (SCALE 8-10) 9
DPTR FM NORMAL -438
[CDD (BASE 65) ]
TOTAL THIS MO. 0
DPTR FM NORMAL -4 [PRESSURE DATA]
TOTAL FM JAN 1 0 HIGHEST SLP 30.32 ON 16
DPTR FM NORMAL -4 LOWEST SLP 29.29 ON 13
[REMARKS]
#FINAL-04-20#