708
CXUS55 KLBF 011200
CF6BBW
PRELIMINARY LOCAL CLIMATOLOGICAL DATA (WS FORM: F-6)
STATION: BROKEN BOW
MONTH: MAY
YEAR: 2020
LATITUDE: 41 26 N
LONGITUDE: 99 39 W
TEMPERATURE IN F: :PCPN: SNOW: WIND :SUNSHINE: SKY :PK WND
================================================================================
1 2 3 4 5 6A 6B 7 8 9 10 11 12 13 14 15 16 17 18
12Z AVG MX 2MIN
DY MAX MIN AVG DEP HDD CDD WTR SNW DPTH SPD SPD DIR MIN PSBL S-S WX SPD DR
================================================================================
1 87 52 70 17 0 5 T M M 11.0 24 340 M M 0 30 350
2 61 52 57 3 8 0 0.38 M M 9.6 26 350 M M 9 13 34 350
3 74 51 63 9 2 0 0.04 M M 6.7 16 120 M M 6 21 120
4 60 44 52 -3 13 0 0.73 M M 10.8 26 160 M M 8 37 150
5 67 44 56 1 9 0 0.00 M M 15.2 28 310 M M 3 37 300
6 64 39 52 -3 13 0 0.00 M M 9.9 22 350 M M 0 27 350
7 65 40 53 -3 12 0 0.08 M M 15.4 35 330 M M 7 3 46 350
8 60 34 47 -9 18 0 0.00 M M 9.4 22 350 M M 1 30 340
9 58 33 46 -10 19 0 0.03 M M 16.0 33 330 M M 5 43 330
10 53 28 41 -16 24 0 0.00 M M 10.9 21 340 M M 3 39 350
11 44 38 41 -16 24 0 0.00 M M 5.9 13 30 M M 10 17 30
12 52 39 46 -12 19 0 0.00 M M 11.0 21 170 M M 10 27 150
13 56 42 49 -9 16 0 0.02 M M 10.3 24 170 M M 9 18 31 160
14 79 44 62 4 3 0 0.00 M M 6.4 22 360 M M 2 18 27 360
15 67 47 57 -2 8 0 0.03 M M 6.6 25 360 M M 7 31 350
16 68 51 60 1 5 0 0.62 M M 9.2 29 330 M M 7 13 36 320
17 62 43 53 -6 12 0 T M M 12.0 22 320 M M 8 28 310
18 71 42 57 -3 8 0 0.00 M M 5.5 13 100 M M 3 12 18 100
19 71 42 57 -3 8 0 0.00 M M 6.9 15 110 M M 3 1 20 100
20 77 51 64 4 1 0 0.00 M M 16.5 28 130 M M 3 1 37 140
21 63 58 61 0 4 0 0.28 M M 9.5 23 140 M M 10 13 31 140
22 65 51 58 -3 7 0 0.00 M M 4.6 15 150 M M 6 1 20 150
23 75 48 62 1 3 0 2.34 M M 11.6 56 330 M M 8 123 86 320
24 72 52 62 0 3 0 0.13 M M 14.3 41 330 M M 6 13 54 320
25 63 48 56 -6 9 0 0.90 M M 15.8 28 340 M M 7 3 36 340
26 73 47 60 -2 5 0 0.00 M M 7.4 22 340 M M 0 29 330
27 79 48 64 2 1 0 0.00 M M 5.3 15 350 M M 0 22 360
28 79 51 65 2 0 0 0.01 M M 11.5 23 350 M M 3 36 360
29 76 46 61 -2 4 0 0.00 M M 4.5 13 90 M M 3 17 150
30 74 53 64 0 1 0 0.00 M M 12.7 23 100 M M 1 33 80
31 87 56 72 8 0 7 0.00 M M 17.2 28 160 M M 0 37 160
================================================================================
SM 2102 1414 259 12 5.59 M 319.6 M 148
================================================================================
AV 67.8 45.6 10.3 FASTST M M 5 MAX(MPH)
MISC ----> # 56 330 # 86 320
================================================================================
NOTES:
# LAST OF SEVERAL OCCURRENCES
COLUMN 17 PEAK WIND IN M.P.H.
PRELIMINARY LOCAL CLIMATOLOGICAL DATA (WS FORM: F-6) , PAGE 2
STATION: BROKEN BOW
MONTH: MAY
YEAR: 2020
LATITUDE: 41 26 N
LONGITUDE: 99 39 W
[TEMPERATURE DATA] [PRECIPITATION DATA] SYMBOLS USED IN COLUMN 16
AVERAGE MONTHLY: 56.7 TOTAL FOR MONTH: 5.59 1 = FOG OR MIST
DPTR FM NORMAL: -2.1 DPTR FM NORMAL: 1.69 2 = FOG REDUCING VISIBILITY
HIGHEST: 87 ON 31, 1 GRTST 24HR 2.34 ON 23-23 TO 1/4 MILE OR LESS
LOWEST: 28 ON 10 3 = THUNDER
SNOW, ICE PELLETS, HAIL 4 = ICE PELLETS
TOTAL MONTH: M 5 = HAIL
GRTST 24HR M ON M 6 = FREEZING RAIN OR DRIZZLE
GRTST DEPTH: M ON M 7 = DUSTSTORM OR SANDSTORM:
VSBY 1/2 MILE OR LESS
8 = SMOKE OR HAZE
[NO. OF DAYS WITH] [WEATHER - DAYS WITH] 9 = BLOWING SNOW
X = TORNADO
MAX 32 OR BELOW: 0 0.01 INCH OR MORE: 13
MAX 90 OR ABOVE: 0 0.10 INCH OR MORE: 7
MIN 32 OR BELOW: 1 0.50 INCH OR MORE: 4
MIN 0 OR BELOW: 0 1.00 INCH OR MORE: 1
[HDD (BASE 65) ]
TOTAL THIS MO. 259 CLEAR (SCALE 0-3) 14
DPTR FM NORMAL 34 PTCLDY (SCALE 4-7) 11
TOTAL FM JUL 1 6386 CLOUDY (SCALE 8-10) 6
DPTR FM NORMAL -219
[CDD (BASE 65) ]
TOTAL THIS MO. 12
DPTR FM NORMAL -21 [PRESSURE DATA]
TOTAL FM JAN 1 12 HIGHEST SLP 30.43 ON 10
DPTR FM NORMAL -22 LOWEST SLP 29.60 ON 23
[REMARKS]
#FINAL-05-20#